{"id":98,"date":"2017-04-08T16:51:56","date_gmt":"2017-04-08T19:51:56","guid":{"rendered":"http:\/\/bagual.com.br\/site\/?post_type=revista_radio&#038;p=98"},"modified":"2017-04-08T16:51:56","modified_gmt":"2017-04-08T19:51:56","slug":"revista-de-radio-166-entrevista-sobre-preservacao-e-recuperacao-de-arroios-com-lider-comunitario-da-lomba-do-pinheiro-em-porto-alegre","status":"publish","type":"revista_radio","link":"https:\/\/padrejosimo.com.br\/site\/revista_radio\/revista-de-radio-166-entrevista-sobre-preservacao-e-recuperacao-de-arroios-com-lider-comunitario-da-lomba-do-pinheiro-em-porto-alegre\/","title":{"rendered":"Revista de R\u00e1dio #166: Entrevista sobre preserva\u00e7ao e recupera\u00e7ao de arroios com l\u00edder comunit\u00e1rio da Lomba do Pinheiro, em Porto Alegre"},"content":{"rendered":"<p>A entrevista da edi\u00e7\u00e3o \u00e9 com Nicolau Flores, morador do Bairro Lomba do Pinheiro, em Porto Alegre, e membro do Grupo de Trabalho pela recupera\u00e7\u00e3o e preserva\u00e7\u00e3o do Arroio Taquara. Eles conversam sobre o problema dos arroios e rios que transbordam em per\u00edodos de forte chuva e traz a sua experi\u00eancia junto \u00e0 comunidade do Bairro Lomba do Pinheiro pela recupera\u00e7\u00e3o e preserva\u00e7\u00e3o do Arroio Taquara. Inciativa louv\u00e1vel que certamente ajudar\u00e1 na preven\u00e7\u00e3o de enchentes no bairro e na dissemina\u00e7\u00e3o de doen\u00e7as entre a popula\u00e7\u00e3o.<\/p>\n<p>Na an\u00e1lise dos destaque da semana da imprensa brasileira, frei Jo\u00e3o Osmar reflete sobre as consequ\u00eancia do que tem sido chamado de golpe na democracia brasileira. Nessa semana, fiasco na diplomacia que abandona a rela\u00e7\u00e3o Sul-Sul como pa\u00edses emergentes para uma rela\u00e7\u00e3o de submiss\u00e3o aos pa\u00edses ricos do norte. Na pol\u00edtica interna, o desmonte do aparato estatal que garantia certa distribui\u00e7\u00e3o de renda e uma consequente melhoria na qualidade de vida da popula\u00e7\u00e3o mais pobre. Tr\u00eas not\u00edcias geraram muita controv\u00e9rsia na semana: A queda no pre\u00e7o da gasolina de R$0,01 na bomba; e queda no juro b\u00e1sico do Banco Central; e a pris\u00e3o de Eduardo Cunha. No Rio Grande do Sul, destaque para a enchente que acontece em quase todas as regi\u00f5es, deixando muitas fam\u00edlias desabrigadas.<\/p>\n<p>A m\u00fasica da edi\u00e7\u00e3o \u00e9 &#8220;Xote Ecol\u00f3gico&#8221;, que denuncia a destrui\u00e7\u00e3o da natureza em nosso Planeta.<\/p>\n","protected":false},"featured_media":0,"template":"","class_list":["post-98","revista_radio","type-revista_radio","status-publish","hentry"],"acf":[],"yoast_head":"<!-- This site is optimized with the Yoast SEO plugin v27.2 - https:\/\/yoast.com\/product\/yoast-seo-wordpress\/ -->\n<title>Revista de R\u00e1dio #166: Entrevista sobre preserva\u00e7ao e recupera\u00e7ao de arroios com l\u00edder comunit\u00e1rio da Lomba do Pinheiro, em Porto Alegre - Instituto Cultural Padre Josimo<\/title>\n<meta name=\"robots\" content=\"index, follow, max-snippet:-1, max-image-preview:large, max-video-preview:-1\" \/>\n<link rel=\"canonical\" href=\"https:\/\/padrejosimo.com.br\/site\/revista_radio\/revista-de-radio-166-entrevista-sobre-preservacao-e-recuperacao-de-arroios-com-lider-comunitario-da-lomba-do-pinheiro-em-porto-alegre\/\" \/>\n<meta property=\"og:locale\" content=\"pt_BR\" \/>\n<meta property=\"og:type\" content=\"article\" \/>\n<meta property=\"og:title\" content=\"Revista de R\u00e1dio #166: Entrevista sobre preserva\u00e7ao e recupera\u00e7ao de arroios com l\u00edder comunit\u00e1rio da Lomba do Pinheiro, em Porto Alegre - Instituto Cultural Padre Josimo\" \/>\n<meta property=\"og:description\" content=\"A entrevista da edi\u00e7\u00e3o \u00e9 com Nicolau Flores, morador do Bairro Lomba do Pinheiro, em Porto Alegre, e membro do Grupo de Trabalho pela recupera\u00e7\u00e3o e preserva\u00e7\u00e3o do Arroio Taquara. Eles conversam sobre o problema dos arroios e rios que transbordam em per\u00edodos de forte chuva e traz a sua experi\u00eancia junto \u00e0 comunidade do [&hellip;]\" \/>\n<meta property=\"og:url\" content=\"https:\/\/padrejosimo.com.br\/site\/revista_radio\/revista-de-radio-166-entrevista-sobre-preservacao-e-recuperacao-de-arroios-com-lider-comunitario-da-lomba-do-pinheiro-em-porto-alegre\/\" \/>\n<meta property=\"og:site_name\" content=\"Instituto Cultural Padre Josimo\" \/>\n<meta property=\"og:image\" content=\"https:\/\/padrejosimo.com.br\/site\/wp-content\/uploads\/2025\/09\/cropped-icon-icpj.png\" \/>\n\t<meta property=\"og:image:width\" content=\"512\" \/>\n\t<meta property=\"og:image:height\" content=\"512\" \/>\n\t<meta property=\"og:image:type\" content=\"image\/png\" \/>\n<meta name=\"twitter:card\" content=\"summary_large_image\" \/>\n<meta name=\"twitter:label1\" content=\"Est. tempo de leitura\" \/>\n\t<meta name=\"twitter:data1\" content=\"1 minuto\" \/>\n<script type=\"application\/ld+json\" class=\"yoast-schema-graph\">{\"@context\":\"https:\/\/schema.org\",\"@graph\":[{\"@type\":\"WebPage\",\"@id\":\"https:\/\/padrejosimo.com.br\/site\/revista_radio\/revista-de-radio-166-entrevista-sobre-preservacao-e-recuperacao-de-arroios-com-lider-comunitario-da-lomba-do-pinheiro-em-porto-alegre\/\",\"url\":\"https:\/\/padrejosimo.com.br\/site\/revista_radio\/revista-de-radio-166-entrevista-sobre-preservacao-e-recuperacao-de-arroios-com-lider-comunitario-da-lomba-do-pinheiro-em-porto-alegre\/\",\"name\":\"Revista de R\u00e1dio #166: Entrevista sobre preserva\u00e7ao e recupera\u00e7ao de arroios com l\u00edder comunit\u00e1rio da Lomba do Pinheiro, em Porto Alegre - Instituto Cultural Padre Josimo\",\"isPartOf\":{\"@id\":\"https:\/\/padrejosimo.com.br\/site\/#website\"},\"datePublished\":\"2017-04-08T19:51:56+00:00\",\"breadcrumb\":{\"@id\":\"https:\/\/padrejosimo.com.br\/site\/revista_radio\/revista-de-radio-166-entrevista-sobre-preservacao-e-recuperacao-de-arroios-com-lider-comunitario-da-lomba-do-pinheiro-em-porto-alegre\/#breadcrumb\"},\"inLanguage\":\"pt-BR\",\"potentialAction\":[{\"@type\":\"ReadAction\",\"target\":[\"https:\/\/padrejosimo.com.br\/site\/revista_radio\/revista-de-radio-166-entrevista-sobre-preservacao-e-recuperacao-de-arroios-com-lider-comunitario-da-lomba-do-pinheiro-em-porto-alegre\/\"]}]},{\"@type\":\"BreadcrumbList\",\"@id\":\"https:\/\/padrejosimo.com.br\/site\/revista_radio\/revista-de-radio-166-entrevista-sobre-preservacao-e-recuperacao-de-arroios-com-lider-comunitario-da-lomba-do-pinheiro-em-porto-alegre\/#breadcrumb\",\"itemListElement\":[{\"@type\":\"ListItem\",\"position\":1,\"name\":\"In\u00edcio\",\"item\":\"https:\/\/padrejosimo.com.br\/site\/\"},{\"@type\":\"ListItem\",\"position\":2,\"name\":\"Revistas R\u00e1dio\",\"item\":\"https:\/\/padrejosimo.com.br\/site\/revista-radio\/\"},{\"@type\":\"ListItem\",\"position\":3,\"name\":\"Revista de R\u00e1dio #166: Entrevista sobre preserva\u00e7ao e recupera\u00e7ao de arroios com l\u00edder comunit\u00e1rio da Lomba do Pinheiro, em Porto Alegre\"}]},{\"@type\":\"WebSite\",\"@id\":\"https:\/\/padrejosimo.com.br\/site\/#website\",\"url\":\"https:\/\/padrejosimo.com.br\/site\/\",\"name\":\"Instituto Cultural Padre Josimo\",\"description\":\"Comprometida com a promo\u00e7\u00e3o da justi\u00e7a social, agroecologia e educa\u00e7\u00e3o popular\",\"publisher\":{\"@id\":\"https:\/\/padrejosimo.com.br\/site\/#organization\"},\"alternateName\":\"ICPJ\",\"potentialAction\":[{\"@type\":\"SearchAction\",\"target\":{\"@type\":\"EntryPoint\",\"urlTemplate\":\"https:\/\/padrejosimo.com.br\/site\/?s={search_term_string}\"},\"query-input\":{\"@type\":\"PropertyValueSpecification\",\"valueRequired\":true,\"valueName\":\"search_term_string\"}}],\"inLanguage\":\"pt-BR\"},{\"@type\":\"Organization\",\"@id\":\"https:\/\/padrejosimo.com.br\/site\/#organization\",\"name\":\"Instituto Cultural Padre Josimo\",\"alternateName\":\"ICPJ\",\"url\":\"https:\/\/padrejosimo.com.br\/site\/\",\"logo\":{\"@type\":\"ImageObject\",\"inLanguage\":\"pt-BR\",\"@id\":\"https:\/\/padrejosimo.com.br\/site\/#\/schema\/logo\/image\/\",\"url\":\"https:\/\/padrejosimo.com.br\/site\/wp-content\/uploads\/2025\/09\/cropped-icon-icpj.png\",\"contentUrl\":\"https:\/\/padrejosimo.com.br\/site\/wp-content\/uploads\/2025\/09\/cropped-icon-icpj.png\",\"width\":512,\"height\":512,\"caption\":\"Instituto Cultural Padre Josimo\"},\"image\":{\"@id\":\"https:\/\/padrejosimo.com.br\/site\/#\/schema\/logo\/image\/\"}}]}<\/script>\n<!-- \/ Yoast SEO plugin. -->","yoast_head_json":{"title":"Revista de R\u00e1dio #166: Entrevista sobre preserva\u00e7ao e recupera\u00e7ao de arroios com l\u00edder comunit\u00e1rio da Lomba do Pinheiro, em Porto Alegre - Instituto Cultural Padre Josimo","robots":{"index":"index","follow":"follow","max-snippet":"max-snippet:-1","max-image-preview":"max-image-preview:large","max-video-preview":"max-video-preview:-1"},"canonical":"https:\/\/padrejosimo.com.br\/site\/revista_radio\/revista-de-radio-166-entrevista-sobre-preservacao-e-recuperacao-de-arroios-com-lider-comunitario-da-lomba-do-pinheiro-em-porto-alegre\/","og_locale":"pt_BR","og_type":"article","og_title":"Revista de R\u00e1dio #166: Entrevista sobre preserva\u00e7ao e recupera\u00e7ao de arroios com l\u00edder comunit\u00e1rio da Lomba do Pinheiro, em Porto Alegre - Instituto Cultural Padre Josimo","og_description":"A entrevista da edi\u00e7\u00e3o \u00e9 com Nicolau Flores, morador do Bairro Lomba do Pinheiro, em Porto Alegre, e membro do Grupo de Trabalho pela recupera\u00e7\u00e3o e preserva\u00e7\u00e3o do Arroio Taquara. Eles conversam sobre o problema dos arroios e rios que transbordam em per\u00edodos de forte chuva e traz a sua experi\u00eancia junto \u00e0 comunidade do [&hellip;]","og_url":"https:\/\/padrejosimo.com.br\/site\/revista_radio\/revista-de-radio-166-entrevista-sobre-preservacao-e-recuperacao-de-arroios-com-lider-comunitario-da-lomba-do-pinheiro-em-porto-alegre\/","og_site_name":"Instituto Cultural Padre Josimo","og_image":[{"width":512,"height":512,"url":"https:\/\/padrejosimo.com.br\/site\/wp-content\/uploads\/2025\/09\/cropped-icon-icpj.png","type":"image\/png"}],"twitter_card":"summary_large_image","twitter_misc":{"Est. tempo de leitura":"1 minuto"},"schema":{"@context":"https:\/\/schema.org","@graph":[{"@type":"WebPage","@id":"https:\/\/padrejosimo.com.br\/site\/revista_radio\/revista-de-radio-166-entrevista-sobre-preservacao-e-recuperacao-de-arroios-com-lider-comunitario-da-lomba-do-pinheiro-em-porto-alegre\/","url":"https:\/\/padrejosimo.com.br\/site\/revista_radio\/revista-de-radio-166-entrevista-sobre-preservacao-e-recuperacao-de-arroios-com-lider-comunitario-da-lomba-do-pinheiro-em-porto-alegre\/","name":"Revista de R\u00e1dio #166: Entrevista sobre preserva\u00e7ao e recupera\u00e7ao de arroios com l\u00edder comunit\u00e1rio da Lomba do Pinheiro, em Porto Alegre - Instituto Cultural Padre Josimo","isPartOf":{"@id":"https:\/\/padrejosimo.com.br\/site\/#website"},"datePublished":"2017-04-08T19:51:56+00:00","breadcrumb":{"@id":"https:\/\/padrejosimo.com.br\/site\/revista_radio\/revista-de-radio-166-entrevista-sobre-preservacao-e-recuperacao-de-arroios-com-lider-comunitario-da-lomba-do-pinheiro-em-porto-alegre\/#breadcrumb"},"inLanguage":"pt-BR","potentialAction":[{"@type":"ReadAction","target":["https:\/\/padrejosimo.com.br\/site\/revista_radio\/revista-de-radio-166-entrevista-sobre-preservacao-e-recuperacao-de-arroios-com-lider-comunitario-da-lomba-do-pinheiro-em-porto-alegre\/"]}]},{"@type":"BreadcrumbList","@id":"https:\/\/padrejosimo.com.br\/site\/revista_radio\/revista-de-radio-166-entrevista-sobre-preservacao-e-recuperacao-de-arroios-com-lider-comunitario-da-lomba-do-pinheiro-em-porto-alegre\/#breadcrumb","itemListElement":[{"@type":"ListItem","position":1,"name":"In\u00edcio","item":"https:\/\/padrejosimo.com.br\/site\/"},{"@type":"ListItem","position":2,"name":"Revistas R\u00e1dio","item":"https:\/\/padrejosimo.com.br\/site\/revista-radio\/"},{"@type":"ListItem","position":3,"name":"Revista de R\u00e1dio #166: Entrevista sobre preserva\u00e7ao e recupera\u00e7ao de arroios com l\u00edder comunit\u00e1rio da Lomba do Pinheiro, em Porto Alegre"}]},{"@type":"WebSite","@id":"https:\/\/padrejosimo.com.br\/site\/#website","url":"https:\/\/padrejosimo.com.br\/site\/","name":"Instituto Cultural Padre Josimo","description":"Comprometida com a promo\u00e7\u00e3o da justi\u00e7a social, agroecologia e educa\u00e7\u00e3o popular","publisher":{"@id":"https:\/\/padrejosimo.com.br\/site\/#organization"},"alternateName":"ICPJ","potentialAction":[{"@type":"SearchAction","target":{"@type":"EntryPoint","urlTemplate":"https:\/\/padrejosimo.com.br\/site\/?s={search_term_string}"},"query-input":{"@type":"PropertyValueSpecification","valueRequired":true,"valueName":"search_term_string"}}],"inLanguage":"pt-BR"},{"@type":"Organization","@id":"https:\/\/padrejosimo.com.br\/site\/#organization","name":"Instituto Cultural Padre Josimo","alternateName":"ICPJ","url":"https:\/\/padrejosimo.com.br\/site\/","logo":{"@type":"ImageObject","inLanguage":"pt-BR","@id":"https:\/\/padrejosimo.com.br\/site\/#\/schema\/logo\/image\/","url":"https:\/\/padrejosimo.com.br\/site\/wp-content\/uploads\/2025\/09\/cropped-icon-icpj.png","contentUrl":"https:\/\/padrejosimo.com.br\/site\/wp-content\/uploads\/2025\/09\/cropped-icon-icpj.png","width":512,"height":512,"caption":"Instituto Cultural Padre Josimo"},"image":{"@id":"https:\/\/padrejosimo.com.br\/site\/#\/schema\/logo\/image\/"}}]}},"_links":{"self":[{"href":"https:\/\/padrejosimo.com.br\/site\/wp-json\/wp\/v2\/revista_radio\/98","targetHints":{"allow":["GET"]}}],"collection":[{"href":"https:\/\/padrejosimo.com.br\/site\/wp-json\/wp\/v2\/revista_radio"}],"about":[{"href":"https:\/\/padrejosimo.com.br\/site\/wp-json\/wp\/v2\/types\/revista_radio"}],"wp:attachment":[{"href":"https:\/\/padrejosimo.com.br\/site\/wp-json\/wp\/v2\/media?parent=98"}],"curies":[{"name":"wp","href":"https:\/\/api.w.org\/{rel}","templated":true}]}}

Revista de Rádio #166: Entrevista sobre preservaçao e recuperaçao de arroios com líder comunitário da Lomba do Pinheiro, em Porto Alegre

<p>A entrevista da edição é com Nicolau Flores, morador do Bairro Lomba do Pinheiro, em Porto Alegre, e membro do Grupo de Trabalho pela recuperação e preservação do Arroio Taquara. Eles conversam sobre o problema dos arroios e rios que transbordam em períodos de forte chuva e traz a sua experiência junto à comunidade do Bairro Lomba do Pinheiro pela recuperação e preservação do Arroio Taquara. Inciativa louvável que certamente ajudará na prevenção de enchentes no bairro e na disseminação de doenças entre a população.</p>
<p>Na análise dos destaque da semana da imprensa brasileira, frei João Osmar reflete sobre as consequência do que tem sido chamado de golpe na democracia brasileira. Nessa semana, fiasco na diplomacia que abandona a relação Sul-Sul como países emergentes para uma relação de submissão aos países ricos do norte. Na política interna, o desmonte do aparato estatal que garantia certa distribuição de renda e uma consequente melhoria na qualidade de vida da população mais pobre. Três notícias geraram muita controvérsia na semana: A queda no preço da gasolina de R$0,01 na bomba; e queda no juro básico do Banco Central; e a prisão de Eduardo Cunha. No Rio Grande do Sul, destaque para a enchente que acontece em quase todas as regiões, deixando muitas famílias desabrigadas.</p>
<p>A música da edição é &#8220;Xote Ecológico&#8221;, que denuncia a destruição da natureza em nosso Planeta.</p>

<!-- This site is optimized with the Yoast SEO plugin v27.2 - https://yoast.com/product/yoast-seo-wordpress/ -->
<title>Revista de Rádio #166: Entrevista sobre preservaçao e recuperaçao de arroios com líder comunitário da Lomba do Pinheiro, em Porto Alegre - Instituto Cultural Padre Josimo</title>
<meta name="robots" content="index, follow, max-snippet:-1, max-image-preview:large, max-video-preview:-1" />
<link rel="canonical" href="https://padrejosimo.com.br/site/revista_radio/revista-de-radio-166-entrevista-sobre-preservacao-e-recuperacao-de-arroios-com-lider-comunitario-da-lomba-do-pinheiro-em-porto-alegre/" />
<meta property="og:locale" content="pt_BR" />
<meta property="og:type" content="article" />
<meta property="og:title" content="Revista de Rádio #166: Entrevista sobre preservaçao e recuperaçao de arroios com líder comunitário da Lomba do Pinheiro, em Porto Alegre - Instituto Cultural Padre Josimo" />
<meta property="og:description" content="A entrevista da edição é com Nicolau Flores, morador do Bairro Lomba do Pinheiro, em Porto Alegre, e membro do Grupo de Trabalho pela recuperação e preservação do Arroio Taquara. Eles conversam sobre o problema dos arroios e rios que transbordam em períodos de forte chuva e traz a sua experiência junto à comunidade do [&hellip;]" />
<meta property="og:url" content="https://padrejosimo.com.br/site/revista_radio/revista-de-radio-166-entrevista-sobre-preservacao-e-recuperacao-de-arroios-com-lider-comunitario-da-lomba-do-pinheiro-em-porto-alegre/" />
<meta property="og:site_name" content="Instituto Cultural Padre Josimo" />
<meta property="og:image" content="https://padrejosimo.com.br/site/wp-content/uploads/2025/09/cropped-icon-icpj.png" />
	<meta property="og:image:width" content="512" />
	<meta property="og:image:height" content="512" />
	<meta property="og:image:type" content="image/png" />
<meta name="twitter:card" content="summary_large_image" />
<meta name="twitter:label1" content="Est. tempo de leitura" />
	<meta name="twitter:data1" content="1 minuto" />
<script type="application/ld+json" class="yoast-schema-graph">{"@context":"https://schema.org","@graph":[{"@type":"WebPage","@id":"https://padrejosimo.com.br/site/revista_radio/revista-de-radio-166-entrevista-sobre-preservacao-e-recuperacao-de-arroios-com-lider-comunitario-da-lomba-do-pinheiro-em-porto-alegre/","url":"https://padrejosimo.com.br/site/revista_radio/revista-de-radio-166-entrevista-sobre-preservacao-e-recuperacao-de-arroios-com-lider-comunitario-da-lomba-do-pinheiro-em-porto-alegre/","name":"Revista de Rádio #166: Entrevista sobre preservaçao e recuperaçao de arroios com líder comunitário da Lomba do Pinheiro, em Porto Alegre - Instituto Cultural Padre Josimo","isPartOf":{"@id":"https://padrejosimo.com.br/site/#website"},"datePublished":"2017-04-08T19:51:56+00:00","breadcrumb":{"@id":"https://padrejosimo.com.br/site/revista_radio/revista-de-radio-166-entrevista-sobre-preservacao-e-recuperacao-de-arroios-com-lider-comunitario-da-lomba-do-pinheiro-em-porto-alegre/#breadcrumb"},"inLanguage":"pt-BR","potentialAction":[{"@type":"ReadAction","target":["https://padrejosimo.com.br/site/revista_radio/revista-de-radio-166-entrevista-sobre-preservacao-e-recuperacao-de-arroios-com-lider-comunitario-da-lomba-do-pinheiro-em-porto-alegre/"]}]},{"@type":"BreadcrumbList","@id":"https://padrejosimo.com.br/site/revista_radio/revista-de-radio-166-entrevista-sobre-preservacao-e-recuperacao-de-arroios-com-lider-comunitario-da-lomba-do-pinheiro-em-porto-alegre/#breadcrumb","itemListElement":[{"@type":"ListItem","position":1,"name":"Início","item":"https://padrejosimo.com.br/site/"},{"@type":"ListItem","position":2,"name":"Revistas Rádio","item":"https://padrejosimo.com.br/site/revista-radio/"},{"@type":"ListItem","position":3,"name":"Revista de Rádio #166: Entrevista sobre preservaçao e recuperaçao de arroios com líder comunitário da Lomba do Pinheiro, em Porto Alegre"}]},{"@type":"WebSite","@id":"https://padrejosimo.com.br/site/#website","url":"https://padrejosimo.com.br/site/","name":"Instituto Cultural Padre Josimo","description":"Comprometida com a promoção da justiça social, agroecologia e educação popular","publisher":{"@id":"https://padrejosimo.com.br/site/#organization"},"alternateName":"ICPJ","potentialAction":[{"@type":"SearchAction","target":{"@type":"EntryPoint","urlTemplate":"https://padrejosimo.com.br/site/?s={search_term_string}"},"query-input":{"@type":"PropertyValueSpecification","valueRequired":true,"valueName":"search_term_string"}}],"inLanguage":"pt-BR"},{"@type":"Organization","@id":"https://padrejosimo.com.br/site/#organization","name":"Instituto Cultural Padre Josimo","alternateName":"ICPJ","url":"https://padrejosimo.com.br/site/","logo":{"@type":"ImageObject","inLanguage":"pt-BR","@id":"https://padrejosimo.com.br/site/#/schema/logo/image/","url":"https://padrejosimo.com.br/site/wp-content/uploads/2025/09/cropped-icon-icpj.png","contentUrl":"https://padrejosimo.com.br/site/wp-content/uploads/2025/09/cropped-icon-icpj.png","width":512,"height":512,"caption":"Instituto Cultural Padre Josimo"},"image":{"@id":"https://padrejosimo.com.br/site/#/schema/logo/image/"}}]}</script>
<!-- / Yoast SEO plugin. -->

Revista de Rádio #166: Entrevista sobre preservaçao e recuperaçao de arroios com líder comunitário da Lomba do Pinheiro, em Porto Alegre - Instituto Cultural Padre Josimo

A entrevista da edição é com Nicolau Flores, morador do Bairro Lomba do Pinheiro, em Porto Alegre, e membro do Grupo de Trabalho pela recuperação e preservação do Arroio Taquara. Eles conversam sobre o problema dos arroios e rios que transbordam em períodos de forte chuva e traz a sua experiência junto à comunidade do [&hellip;]

Início

Revistas Rádio

Comprometida com a promoção da justiça social, agroecologia e educação popular
