{"id":96,"date":"2017-04-08T16:50:42","date_gmt":"2017-04-08T19:50:42","guid":{"rendered":"http:\/\/bagual.com.br\/site\/?post_type=revista_radio&#038;p=96"},"modified":"2017-04-08T16:50:42","modified_gmt":"2017-04-08T19:50:42","slug":"revista-de-radio-164-presenca-franciscana-com-entrevista-ao-frei-francisco-van-del-poel","status":"publish","type":"revista_radio","link":"https:\/\/padrejosimo.com.br\/site\/revista_radio\/revista-de-radio-164-presenca-franciscana-com-entrevista-ao-frei-francisco-van-del-poel\/","title":{"rendered":"Revista de R\u00e1dio #164: Presen\u00e7a Franciscana com entrevista ao frei Francisco Van Del Poel"},"content":{"rendered":"<p>O tema da entrevista da edi\u00e7\u00e3o \u00e9 a presen\u00e7a dos Franciscanos no Rio Grande do Sul e no Brasil. A entrevista \u00e9 com o frei Francisco Van Del Poel, franciscano de Minas Gerais. Ele nasceu na Holanda e veio para o Brasil em 1978. Foi mission\u00e1rio por muitos anos no Vale do Jequitinhonha (MG), morou e trabalhou em lepros\u00e1rio, trabalha como palha\u00e7o em circo e na rua com o nome de Frei Xico. Tamb\u00e9m \u00e9 pesquisador sobre a religiosidade popular no Brasil. Na entrevista, ele fala de sua vida e de seu trabalho.<\/p>\n<p>Na an\u00e1lise dos destaque da semana da imprensa brasileira, frei Jo\u00e3o Osmar reflete sobre a realiza\u00e7\u00e3o das elei\u00e7\u00f5es para prefeitos e vereadores em todo o Brasil. Os resultados das elei\u00e7\u00f5es s\u00e3o preocupantes no sentido de que: Quase um ter\u00e7o dos eleitores n\u00e3o foram votar, ou votaram em branco ou nulo. \u00c9 mais votos que os que foram dados \u00e0 maioria dos que foram eleitos em primeiro turno e dos que foram classificados para o segundo; Boa parte dos que foram eleitos ou v\u00e3o disputar o segundo turno se declaram n\u00e3o pol\u00edticos ou sem partido, e dezenas deles s\u00e3o milion\u00e1rios. S\u00e3o constata\u00e7\u00f5es que preocupam, neste momento em que a pol\u00edtica \u00e9 criminalizada.<\/p>\n<p>A m\u00fasica da edi\u00e7\u00e3o \u00e9 &#8220;Do Meu interior&#8221;, com Ant\u00f4nio Gringo.<\/p>\n","protected":false},"featured_media":0,"template":"","class_list":["post-96","revista_radio","type-revista_radio","status-publish","hentry"],"acf":[],"yoast_head":"<!-- This site is optimized with the Yoast SEO plugin v27.2 - https:\/\/yoast.com\/product\/yoast-seo-wordpress\/ -->\n<title>Revista de R\u00e1dio #164: Presen\u00e7a Franciscana com entrevista ao frei Francisco Van Del Poel - Instituto Cultural Padre Josimo<\/title>\n<meta name=\"robots\" content=\"index, follow, max-snippet:-1, max-image-preview:large, max-video-preview:-1\" \/>\n<link rel=\"canonical\" href=\"https:\/\/padrejosimo.com.br\/site\/revista_radio\/revista-de-radio-164-presenca-franciscana-com-entrevista-ao-frei-francisco-van-del-poel\/\" \/>\n<meta property=\"og:locale\" content=\"pt_BR\" \/>\n<meta property=\"og:type\" content=\"article\" \/>\n<meta property=\"og:title\" content=\"Revista de R\u00e1dio #164: Presen\u00e7a Franciscana com entrevista ao frei Francisco Van Del Poel - Instituto Cultural Padre Josimo\" \/>\n<meta property=\"og:description\" content=\"O tema da entrevista da edi\u00e7\u00e3o \u00e9 a presen\u00e7a dos Franciscanos no Rio Grande do Sul e no Brasil. A entrevista \u00e9 com o frei Francisco Van Del Poel, franciscano de Minas Gerais. Ele nasceu na Holanda e veio para o Brasil em 1978. Foi mission\u00e1rio por muitos anos no Vale do Jequitinhonha (MG), morou [&hellip;]\" \/>\n<meta property=\"og:url\" content=\"https:\/\/padrejosimo.com.br\/site\/revista_radio\/revista-de-radio-164-presenca-franciscana-com-entrevista-ao-frei-francisco-van-del-poel\/\" \/>\n<meta property=\"og:site_name\" content=\"Instituto Cultural Padre Josimo\" \/>\n<meta property=\"og:image\" content=\"https:\/\/padrejosimo.com.br\/site\/wp-content\/uploads\/2025\/09\/cropped-icon-icpj.png\" \/>\n\t<meta property=\"og:image:width\" content=\"512\" \/>\n\t<meta property=\"og:image:height\" content=\"512\" \/>\n\t<meta property=\"og:image:type\" content=\"image\/png\" \/>\n<meta name=\"twitter:card\" content=\"summary_large_image\" \/>\n<meta name=\"twitter:label1\" content=\"Est. tempo de leitura\" \/>\n\t<meta name=\"twitter:data1\" content=\"1 minuto\" \/>\n<script type=\"application\/ld+json\" class=\"yoast-schema-graph\">{\"@context\":\"https:\/\/schema.org\",\"@graph\":[{\"@type\":\"WebPage\",\"@id\":\"https:\/\/padrejosimo.com.br\/site\/revista_radio\/revista-de-radio-164-presenca-franciscana-com-entrevista-ao-frei-francisco-van-del-poel\/\",\"url\":\"https:\/\/padrejosimo.com.br\/site\/revista_radio\/revista-de-radio-164-presenca-franciscana-com-entrevista-ao-frei-francisco-van-del-poel\/\",\"name\":\"Revista de R\u00e1dio #164: Presen\u00e7a Franciscana com entrevista ao frei Francisco Van Del Poel - Instituto Cultural Padre Josimo\",\"isPartOf\":{\"@id\":\"https:\/\/padrejosimo.com.br\/site\/#website\"},\"datePublished\":\"2017-04-08T19:50:42+00:00\",\"breadcrumb\":{\"@id\":\"https:\/\/padrejosimo.com.br\/site\/revista_radio\/revista-de-radio-164-presenca-franciscana-com-entrevista-ao-frei-francisco-van-del-poel\/#breadcrumb\"},\"inLanguage\":\"pt-BR\",\"potentialAction\":[{\"@type\":\"ReadAction\",\"target\":[\"https:\/\/padrejosimo.com.br\/site\/revista_radio\/revista-de-radio-164-presenca-franciscana-com-entrevista-ao-frei-francisco-van-del-poel\/\"]}]},{\"@type\":\"BreadcrumbList\",\"@id\":\"https:\/\/padrejosimo.com.br\/site\/revista_radio\/revista-de-radio-164-presenca-franciscana-com-entrevista-ao-frei-francisco-van-del-poel\/#breadcrumb\",\"itemListElement\":[{\"@type\":\"ListItem\",\"position\":1,\"name\":\"In\u00edcio\",\"item\":\"https:\/\/padrejosimo.com.br\/site\/\"},{\"@type\":\"ListItem\",\"position\":2,\"name\":\"Revistas R\u00e1dio\",\"item\":\"https:\/\/padrejosimo.com.br\/site\/revista-radio\/\"},{\"@type\":\"ListItem\",\"position\":3,\"name\":\"Revista de R\u00e1dio #164: Presen\u00e7a Franciscana com entrevista ao frei Francisco Van Del Poel\"}]},{\"@type\":\"WebSite\",\"@id\":\"https:\/\/padrejosimo.com.br\/site\/#website\",\"url\":\"https:\/\/padrejosimo.com.br\/site\/\",\"name\":\"Instituto Cultural Padre Josimo\",\"description\":\"Comprometida com a promo\u00e7\u00e3o da justi\u00e7a social, agroecologia e educa\u00e7\u00e3o popular\",\"publisher\":{\"@id\":\"https:\/\/padrejosimo.com.br\/site\/#organization\"},\"alternateName\":\"ICPJ\",\"potentialAction\":[{\"@type\":\"SearchAction\",\"target\":{\"@type\":\"EntryPoint\",\"urlTemplate\":\"https:\/\/padrejosimo.com.br\/site\/?s={search_term_string}\"},\"query-input\":{\"@type\":\"PropertyValueSpecification\",\"valueRequired\":true,\"valueName\":\"search_term_string\"}}],\"inLanguage\":\"pt-BR\"},{\"@type\":\"Organization\",\"@id\":\"https:\/\/padrejosimo.com.br\/site\/#organization\",\"name\":\"Instituto Cultural Padre Josimo\",\"alternateName\":\"ICPJ\",\"url\":\"https:\/\/padrejosimo.com.br\/site\/\",\"logo\":{\"@type\":\"ImageObject\",\"inLanguage\":\"pt-BR\",\"@id\":\"https:\/\/padrejosimo.com.br\/site\/#\/schema\/logo\/image\/\",\"url\":\"https:\/\/padrejosimo.com.br\/site\/wp-content\/uploads\/2025\/09\/cropped-icon-icpj.png\",\"contentUrl\":\"https:\/\/padrejosimo.com.br\/site\/wp-content\/uploads\/2025\/09\/cropped-icon-icpj.png\",\"width\":512,\"height\":512,\"caption\":\"Instituto Cultural Padre Josimo\"},\"image\":{\"@id\":\"https:\/\/padrejosimo.com.br\/site\/#\/schema\/logo\/image\/\"}}]}<\/script>\n<!-- \/ Yoast SEO plugin. -->","yoast_head_json":{"title":"Revista de R\u00e1dio #164: Presen\u00e7a Franciscana com entrevista ao frei Francisco Van Del Poel - Instituto Cultural Padre Josimo","robots":{"index":"index","follow":"follow","max-snippet":"max-snippet:-1","max-image-preview":"max-image-preview:large","max-video-preview":"max-video-preview:-1"},"canonical":"https:\/\/padrejosimo.com.br\/site\/revista_radio\/revista-de-radio-164-presenca-franciscana-com-entrevista-ao-frei-francisco-van-del-poel\/","og_locale":"pt_BR","og_type":"article","og_title":"Revista de R\u00e1dio #164: Presen\u00e7a Franciscana com entrevista ao frei Francisco Van Del Poel - Instituto Cultural Padre Josimo","og_description":"O tema da entrevista da edi\u00e7\u00e3o \u00e9 a presen\u00e7a dos Franciscanos no Rio Grande do Sul e no Brasil. A entrevista \u00e9 com o frei Francisco Van Del Poel, franciscano de Minas Gerais. Ele nasceu na Holanda e veio para o Brasil em 1978. Foi mission\u00e1rio por muitos anos no Vale do Jequitinhonha (MG), morou [&hellip;]","og_url":"https:\/\/padrejosimo.com.br\/site\/revista_radio\/revista-de-radio-164-presenca-franciscana-com-entrevista-ao-frei-francisco-van-del-poel\/","og_site_name":"Instituto Cultural Padre Josimo","og_image":[{"width":512,"height":512,"url":"https:\/\/padrejosimo.com.br\/site\/wp-content\/uploads\/2025\/09\/cropped-icon-icpj.png","type":"image\/png"}],"twitter_card":"summary_large_image","twitter_misc":{"Est. tempo de leitura":"1 minuto"},"schema":{"@context":"https:\/\/schema.org","@graph":[{"@type":"WebPage","@id":"https:\/\/padrejosimo.com.br\/site\/revista_radio\/revista-de-radio-164-presenca-franciscana-com-entrevista-ao-frei-francisco-van-del-poel\/","url":"https:\/\/padrejosimo.com.br\/site\/revista_radio\/revista-de-radio-164-presenca-franciscana-com-entrevista-ao-frei-francisco-van-del-poel\/","name":"Revista de R\u00e1dio #164: Presen\u00e7a Franciscana com entrevista ao frei Francisco Van Del Poel - Instituto Cultural Padre Josimo","isPartOf":{"@id":"https:\/\/padrejosimo.com.br\/site\/#website"},"datePublished":"2017-04-08T19:50:42+00:00","breadcrumb":{"@id":"https:\/\/padrejosimo.com.br\/site\/revista_radio\/revista-de-radio-164-presenca-franciscana-com-entrevista-ao-frei-francisco-van-del-poel\/#breadcrumb"},"inLanguage":"pt-BR","potentialAction":[{"@type":"ReadAction","target":["https:\/\/padrejosimo.com.br\/site\/revista_radio\/revista-de-radio-164-presenca-franciscana-com-entrevista-ao-frei-francisco-van-del-poel\/"]}]},{"@type":"BreadcrumbList","@id":"https:\/\/padrejosimo.com.br\/site\/revista_radio\/revista-de-radio-164-presenca-franciscana-com-entrevista-ao-frei-francisco-van-del-poel\/#breadcrumb","itemListElement":[{"@type":"ListItem","position":1,"name":"In\u00edcio","item":"https:\/\/padrejosimo.com.br\/site\/"},{"@type":"ListItem","position":2,"name":"Revistas R\u00e1dio","item":"https:\/\/padrejosimo.com.br\/site\/revista-radio\/"},{"@type":"ListItem","position":3,"name":"Revista de R\u00e1dio #164: Presen\u00e7a Franciscana com entrevista ao frei Francisco Van Del Poel"}]},{"@type":"WebSite","@id":"https:\/\/padrejosimo.com.br\/site\/#website","url":"https:\/\/padrejosimo.com.br\/site\/","name":"Instituto Cultural Padre Josimo","description":"Comprometida com a promo\u00e7\u00e3o da justi\u00e7a social, agroecologia e educa\u00e7\u00e3o popular","publisher":{"@id":"https:\/\/padrejosimo.com.br\/site\/#organization"},"alternateName":"ICPJ","potentialAction":[{"@type":"SearchAction","target":{"@type":"EntryPoint","urlTemplate":"https:\/\/padrejosimo.com.br\/site\/?s={search_term_string}"},"query-input":{"@type":"PropertyValueSpecification","valueRequired":true,"valueName":"search_term_string"}}],"inLanguage":"pt-BR"},{"@type":"Organization","@id":"https:\/\/padrejosimo.com.br\/site\/#organization","name":"Instituto Cultural Padre Josimo","alternateName":"ICPJ","url":"https:\/\/padrejosimo.com.br\/site\/","logo":{"@type":"ImageObject","inLanguage":"pt-BR","@id":"https:\/\/padrejosimo.com.br\/site\/#\/schema\/logo\/image\/","url":"https:\/\/padrejosimo.com.br\/site\/wp-content\/uploads\/2025\/09\/cropped-icon-icpj.png","contentUrl":"https:\/\/padrejosimo.com.br\/site\/wp-content\/uploads\/2025\/09\/cropped-icon-icpj.png","width":512,"height":512,"caption":"Instituto Cultural Padre Josimo"},"image":{"@id":"https:\/\/padrejosimo.com.br\/site\/#\/schema\/logo\/image\/"}}]}},"_links":{"self":[{"href":"https:\/\/padrejosimo.com.br\/site\/wp-json\/wp\/v2\/revista_radio\/96","targetHints":{"allow":["GET"]}}],"collection":[{"href":"https:\/\/padrejosimo.com.br\/site\/wp-json\/wp\/v2\/revista_radio"}],"about":[{"href":"https:\/\/padrejosimo.com.br\/site\/wp-json\/wp\/v2\/types\/revista_radio"}],"wp:attachment":[{"href":"https:\/\/padrejosimo.com.br\/site\/wp-json\/wp\/v2\/media?parent=96"}],"curies":[{"name":"wp","href":"https:\/\/api.w.org\/{rel}","templated":true}]}}

Revista de Rádio #164: Presença Franciscana com entrevista ao frei Francisco Van Del Poel

<p>O tema da entrevista da edição é a presença dos Franciscanos no Rio Grande do Sul e no Brasil. A entrevista é com o frei Francisco Van Del Poel, franciscano de Minas Gerais. Ele nasceu na Holanda e veio para o Brasil em 1978. Foi missionário por muitos anos no Vale do Jequitinhonha (MG), morou e trabalhou em leprosário, trabalha como palhaço em circo e na rua com o nome de Frei Xico. Também é pesquisador sobre a religiosidade popular no Brasil. Na entrevista, ele fala de sua vida e de seu trabalho.</p>
<p>Na análise dos destaque da semana da imprensa brasileira, frei João Osmar reflete sobre a realização das eleições para prefeitos e vereadores em todo o Brasil. Os resultados das eleições são preocupantes no sentido de que: Quase um terço dos eleitores não foram votar, ou votaram em branco ou nulo. É mais votos que os que foram dados à maioria dos que foram eleitos em primeiro turno e dos que foram classificados para o segundo; Boa parte dos que foram eleitos ou vão disputar o segundo turno se declaram não políticos ou sem partido, e dezenas deles são milionários. São constatações que preocupam, neste momento em que a política é criminalizada.</p>
<p>A música da edição é &#8220;Do Meu interior&#8221;, com Antônio Gringo.</p>

<!-- This site is optimized with the Yoast SEO plugin v27.2 - https://yoast.com/product/yoast-seo-wordpress/ -->
<title>Revista de Rádio #164: Presença Franciscana com entrevista ao frei Francisco Van Del Poel - Instituto Cultural Padre Josimo</title>
<meta name="robots" content="index, follow, max-snippet:-1, max-image-preview:large, max-video-preview:-1" />
<link rel="canonical" href="https://padrejosimo.com.br/site/revista_radio/revista-de-radio-164-presenca-franciscana-com-entrevista-ao-frei-francisco-van-del-poel/" />
<meta property="og:locale" content="pt_BR" />
<meta property="og:type" content="article" />
<meta property="og:title" content="Revista de Rádio #164: Presença Franciscana com entrevista ao frei Francisco Van Del Poel - Instituto Cultural Padre Josimo" />
<meta property="og:description" content="O tema da entrevista da edição é a presença dos Franciscanos no Rio Grande do Sul e no Brasil. A entrevista é com o frei Francisco Van Del Poel, franciscano de Minas Gerais. Ele nasceu na Holanda e veio para o Brasil em 1978. Foi missionário por muitos anos no Vale do Jequitinhonha (MG), morou [&hellip;]" />
<meta property="og:url" content="https://padrejosimo.com.br/site/revista_radio/revista-de-radio-164-presenca-franciscana-com-entrevista-ao-frei-francisco-van-del-poel/" />
<meta property="og:site_name" content="Instituto Cultural Padre Josimo" />
<meta property="og:image" content="https://padrejosimo.com.br/site/wp-content/uploads/2025/09/cropped-icon-icpj.png" />
	<meta property="og:image:width" content="512" />
	<meta property="og:image:height" content="512" />
	<meta property="og:image:type" content="image/png" />
<meta name="twitter:card" content="summary_large_image" />
<meta name="twitter:label1" content="Est. tempo de leitura" />
	<meta name="twitter:data1" content="1 minuto" />
<script type="application/ld+json" class="yoast-schema-graph">{"@context":"https://schema.org","@graph":[{"@type":"WebPage","@id":"https://padrejosimo.com.br/site/revista_radio/revista-de-radio-164-presenca-franciscana-com-entrevista-ao-frei-francisco-van-del-poel/","url":"https://padrejosimo.com.br/site/revista_radio/revista-de-radio-164-presenca-franciscana-com-entrevista-ao-frei-francisco-van-del-poel/","name":"Revista de Rádio #164: Presença Franciscana com entrevista ao frei Francisco Van Del Poel - Instituto Cultural Padre Josimo","isPartOf":{"@id":"https://padrejosimo.com.br/site/#website"},"datePublished":"2017-04-08T19:50:42+00:00","breadcrumb":{"@id":"https://padrejosimo.com.br/site/revista_radio/revista-de-radio-164-presenca-franciscana-com-entrevista-ao-frei-francisco-van-del-poel/#breadcrumb"},"inLanguage":"pt-BR","potentialAction":[{"@type":"ReadAction","target":["https://padrejosimo.com.br/site/revista_radio/revista-de-radio-164-presenca-franciscana-com-entrevista-ao-frei-francisco-van-del-poel/"]}]},{"@type":"BreadcrumbList","@id":"https://padrejosimo.com.br/site/revista_radio/revista-de-radio-164-presenca-franciscana-com-entrevista-ao-frei-francisco-van-del-poel/#breadcrumb","itemListElement":[{"@type":"ListItem","position":1,"name":"Início","item":"https://padrejosimo.com.br/site/"},{"@type":"ListItem","position":2,"name":"Revistas Rádio","item":"https://padrejosimo.com.br/site/revista-radio/"},{"@type":"ListItem","position":3,"name":"Revista de Rádio #164: Presença Franciscana com entrevista ao frei Francisco Van Del Poel"}]},{"@type":"WebSite","@id":"https://padrejosimo.com.br/site/#website","url":"https://padrejosimo.com.br/site/","name":"Instituto Cultural Padre Josimo","description":"Comprometida com a promoção da justiça social, agroecologia e educação popular","publisher":{"@id":"https://padrejosimo.com.br/site/#organization"},"alternateName":"ICPJ","potentialAction":[{"@type":"SearchAction","target":{"@type":"EntryPoint","urlTemplate":"https://padrejosimo.com.br/site/?s={search_term_string}"},"query-input":{"@type":"PropertyValueSpecification","valueRequired":true,"valueName":"search_term_string"}}],"inLanguage":"pt-BR"},{"@type":"Organization","@id":"https://padrejosimo.com.br/site/#organization","name":"Instituto Cultural Padre Josimo","alternateName":"ICPJ","url":"https://padrejosimo.com.br/site/","logo":{"@type":"ImageObject","inLanguage":"pt-BR","@id":"https://padrejosimo.com.br/site/#/schema/logo/image/","url":"https://padrejosimo.com.br/site/wp-content/uploads/2025/09/cropped-icon-icpj.png","contentUrl":"https://padrejosimo.com.br/site/wp-content/uploads/2025/09/cropped-icon-icpj.png","width":512,"height":512,"caption":"Instituto Cultural Padre Josimo"},"image":{"@id":"https://padrejosimo.com.br/site/#/schema/logo/image/"}}]}</script>
<!-- / Yoast SEO plugin. -->

Revista de Rádio #164: Presença Franciscana com entrevista ao frei Francisco Van Del Poel - Instituto Cultural Padre Josimo

O tema da entrevista da edição é a presença dos Franciscanos no Rio Grande do Sul e no Brasil. A entrevista é com o frei Francisco Van Del Poel, franciscano de Minas Gerais. Ele nasceu na Holanda e veio para o Brasil em 1978. Foi missionário por muitos anos no Vale do Jequitinhonha (MG), morou [&hellip;]

Início

Revistas Rádio

Comprometida com a promoção da justiça social, agroecologia e educação popular
