{"id":94,"date":"2017-04-08T16:49:12","date_gmt":"2017-04-08T19:49:12","guid":{"rendered":"http:\/\/bagual.com.br\/site\/?post_type=revista_radio&#038;p=94"},"modified":"2017-04-08T16:49:12","modified_gmt":"2017-04-08T19:49:12","slug":"revista-de-radio-162-o-papel-da-juventude-na-socieadade-e-nas-igrejas","status":"publish","type":"revista_radio","link":"https:\/\/padrejosimo.com.br\/site\/revista_radio\/revista-de-radio-162-o-papel-da-juventude-na-socieadade-e-nas-igrejas\/","title":{"rendered":"Revista de R\u00e1dio #162: O papel da juventude na socieadade e nas igrejas"},"content":{"rendered":"<p>A entrevista da semana \u00e9 com o jovem de Recife (PE) que \u00e9 da coordena\u00e7\u00e3o nacional da Pastoral da Juventude Estudantil, Pedro Jorge Silva. No bate papo, ele fala da participa\u00e7\u00e3o dos jovens nas igrejas e na sociedade. Fala tamb\u00e9m da crise pol\u00edtica pela qual passa o Brasil. A entrevista foi feita antes da vota\u00e7\u00e3o final do impedimento da Presidenta Dilma pelo Senado Federal.<\/p>\n<p>Na an\u00e1lise dos destaque da semana da imprensa brasileira, frei Jo\u00e3o Osmar reflete sobre o indiciamento do ex-presidente Lula pelo juiz S\u00e9rgio Moro na opera\u00e7\u00e3o Lava Jato, e sobre a pris\u00e3o do ex-ministro Guido Mantega pela Pol\u00edcia Federal enquanto ele cuidava da esposa em um hospital de S\u00e3o Paulo. Percebe-se uma situa\u00e7\u00e3o de viola\u00e7\u00f5es de direitos dos cidad\u00e3os e de desrespeito ao devido processo legal. A crise nacional se agrava. Por outro lado, tem crescido em todo o Pa\u00eds as manifesta\u00e7\u00f5es contra o impeachment e o governo de Michel Temer.<\/p>\n<p>E como ainda estamos dentro das atividades relativas \u00e0 Semana Farroupilha no Rio Grande do Sul, o programa traz umaa m\u00fasica que \u00e9 um cl\u00e1ssico ga\u00facho: &#8220;O Vento&#8221;, com os Monarcas.<\/p>\n","protected":false},"featured_media":0,"template":"","class_list":["post-94","revista_radio","type-revista_radio","status-publish","hentry"],"acf":[],"yoast_head":"<!-- This site is optimized with the Yoast SEO plugin v27.2 - https:\/\/yoast.com\/product\/yoast-seo-wordpress\/ -->\n<title>Revista de R\u00e1dio #162: O papel da juventude na socieadade e nas igrejas - Instituto Cultural Padre Josimo<\/title>\n<meta name=\"robots\" content=\"index, follow, max-snippet:-1, max-image-preview:large, max-video-preview:-1\" \/>\n<link rel=\"canonical\" href=\"https:\/\/padrejosimo.com.br\/site\/revista_radio\/revista-de-radio-162-o-papel-da-juventude-na-socieadade-e-nas-igrejas\/\" \/>\n<meta property=\"og:locale\" content=\"pt_BR\" \/>\n<meta property=\"og:type\" content=\"article\" \/>\n<meta property=\"og:title\" content=\"Revista de R\u00e1dio #162: O papel da juventude na socieadade e nas igrejas - Instituto Cultural Padre Josimo\" \/>\n<meta property=\"og:description\" content=\"A entrevista da semana \u00e9 com o jovem de Recife (PE) que \u00e9 da coordena\u00e7\u00e3o nacional da Pastoral da Juventude Estudantil, Pedro Jorge Silva. No bate papo, ele fala da participa\u00e7\u00e3o dos jovens nas igrejas e na sociedade. Fala tamb\u00e9m da crise pol\u00edtica pela qual passa o Brasil. A entrevista foi feita antes da vota\u00e7\u00e3o [&hellip;]\" \/>\n<meta property=\"og:url\" content=\"https:\/\/padrejosimo.com.br\/site\/revista_radio\/revista-de-radio-162-o-papel-da-juventude-na-socieadade-e-nas-igrejas\/\" \/>\n<meta property=\"og:site_name\" content=\"Instituto Cultural Padre Josimo\" \/>\n<meta property=\"og:image\" content=\"https:\/\/padrejosimo.com.br\/site\/wp-content\/uploads\/2025\/09\/cropped-icon-icpj.png\" \/>\n\t<meta property=\"og:image:width\" content=\"512\" \/>\n\t<meta property=\"og:image:height\" content=\"512\" \/>\n\t<meta property=\"og:image:type\" content=\"image\/png\" \/>\n<meta name=\"twitter:card\" content=\"summary_large_image\" \/>\n<meta name=\"twitter:label1\" content=\"Est. tempo de leitura\" \/>\n\t<meta name=\"twitter:data1\" content=\"1 minuto\" \/>\n<script type=\"application\/ld+json\" class=\"yoast-schema-graph\">{\"@context\":\"https:\/\/schema.org\",\"@graph\":[{\"@type\":\"WebPage\",\"@id\":\"https:\/\/padrejosimo.com.br\/site\/revista_radio\/revista-de-radio-162-o-papel-da-juventude-na-socieadade-e-nas-igrejas\/\",\"url\":\"https:\/\/padrejosimo.com.br\/site\/revista_radio\/revista-de-radio-162-o-papel-da-juventude-na-socieadade-e-nas-igrejas\/\",\"name\":\"Revista de R\u00e1dio #162: O papel da juventude na socieadade e nas igrejas - Instituto Cultural Padre Josimo\",\"isPartOf\":{\"@id\":\"https:\/\/padrejosimo.com.br\/site\/#website\"},\"datePublished\":\"2017-04-08T19:49:12+00:00\",\"breadcrumb\":{\"@id\":\"https:\/\/padrejosimo.com.br\/site\/revista_radio\/revista-de-radio-162-o-papel-da-juventude-na-socieadade-e-nas-igrejas\/#breadcrumb\"},\"inLanguage\":\"pt-BR\",\"potentialAction\":[{\"@type\":\"ReadAction\",\"target\":[\"https:\/\/padrejosimo.com.br\/site\/revista_radio\/revista-de-radio-162-o-papel-da-juventude-na-socieadade-e-nas-igrejas\/\"]}]},{\"@type\":\"BreadcrumbList\",\"@id\":\"https:\/\/padrejosimo.com.br\/site\/revista_radio\/revista-de-radio-162-o-papel-da-juventude-na-socieadade-e-nas-igrejas\/#breadcrumb\",\"itemListElement\":[{\"@type\":\"ListItem\",\"position\":1,\"name\":\"In\u00edcio\",\"item\":\"https:\/\/padrejosimo.com.br\/site\/\"},{\"@type\":\"ListItem\",\"position\":2,\"name\":\"Revistas R\u00e1dio\",\"item\":\"https:\/\/padrejosimo.com.br\/site\/revista-radio\/\"},{\"@type\":\"ListItem\",\"position\":3,\"name\":\"Revista de R\u00e1dio #162: O papel da juventude na socieadade e nas igrejas\"}]},{\"@type\":\"WebSite\",\"@id\":\"https:\/\/padrejosimo.com.br\/site\/#website\",\"url\":\"https:\/\/padrejosimo.com.br\/site\/\",\"name\":\"Instituto Cultural Padre Josimo\",\"description\":\"Comprometida com a promo\u00e7\u00e3o da justi\u00e7a social, agroecologia e educa\u00e7\u00e3o popular\",\"publisher\":{\"@id\":\"https:\/\/padrejosimo.com.br\/site\/#organization\"},\"alternateName\":\"ICPJ\",\"potentialAction\":[{\"@type\":\"SearchAction\",\"target\":{\"@type\":\"EntryPoint\",\"urlTemplate\":\"https:\/\/padrejosimo.com.br\/site\/?s={search_term_string}\"},\"query-input\":{\"@type\":\"PropertyValueSpecification\",\"valueRequired\":true,\"valueName\":\"search_term_string\"}}],\"inLanguage\":\"pt-BR\"},{\"@type\":\"Organization\",\"@id\":\"https:\/\/padrejosimo.com.br\/site\/#organization\",\"name\":\"Instituto Cultural Padre Josimo\",\"alternateName\":\"ICPJ\",\"url\":\"https:\/\/padrejosimo.com.br\/site\/\",\"logo\":{\"@type\":\"ImageObject\",\"inLanguage\":\"pt-BR\",\"@id\":\"https:\/\/padrejosimo.com.br\/site\/#\/schema\/logo\/image\/\",\"url\":\"https:\/\/padrejosimo.com.br\/site\/wp-content\/uploads\/2025\/09\/cropped-icon-icpj.png\",\"contentUrl\":\"https:\/\/padrejosimo.com.br\/site\/wp-content\/uploads\/2025\/09\/cropped-icon-icpj.png\",\"width\":512,\"height\":512,\"caption\":\"Instituto Cultural Padre Josimo\"},\"image\":{\"@id\":\"https:\/\/padrejosimo.com.br\/site\/#\/schema\/logo\/image\/\"}}]}<\/script>\n<!-- \/ Yoast SEO plugin. -->","yoast_head_json":{"title":"Revista de R\u00e1dio #162: O papel da juventude na socieadade e nas igrejas - Instituto Cultural Padre Josimo","robots":{"index":"index","follow":"follow","max-snippet":"max-snippet:-1","max-image-preview":"max-image-preview:large","max-video-preview":"max-video-preview:-1"},"canonical":"https:\/\/padrejosimo.com.br\/site\/revista_radio\/revista-de-radio-162-o-papel-da-juventude-na-socieadade-e-nas-igrejas\/","og_locale":"pt_BR","og_type":"article","og_title":"Revista de R\u00e1dio #162: O papel da juventude na socieadade e nas igrejas - Instituto Cultural Padre Josimo","og_description":"A entrevista da semana \u00e9 com o jovem de Recife (PE) que \u00e9 da coordena\u00e7\u00e3o nacional da Pastoral da Juventude Estudantil, Pedro Jorge Silva. No bate papo, ele fala da participa\u00e7\u00e3o dos jovens nas igrejas e na sociedade. Fala tamb\u00e9m da crise pol\u00edtica pela qual passa o Brasil. A entrevista foi feita antes da vota\u00e7\u00e3o [&hellip;]","og_url":"https:\/\/padrejosimo.com.br\/site\/revista_radio\/revista-de-radio-162-o-papel-da-juventude-na-socieadade-e-nas-igrejas\/","og_site_name":"Instituto Cultural Padre Josimo","og_image":[{"width":512,"height":512,"url":"https:\/\/padrejosimo.com.br\/site\/wp-content\/uploads\/2025\/09\/cropped-icon-icpj.png","type":"image\/png"}],"twitter_card":"summary_large_image","twitter_misc":{"Est. tempo de leitura":"1 minuto"},"schema":{"@context":"https:\/\/schema.org","@graph":[{"@type":"WebPage","@id":"https:\/\/padrejosimo.com.br\/site\/revista_radio\/revista-de-radio-162-o-papel-da-juventude-na-socieadade-e-nas-igrejas\/","url":"https:\/\/padrejosimo.com.br\/site\/revista_radio\/revista-de-radio-162-o-papel-da-juventude-na-socieadade-e-nas-igrejas\/","name":"Revista de R\u00e1dio #162: O papel da juventude na socieadade e nas igrejas - Instituto Cultural Padre Josimo","isPartOf":{"@id":"https:\/\/padrejosimo.com.br\/site\/#website"},"datePublished":"2017-04-08T19:49:12+00:00","breadcrumb":{"@id":"https:\/\/padrejosimo.com.br\/site\/revista_radio\/revista-de-radio-162-o-papel-da-juventude-na-socieadade-e-nas-igrejas\/#breadcrumb"},"inLanguage":"pt-BR","potentialAction":[{"@type":"ReadAction","target":["https:\/\/padrejosimo.com.br\/site\/revista_radio\/revista-de-radio-162-o-papel-da-juventude-na-socieadade-e-nas-igrejas\/"]}]},{"@type":"BreadcrumbList","@id":"https:\/\/padrejosimo.com.br\/site\/revista_radio\/revista-de-radio-162-o-papel-da-juventude-na-socieadade-e-nas-igrejas\/#breadcrumb","itemListElement":[{"@type":"ListItem","position":1,"name":"In\u00edcio","item":"https:\/\/padrejosimo.com.br\/site\/"},{"@type":"ListItem","position":2,"name":"Revistas R\u00e1dio","item":"https:\/\/padrejosimo.com.br\/site\/revista-radio\/"},{"@type":"ListItem","position":3,"name":"Revista de R\u00e1dio #162: O papel da juventude na socieadade e nas igrejas"}]},{"@type":"WebSite","@id":"https:\/\/padrejosimo.com.br\/site\/#website","url":"https:\/\/padrejosimo.com.br\/site\/","name":"Instituto Cultural Padre Josimo","description":"Comprometida com a promo\u00e7\u00e3o da justi\u00e7a social, agroecologia e educa\u00e7\u00e3o popular","publisher":{"@id":"https:\/\/padrejosimo.com.br\/site\/#organization"},"alternateName":"ICPJ","potentialAction":[{"@type":"SearchAction","target":{"@type":"EntryPoint","urlTemplate":"https:\/\/padrejosimo.com.br\/site\/?s={search_term_string}"},"query-input":{"@type":"PropertyValueSpecification","valueRequired":true,"valueName":"search_term_string"}}],"inLanguage":"pt-BR"},{"@type":"Organization","@id":"https:\/\/padrejosimo.com.br\/site\/#organization","name":"Instituto Cultural Padre Josimo","alternateName":"ICPJ","url":"https:\/\/padrejosimo.com.br\/site\/","logo":{"@type":"ImageObject","inLanguage":"pt-BR","@id":"https:\/\/padrejosimo.com.br\/site\/#\/schema\/logo\/image\/","url":"https:\/\/padrejosimo.com.br\/site\/wp-content\/uploads\/2025\/09\/cropped-icon-icpj.png","contentUrl":"https:\/\/padrejosimo.com.br\/site\/wp-content\/uploads\/2025\/09\/cropped-icon-icpj.png","width":512,"height":512,"caption":"Instituto Cultural Padre Josimo"},"image":{"@id":"https:\/\/padrejosimo.com.br\/site\/#\/schema\/logo\/image\/"}}]}},"_links":{"self":[{"href":"https:\/\/padrejosimo.com.br\/site\/wp-json\/wp\/v2\/revista_radio\/94","targetHints":{"allow":["GET"]}}],"collection":[{"href":"https:\/\/padrejosimo.com.br\/site\/wp-json\/wp\/v2\/revista_radio"}],"about":[{"href":"https:\/\/padrejosimo.com.br\/site\/wp-json\/wp\/v2\/types\/revista_radio"}],"wp:attachment":[{"href":"https:\/\/padrejosimo.com.br\/site\/wp-json\/wp\/v2\/media?parent=94"}],"curies":[{"name":"wp","href":"https:\/\/api.w.org\/{rel}","templated":true}]}}

Revista de Rádio #162: O papel da juventude na socieadade e nas igrejas

<p>A entrevista da semana é com o jovem de Recife (PE) que é da coordenação nacional da Pastoral da Juventude Estudantil, Pedro Jorge Silva. No bate papo, ele fala da participação dos jovens nas igrejas e na sociedade. Fala também da crise política pela qual passa o Brasil. A entrevista foi feita antes da votação final do impedimento da Presidenta Dilma pelo Senado Federal.</p>
<p>Na análise dos destaque da semana da imprensa brasileira, frei João Osmar reflete sobre o indiciamento do ex-presidente Lula pelo juiz Sérgio Moro na operação Lava Jato, e sobre a prisão do ex-ministro Guido Mantega pela Polícia Federal enquanto ele cuidava da esposa em um hospital de São Paulo. Percebe-se uma situação de violações de direitos dos cidadãos e de desrespeito ao devido processo legal. A crise nacional se agrava. Por outro lado, tem crescido em todo o País as manifestações contra o impeachment e o governo de Michel Temer.</p>
<p>E como ainda estamos dentro das atividades relativas à Semana Farroupilha no Rio Grande do Sul, o programa traz umaa música que é um clássico gaúcho: &#8220;O Vento&#8221;, com os Monarcas.</p>

<!-- This site is optimized with the Yoast SEO plugin v27.2 - https://yoast.com/product/yoast-seo-wordpress/ -->
<title>Revista de Rádio #162: O papel da juventude na socieadade e nas igrejas - Instituto Cultural Padre Josimo</title>
<meta name="robots" content="index, follow, max-snippet:-1, max-image-preview:large, max-video-preview:-1" />
<link rel="canonical" href="https://padrejosimo.com.br/site/revista_radio/revista-de-radio-162-o-papel-da-juventude-na-socieadade-e-nas-igrejas/" />
<meta property="og:locale" content="pt_BR" />
<meta property="og:type" content="article" />
<meta property="og:title" content="Revista de Rádio #162: O papel da juventude na socieadade e nas igrejas - Instituto Cultural Padre Josimo" />
<meta property="og:description" content="A entrevista da semana é com o jovem de Recife (PE) que é da coordenação nacional da Pastoral da Juventude Estudantil, Pedro Jorge Silva. No bate papo, ele fala da participação dos jovens nas igrejas e na sociedade. Fala também da crise política pela qual passa o Brasil. A entrevista foi feita antes da votação [&hellip;]" />
<meta property="og:url" content="https://padrejosimo.com.br/site/revista_radio/revista-de-radio-162-o-papel-da-juventude-na-socieadade-e-nas-igrejas/" />
<meta property="og:site_name" content="Instituto Cultural Padre Josimo" />
<meta property="og:image" content="https://padrejosimo.com.br/site/wp-content/uploads/2025/09/cropped-icon-icpj.png" />
	<meta property="og:image:width" content="512" />
	<meta property="og:image:height" content="512" />
	<meta property="og:image:type" content="image/png" />
<meta name="twitter:card" content="summary_large_image" />
<meta name="twitter:label1" content="Est. tempo de leitura" />
	<meta name="twitter:data1" content="1 minuto" />
<script type="application/ld+json" class="yoast-schema-graph">{"@context":"https://schema.org","@graph":[{"@type":"WebPage","@id":"https://padrejosimo.com.br/site/revista_radio/revista-de-radio-162-o-papel-da-juventude-na-socieadade-e-nas-igrejas/","url":"https://padrejosimo.com.br/site/revista_radio/revista-de-radio-162-o-papel-da-juventude-na-socieadade-e-nas-igrejas/","name":"Revista de Rádio #162: O papel da juventude na socieadade e nas igrejas - Instituto Cultural Padre Josimo","isPartOf":{"@id":"https://padrejosimo.com.br/site/#website"},"datePublished":"2017-04-08T19:49:12+00:00","breadcrumb":{"@id":"https://padrejosimo.com.br/site/revista_radio/revista-de-radio-162-o-papel-da-juventude-na-socieadade-e-nas-igrejas/#breadcrumb"},"inLanguage":"pt-BR","potentialAction":[{"@type":"ReadAction","target":["https://padrejosimo.com.br/site/revista_radio/revista-de-radio-162-o-papel-da-juventude-na-socieadade-e-nas-igrejas/"]}]},{"@type":"BreadcrumbList","@id":"https://padrejosimo.com.br/site/revista_radio/revista-de-radio-162-o-papel-da-juventude-na-socieadade-e-nas-igrejas/#breadcrumb","itemListElement":[{"@type":"ListItem","position":1,"name":"Início","item":"https://padrejosimo.com.br/site/"},{"@type":"ListItem","position":2,"name":"Revistas Rádio","item":"https://padrejosimo.com.br/site/revista-radio/"},{"@type":"ListItem","position":3,"name":"Revista de Rádio #162: O papel da juventude na socieadade e nas igrejas"}]},{"@type":"WebSite","@id":"https://padrejosimo.com.br/site/#website","url":"https://padrejosimo.com.br/site/","name":"Instituto Cultural Padre Josimo","description":"Comprometida com a promoção da justiça social, agroecologia e educação popular","publisher":{"@id":"https://padrejosimo.com.br/site/#organization"},"alternateName":"ICPJ","potentialAction":[{"@type":"SearchAction","target":{"@type":"EntryPoint","urlTemplate":"https://padrejosimo.com.br/site/?s={search_term_string}"},"query-input":{"@type":"PropertyValueSpecification","valueRequired":true,"valueName":"search_term_string"}}],"inLanguage":"pt-BR"},{"@type":"Organization","@id":"https://padrejosimo.com.br/site/#organization","name":"Instituto Cultural Padre Josimo","alternateName":"ICPJ","url":"https://padrejosimo.com.br/site/","logo":{"@type":"ImageObject","inLanguage":"pt-BR","@id":"https://padrejosimo.com.br/site/#/schema/logo/image/","url":"https://padrejosimo.com.br/site/wp-content/uploads/2025/09/cropped-icon-icpj.png","contentUrl":"https://padrejosimo.com.br/site/wp-content/uploads/2025/09/cropped-icon-icpj.png","width":512,"height":512,"caption":"Instituto Cultural Padre Josimo"},"image":{"@id":"https://padrejosimo.com.br/site/#/schema/logo/image/"}}]}</script>
<!-- / Yoast SEO plugin. -->

Revista de Rádio #162: O papel da juventude na socieadade e nas igrejas - Instituto Cultural Padre Josimo

A entrevista da semana é com o jovem de Recife (PE) que é da coordenação nacional da Pastoral da Juventude Estudantil, Pedro Jorge Silva. No bate papo, ele fala da participação dos jovens nas igrejas e na sociedade. Fala também da crise política pela qual passa o Brasil. A entrevista foi feita antes da votação [&hellip;]

Início

Revistas Rádio

Comprometida com a promoção da justiça social, agroecologia e educação popular
