{"id":93,"date":"2017-04-08T16:48:34","date_gmt":"2017-04-08T19:48:34","guid":{"rendered":"http:\/\/bagual.com.br\/site\/?post_type=revista_radio&#038;p=93"},"modified":"2017-04-08T16:48:34","modified_gmt":"2017-04-08T19:48:34","slug":"revista-de-radio-161-a-participacao-dos-jovens-nas-igrejas-e-na-sociedade","status":"publish","type":"revista_radio","link":"https:\/\/padrejosimo.com.br\/site\/revista_radio\/revista-de-radio-161-a-participacao-dos-jovens-nas-igrejas-e-na-sociedade\/","title":{"rendered":"Revista de R\u00e1dio #161: A participa\u00e7\u00e3o dos jovens nas Igrejas e na Sociedade"},"content":{"rendered":"<p>A entrevista da semana \u00e9 com o jovem Iago Rodrigues, membro da Pastoral da Juventude Estudantil &#8211; PJE. Natural de Lorena (SP), ele \u00e9 formado em direito e conversa sobre a participa\u00e7\u00e3o dos jovens nas igrejas e na sociedade. Fala tamb\u00e9m da Crise pol\u00edtica pela qual passa o Brasil.<\/p>\n<p>Destacam-se entre as principais manchetes da semanas acassa\u00e7\u00e3o do deputado federal Eduardo Cunha, no in\u00edcio da Semana, que logo foi esquecida pela grande m\u00eddia. destaque tamb\u00e9m para a den\u00fancia sem provas do MPF contra o ex-presidente Luiz In\u00e1cio Lula da Silva, no meio da semana, que render\u00e1 ainda muitas manchetes.<\/p>\n<p>Nesse programa, frei Jo\u00e3o Osmar dedica mais um tempo para falar sobre a m\u00fasica da edi\u00e7\u00e3o: Carreirada, na voz do Velho Milongueiro. A letra dessa can\u00e7\u00e3o foi escrita por Mauro Machado, que \u00e9 parente do frei e natural l\u00e1 da Linha Alta de Cima, em Cerro Branco (RS), e se refere a uma cancha reta de corridas de cavalos daquele local. O frei chama aten\u00e7\u00e3o para o conte\u00fado da letra, que \u00e9 uma cr\u00edtica social, e trata do \u00eaxodo rural muito forte na \u00faltima metade do s\u00e9culo passado aqui no Rio Grande do Sul.<\/p>\n","protected":false},"featured_media":0,"template":"","class_list":["post-93","revista_radio","type-revista_radio","status-publish","hentry"],"acf":[],"yoast_head":"<!-- This site is optimized with the Yoast SEO plugin v27.2 - https:\/\/yoast.com\/product\/yoast-seo-wordpress\/ -->\n<title>Revista de R\u00e1dio #161: A participa\u00e7\u00e3o dos jovens nas Igrejas e na Sociedade - Instituto Cultural Padre Josimo<\/title>\n<meta name=\"robots\" content=\"index, follow, max-snippet:-1, max-image-preview:large, max-video-preview:-1\" \/>\n<link rel=\"canonical\" href=\"https:\/\/padrejosimo.com.br\/site\/revista_radio\/revista-de-radio-161-a-participacao-dos-jovens-nas-igrejas-e-na-sociedade\/\" \/>\n<meta property=\"og:locale\" content=\"pt_BR\" \/>\n<meta property=\"og:type\" content=\"article\" \/>\n<meta property=\"og:title\" content=\"Revista de R\u00e1dio #161: A participa\u00e7\u00e3o dos jovens nas Igrejas e na Sociedade - Instituto Cultural Padre Josimo\" \/>\n<meta property=\"og:description\" content=\"A entrevista da semana \u00e9 com o jovem Iago Rodrigues, membro da Pastoral da Juventude Estudantil &#8211; PJE. Natural de Lorena (SP), ele \u00e9 formado em direito e conversa sobre a participa\u00e7\u00e3o dos jovens nas igrejas e na sociedade. Fala tamb\u00e9m da Crise pol\u00edtica pela qual passa o Brasil. Destacam-se entre as principais manchetes da [&hellip;]\" \/>\n<meta property=\"og:url\" content=\"https:\/\/padrejosimo.com.br\/site\/revista_radio\/revista-de-radio-161-a-participacao-dos-jovens-nas-igrejas-e-na-sociedade\/\" \/>\n<meta property=\"og:site_name\" content=\"Instituto Cultural Padre Josimo\" \/>\n<meta property=\"og:image\" content=\"https:\/\/padrejosimo.com.br\/site\/wp-content\/uploads\/2025\/09\/cropped-icon-icpj.png\" \/>\n\t<meta property=\"og:image:width\" content=\"512\" \/>\n\t<meta property=\"og:image:height\" content=\"512\" \/>\n\t<meta property=\"og:image:type\" content=\"image\/png\" \/>\n<meta name=\"twitter:card\" content=\"summary_large_image\" \/>\n<meta name=\"twitter:label1\" content=\"Est. tempo de leitura\" \/>\n\t<meta name=\"twitter:data1\" content=\"1 minuto\" \/>\n<script type=\"application\/ld+json\" class=\"yoast-schema-graph\">{\"@context\":\"https:\/\/schema.org\",\"@graph\":[{\"@type\":\"WebPage\",\"@id\":\"https:\/\/padrejosimo.com.br\/site\/revista_radio\/revista-de-radio-161-a-participacao-dos-jovens-nas-igrejas-e-na-sociedade\/\",\"url\":\"https:\/\/padrejosimo.com.br\/site\/revista_radio\/revista-de-radio-161-a-participacao-dos-jovens-nas-igrejas-e-na-sociedade\/\",\"name\":\"Revista de R\u00e1dio #161: A participa\u00e7\u00e3o dos jovens nas Igrejas e na Sociedade - Instituto Cultural Padre Josimo\",\"isPartOf\":{\"@id\":\"https:\/\/padrejosimo.com.br\/site\/#website\"},\"datePublished\":\"2017-04-08T19:48:34+00:00\",\"breadcrumb\":{\"@id\":\"https:\/\/padrejosimo.com.br\/site\/revista_radio\/revista-de-radio-161-a-participacao-dos-jovens-nas-igrejas-e-na-sociedade\/#breadcrumb\"},\"inLanguage\":\"pt-BR\",\"potentialAction\":[{\"@type\":\"ReadAction\",\"target\":[\"https:\/\/padrejosimo.com.br\/site\/revista_radio\/revista-de-radio-161-a-participacao-dos-jovens-nas-igrejas-e-na-sociedade\/\"]}]},{\"@type\":\"BreadcrumbList\",\"@id\":\"https:\/\/padrejosimo.com.br\/site\/revista_radio\/revista-de-radio-161-a-participacao-dos-jovens-nas-igrejas-e-na-sociedade\/#breadcrumb\",\"itemListElement\":[{\"@type\":\"ListItem\",\"position\":1,\"name\":\"In\u00edcio\",\"item\":\"https:\/\/padrejosimo.com.br\/site\/\"},{\"@type\":\"ListItem\",\"position\":2,\"name\":\"Revistas R\u00e1dio\",\"item\":\"https:\/\/padrejosimo.com.br\/site\/revista-radio\/\"},{\"@type\":\"ListItem\",\"position\":3,\"name\":\"Revista de R\u00e1dio #161: A participa\u00e7\u00e3o dos jovens nas Igrejas e na Sociedade\"}]},{\"@type\":\"WebSite\",\"@id\":\"https:\/\/padrejosimo.com.br\/site\/#website\",\"url\":\"https:\/\/padrejosimo.com.br\/site\/\",\"name\":\"Instituto Cultural Padre Josimo\",\"description\":\"Comprometida com a promo\u00e7\u00e3o da justi\u00e7a social, agroecologia e educa\u00e7\u00e3o popular\",\"publisher\":{\"@id\":\"https:\/\/padrejosimo.com.br\/site\/#organization\"},\"alternateName\":\"ICPJ\",\"potentialAction\":[{\"@type\":\"SearchAction\",\"target\":{\"@type\":\"EntryPoint\",\"urlTemplate\":\"https:\/\/padrejosimo.com.br\/site\/?s={search_term_string}\"},\"query-input\":{\"@type\":\"PropertyValueSpecification\",\"valueRequired\":true,\"valueName\":\"search_term_string\"}}],\"inLanguage\":\"pt-BR\"},{\"@type\":\"Organization\",\"@id\":\"https:\/\/padrejosimo.com.br\/site\/#organization\",\"name\":\"Instituto Cultural Padre Josimo\",\"alternateName\":\"ICPJ\",\"url\":\"https:\/\/padrejosimo.com.br\/site\/\",\"logo\":{\"@type\":\"ImageObject\",\"inLanguage\":\"pt-BR\",\"@id\":\"https:\/\/padrejosimo.com.br\/site\/#\/schema\/logo\/image\/\",\"url\":\"https:\/\/padrejosimo.com.br\/site\/wp-content\/uploads\/2025\/09\/cropped-icon-icpj.png\",\"contentUrl\":\"https:\/\/padrejosimo.com.br\/site\/wp-content\/uploads\/2025\/09\/cropped-icon-icpj.png\",\"width\":512,\"height\":512,\"caption\":\"Instituto Cultural Padre Josimo\"},\"image\":{\"@id\":\"https:\/\/padrejosimo.com.br\/site\/#\/schema\/logo\/image\/\"}}]}<\/script>\n<!-- \/ Yoast SEO plugin. -->","yoast_head_json":{"title":"Revista de R\u00e1dio #161: A participa\u00e7\u00e3o dos jovens nas Igrejas e na Sociedade - Instituto Cultural Padre Josimo","robots":{"index":"index","follow":"follow","max-snippet":"max-snippet:-1","max-image-preview":"max-image-preview:large","max-video-preview":"max-video-preview:-1"},"canonical":"https:\/\/padrejosimo.com.br\/site\/revista_radio\/revista-de-radio-161-a-participacao-dos-jovens-nas-igrejas-e-na-sociedade\/","og_locale":"pt_BR","og_type":"article","og_title":"Revista de R\u00e1dio #161: A participa\u00e7\u00e3o dos jovens nas Igrejas e na Sociedade - Instituto Cultural Padre Josimo","og_description":"A entrevista da semana \u00e9 com o jovem Iago Rodrigues, membro da Pastoral da Juventude Estudantil &#8211; PJE. Natural de Lorena (SP), ele \u00e9 formado em direito e conversa sobre a participa\u00e7\u00e3o dos jovens nas igrejas e na sociedade. Fala tamb\u00e9m da Crise pol\u00edtica pela qual passa o Brasil. Destacam-se entre as principais manchetes da [&hellip;]","og_url":"https:\/\/padrejosimo.com.br\/site\/revista_radio\/revista-de-radio-161-a-participacao-dos-jovens-nas-igrejas-e-na-sociedade\/","og_site_name":"Instituto Cultural Padre Josimo","og_image":[{"width":512,"height":512,"url":"https:\/\/padrejosimo.com.br\/site\/wp-content\/uploads\/2025\/09\/cropped-icon-icpj.png","type":"image\/png"}],"twitter_card":"summary_large_image","twitter_misc":{"Est. tempo de leitura":"1 minuto"},"schema":{"@context":"https:\/\/schema.org","@graph":[{"@type":"WebPage","@id":"https:\/\/padrejosimo.com.br\/site\/revista_radio\/revista-de-radio-161-a-participacao-dos-jovens-nas-igrejas-e-na-sociedade\/","url":"https:\/\/padrejosimo.com.br\/site\/revista_radio\/revista-de-radio-161-a-participacao-dos-jovens-nas-igrejas-e-na-sociedade\/","name":"Revista de R\u00e1dio #161: A participa\u00e7\u00e3o dos jovens nas Igrejas e na Sociedade - Instituto Cultural Padre Josimo","isPartOf":{"@id":"https:\/\/padrejosimo.com.br\/site\/#website"},"datePublished":"2017-04-08T19:48:34+00:00","breadcrumb":{"@id":"https:\/\/padrejosimo.com.br\/site\/revista_radio\/revista-de-radio-161-a-participacao-dos-jovens-nas-igrejas-e-na-sociedade\/#breadcrumb"},"inLanguage":"pt-BR","potentialAction":[{"@type":"ReadAction","target":["https:\/\/padrejosimo.com.br\/site\/revista_radio\/revista-de-radio-161-a-participacao-dos-jovens-nas-igrejas-e-na-sociedade\/"]}]},{"@type":"BreadcrumbList","@id":"https:\/\/padrejosimo.com.br\/site\/revista_radio\/revista-de-radio-161-a-participacao-dos-jovens-nas-igrejas-e-na-sociedade\/#breadcrumb","itemListElement":[{"@type":"ListItem","position":1,"name":"In\u00edcio","item":"https:\/\/padrejosimo.com.br\/site\/"},{"@type":"ListItem","position":2,"name":"Revistas R\u00e1dio","item":"https:\/\/padrejosimo.com.br\/site\/revista-radio\/"},{"@type":"ListItem","position":3,"name":"Revista de R\u00e1dio #161: A participa\u00e7\u00e3o dos jovens nas Igrejas e na Sociedade"}]},{"@type":"WebSite","@id":"https:\/\/padrejosimo.com.br\/site\/#website","url":"https:\/\/padrejosimo.com.br\/site\/","name":"Instituto Cultural Padre Josimo","description":"Comprometida com a promo\u00e7\u00e3o da justi\u00e7a social, agroecologia e educa\u00e7\u00e3o popular","publisher":{"@id":"https:\/\/padrejosimo.com.br\/site\/#organization"},"alternateName":"ICPJ","potentialAction":[{"@type":"SearchAction","target":{"@type":"EntryPoint","urlTemplate":"https:\/\/padrejosimo.com.br\/site\/?s={search_term_string}"},"query-input":{"@type":"PropertyValueSpecification","valueRequired":true,"valueName":"search_term_string"}}],"inLanguage":"pt-BR"},{"@type":"Organization","@id":"https:\/\/padrejosimo.com.br\/site\/#organization","name":"Instituto Cultural Padre Josimo","alternateName":"ICPJ","url":"https:\/\/padrejosimo.com.br\/site\/","logo":{"@type":"ImageObject","inLanguage":"pt-BR","@id":"https:\/\/padrejosimo.com.br\/site\/#\/schema\/logo\/image\/","url":"https:\/\/padrejosimo.com.br\/site\/wp-content\/uploads\/2025\/09\/cropped-icon-icpj.png","contentUrl":"https:\/\/padrejosimo.com.br\/site\/wp-content\/uploads\/2025\/09\/cropped-icon-icpj.png","width":512,"height":512,"caption":"Instituto Cultural Padre Josimo"},"image":{"@id":"https:\/\/padrejosimo.com.br\/site\/#\/schema\/logo\/image\/"}}]}},"_links":{"self":[{"href":"https:\/\/padrejosimo.com.br\/site\/wp-json\/wp\/v2\/revista_radio\/93","targetHints":{"allow":["GET"]}}],"collection":[{"href":"https:\/\/padrejosimo.com.br\/site\/wp-json\/wp\/v2\/revista_radio"}],"about":[{"href":"https:\/\/padrejosimo.com.br\/site\/wp-json\/wp\/v2\/types\/revista_radio"}],"wp:attachment":[{"href":"https:\/\/padrejosimo.com.br\/site\/wp-json\/wp\/v2\/media?parent=93"}],"curies":[{"name":"wp","href":"https:\/\/api.w.org\/{rel}","templated":true}]}}

Revista de Rádio #161: A participação dos jovens nas Igrejas e na Sociedade

<p>A entrevista da semana é com o jovem Iago Rodrigues, membro da Pastoral da Juventude Estudantil &#8211; PJE. Natural de Lorena (SP), ele é formado em direito e conversa sobre a participação dos jovens nas igrejas e na sociedade. Fala também da Crise política pela qual passa o Brasil.</p>
<p>Destacam-se entre as principais manchetes da semanas acassação do deputado federal Eduardo Cunha, no início da Semana, que logo foi esquecida pela grande mídia. destaque também para a denúncia sem provas do MPF contra o ex-presidente Luiz Inácio Lula da Silva, no meio da semana, que renderá ainda muitas manchetes.</p>
<p>Nesse programa, frei João Osmar dedica mais um tempo para falar sobre a música da edição: Carreirada, na voz do Velho Milongueiro. A letra dessa canção foi escrita por Mauro Machado, que é parente do frei e natural lá da Linha Alta de Cima, em Cerro Branco (RS), e se refere a uma cancha reta de corridas de cavalos daquele local. O frei chama atenção para o conteúdo da letra, que é uma crítica social, e trata do êxodo rural muito forte na última metade do século passado aqui no Rio Grande do Sul.</p>

<!-- This site is optimized with the Yoast SEO plugin v27.2 - https://yoast.com/product/yoast-seo-wordpress/ -->
<title>Revista de Rádio #161: A participação dos jovens nas Igrejas e na Sociedade - Instituto Cultural Padre Josimo</title>
<meta name="robots" content="index, follow, max-snippet:-1, max-image-preview:large, max-video-preview:-1" />
<link rel="canonical" href="https://padrejosimo.com.br/site/revista_radio/revista-de-radio-161-a-participacao-dos-jovens-nas-igrejas-e-na-sociedade/" />
<meta property="og:locale" content="pt_BR" />
<meta property="og:type" content="article" />
<meta property="og:title" content="Revista de Rádio #161: A participação dos jovens nas Igrejas e na Sociedade - Instituto Cultural Padre Josimo" />
<meta property="og:description" content="A entrevista da semana é com o jovem Iago Rodrigues, membro da Pastoral da Juventude Estudantil &#8211; PJE. Natural de Lorena (SP), ele é formado em direito e conversa sobre a participação dos jovens nas igrejas e na sociedade. Fala também da Crise política pela qual passa o Brasil. Destacam-se entre as principais manchetes da [&hellip;]" />
<meta property="og:url" content="https://padrejosimo.com.br/site/revista_radio/revista-de-radio-161-a-participacao-dos-jovens-nas-igrejas-e-na-sociedade/" />
<meta property="og:site_name" content="Instituto Cultural Padre Josimo" />
<meta property="og:image" content="https://padrejosimo.com.br/site/wp-content/uploads/2025/09/cropped-icon-icpj.png" />
	<meta property="og:image:width" content="512" />
	<meta property="og:image:height" content="512" />
	<meta property="og:image:type" content="image/png" />
<meta name="twitter:card" content="summary_large_image" />
<meta name="twitter:label1" content="Est. tempo de leitura" />
	<meta name="twitter:data1" content="1 minuto" />
<script type="application/ld+json" class="yoast-schema-graph">{"@context":"https://schema.org","@graph":[{"@type":"WebPage","@id":"https://padrejosimo.com.br/site/revista_radio/revista-de-radio-161-a-participacao-dos-jovens-nas-igrejas-e-na-sociedade/","url":"https://padrejosimo.com.br/site/revista_radio/revista-de-radio-161-a-participacao-dos-jovens-nas-igrejas-e-na-sociedade/","name":"Revista de Rádio #161: A participação dos jovens nas Igrejas e na Sociedade - Instituto Cultural Padre Josimo","isPartOf":{"@id":"https://padrejosimo.com.br/site/#website"},"datePublished":"2017-04-08T19:48:34+00:00","breadcrumb":{"@id":"https://padrejosimo.com.br/site/revista_radio/revista-de-radio-161-a-participacao-dos-jovens-nas-igrejas-e-na-sociedade/#breadcrumb"},"inLanguage":"pt-BR","potentialAction":[{"@type":"ReadAction","target":["https://padrejosimo.com.br/site/revista_radio/revista-de-radio-161-a-participacao-dos-jovens-nas-igrejas-e-na-sociedade/"]}]},{"@type":"BreadcrumbList","@id":"https://padrejosimo.com.br/site/revista_radio/revista-de-radio-161-a-participacao-dos-jovens-nas-igrejas-e-na-sociedade/#breadcrumb","itemListElement":[{"@type":"ListItem","position":1,"name":"Início","item":"https://padrejosimo.com.br/site/"},{"@type":"ListItem","position":2,"name":"Revistas Rádio","item":"https://padrejosimo.com.br/site/revista-radio/"},{"@type":"ListItem","position":3,"name":"Revista de Rádio #161: A participação dos jovens nas Igrejas e na Sociedade"}]},{"@type":"WebSite","@id":"https://padrejosimo.com.br/site/#website","url":"https://padrejosimo.com.br/site/","name":"Instituto Cultural Padre Josimo","description":"Comprometida com a promoção da justiça social, agroecologia e educação popular","publisher":{"@id":"https://padrejosimo.com.br/site/#organization"},"alternateName":"ICPJ","potentialAction":[{"@type":"SearchAction","target":{"@type":"EntryPoint","urlTemplate":"https://padrejosimo.com.br/site/?s={search_term_string}"},"query-input":{"@type":"PropertyValueSpecification","valueRequired":true,"valueName":"search_term_string"}}],"inLanguage":"pt-BR"},{"@type":"Organization","@id":"https://padrejosimo.com.br/site/#organization","name":"Instituto Cultural Padre Josimo","alternateName":"ICPJ","url":"https://padrejosimo.com.br/site/","logo":{"@type":"ImageObject","inLanguage":"pt-BR","@id":"https://padrejosimo.com.br/site/#/schema/logo/image/","url":"https://padrejosimo.com.br/site/wp-content/uploads/2025/09/cropped-icon-icpj.png","contentUrl":"https://padrejosimo.com.br/site/wp-content/uploads/2025/09/cropped-icon-icpj.png","width":512,"height":512,"caption":"Instituto Cultural Padre Josimo"},"image":{"@id":"https://padrejosimo.com.br/site/#/schema/logo/image/"}}]}</script>
<!-- / Yoast SEO plugin. -->

Revista de Rádio #161: A participação dos jovens nas Igrejas e na Sociedade - Instituto Cultural Padre Josimo

A entrevista da semana é com o jovem Iago Rodrigues, membro da Pastoral da Juventude Estudantil &#8211; PJE. Natural de Lorena (SP), ele é formado em direito e conversa sobre a participação dos jovens nas igrejas e na sociedade. Fala também da Crise política pela qual passa o Brasil. Destacam-se entre as principais manchetes da [&hellip;]

Início

Revistas Rádio

Comprometida com a promoção da justiça social, agroecologia e educação popular
