{"id":89,"date":"2017-04-08T16:45:55","date_gmt":"2017-04-08T19:45:55","guid":{"rendered":"http:\/\/bagual.com.br\/site\/?post_type=revista_radio&#038;p=89"},"modified":"2017-04-08T16:45:55","modified_gmt":"2017-04-08T19:45:55","slug":"revista-de-radio-159-crise-politica-no-brasil-e-influencia-da-midia-no-processo","status":"publish","type":"revista_radio","link":"https:\/\/padrejosimo.com.br\/site\/revista_radio\/revista-de-radio-159-crise-politica-no-brasil-e-influencia-da-midia-no-processo\/","title":{"rendered":"Revista de R\u00e1dio #159: Crise pol\u00edtica no Brasil e influ\u00eancia da m\u00eddia no processo"},"content":{"rendered":"<p>A entrevista da semana \u00e9 com o professor Pedrinho Guareschi, da URFRGS. Ele tamb\u00e9m foi professor na PUC-RS. \u00c9 escritor e palestrante sobre comunica\u00e7\u00e3o e m\u00eddia.<\/p>\n<p>Entre as principais not\u00edcias da semana, destaque para a apresenta\u00e7\u00e3o ao vivo do Senado Federal com as diversas sess\u00f5es sobre o impedimento da Presidenta Dilma, que resultou na destitui\u00e7\u00e3o do seu mandato. A classe dominante brasileira se alia ao grande capital estrangeiro para montar um esquema gigantesco e conseguir o seu intento: ompedir que a presidenta eleita governasse, criar um caos nacional e ent\u00e3o culpa-la por isso.<\/p>\n<p>O programa ainda traz a m\u00fasica &#8220;Meu peda\u00e7o de Ch\u00e3o&#8221;, de Ant\u00f4nio Gringo.<\/p>\n<p>O programa traz ainda a m\u00fasica &#8220;Pra n\u00e3o dizer que n\u00e3o falei de flores&#8221;, com Geraldo Vandr\u00e9.<\/p>\n","protected":false},"featured_media":0,"template":"","class_list":["post-89","revista_radio","type-revista_radio","status-publish","hentry"],"acf":[],"yoast_head":"<!-- This site is optimized with the Yoast SEO plugin v27.2 - https:\/\/yoast.com\/product\/yoast-seo-wordpress\/ -->\n<title>Revista de R\u00e1dio #159: Crise pol\u00edtica no Brasil e influ\u00eancia da m\u00eddia no processo - Instituto Cultural Padre Josimo<\/title>\n<meta name=\"robots\" content=\"index, follow, max-snippet:-1, max-image-preview:large, max-video-preview:-1\" \/>\n<link rel=\"canonical\" href=\"https:\/\/padrejosimo.com.br\/site\/revista_radio\/revista-de-radio-159-crise-politica-no-brasil-e-influencia-da-midia-no-processo\/\" \/>\n<meta property=\"og:locale\" content=\"pt_BR\" \/>\n<meta property=\"og:type\" content=\"article\" \/>\n<meta property=\"og:title\" content=\"Revista de R\u00e1dio #159: Crise pol\u00edtica no Brasil e influ\u00eancia da m\u00eddia no processo - Instituto Cultural Padre Josimo\" \/>\n<meta property=\"og:description\" content=\"A entrevista da semana \u00e9 com o professor Pedrinho Guareschi, da URFRGS. Ele tamb\u00e9m foi professor na PUC-RS. \u00c9 escritor e palestrante sobre comunica\u00e7\u00e3o e m\u00eddia. Entre as principais not\u00edcias da semana, destaque para a apresenta\u00e7\u00e3o ao vivo do Senado Federal com as diversas sess\u00f5es sobre o impedimento da Presidenta Dilma, que resultou na destitui\u00e7\u00e3o [&hellip;]\" \/>\n<meta property=\"og:url\" content=\"https:\/\/padrejosimo.com.br\/site\/revista_radio\/revista-de-radio-159-crise-politica-no-brasil-e-influencia-da-midia-no-processo\/\" \/>\n<meta property=\"og:site_name\" content=\"Instituto Cultural Padre Josimo\" \/>\n<meta property=\"og:image\" content=\"https:\/\/padrejosimo.com.br\/site\/wp-content\/uploads\/2025\/09\/cropped-icon-icpj.png\" \/>\n\t<meta property=\"og:image:width\" content=\"512\" \/>\n\t<meta property=\"og:image:height\" content=\"512\" \/>\n\t<meta property=\"og:image:type\" content=\"image\/png\" \/>\n<meta name=\"twitter:card\" content=\"summary_large_image\" \/>\n<meta name=\"twitter:label1\" content=\"Est. tempo de leitura\" \/>\n\t<meta name=\"twitter:data1\" content=\"1 minuto\" \/>\n<script type=\"application\/ld+json\" class=\"yoast-schema-graph\">{\"@context\":\"https:\/\/schema.org\",\"@graph\":[{\"@type\":\"WebPage\",\"@id\":\"https:\/\/padrejosimo.com.br\/site\/revista_radio\/revista-de-radio-159-crise-politica-no-brasil-e-influencia-da-midia-no-processo\/\",\"url\":\"https:\/\/padrejosimo.com.br\/site\/revista_radio\/revista-de-radio-159-crise-politica-no-brasil-e-influencia-da-midia-no-processo\/\",\"name\":\"Revista de R\u00e1dio #159: Crise pol\u00edtica no Brasil e influ\u00eancia da m\u00eddia no processo - Instituto Cultural Padre Josimo\",\"isPartOf\":{\"@id\":\"https:\/\/padrejosimo.com.br\/site\/#website\"},\"datePublished\":\"2017-04-08T19:45:55+00:00\",\"breadcrumb\":{\"@id\":\"https:\/\/padrejosimo.com.br\/site\/revista_radio\/revista-de-radio-159-crise-politica-no-brasil-e-influencia-da-midia-no-processo\/#breadcrumb\"},\"inLanguage\":\"pt-BR\",\"potentialAction\":[{\"@type\":\"ReadAction\",\"target\":[\"https:\/\/padrejosimo.com.br\/site\/revista_radio\/revista-de-radio-159-crise-politica-no-brasil-e-influencia-da-midia-no-processo\/\"]}]},{\"@type\":\"BreadcrumbList\",\"@id\":\"https:\/\/padrejosimo.com.br\/site\/revista_radio\/revista-de-radio-159-crise-politica-no-brasil-e-influencia-da-midia-no-processo\/#breadcrumb\",\"itemListElement\":[{\"@type\":\"ListItem\",\"position\":1,\"name\":\"In\u00edcio\",\"item\":\"https:\/\/padrejosimo.com.br\/site\/\"},{\"@type\":\"ListItem\",\"position\":2,\"name\":\"Revistas R\u00e1dio\",\"item\":\"https:\/\/padrejosimo.com.br\/site\/revista-radio\/\"},{\"@type\":\"ListItem\",\"position\":3,\"name\":\"Revista de R\u00e1dio #159: Crise pol\u00edtica no Brasil e influ\u00eancia da m\u00eddia no processo\"}]},{\"@type\":\"WebSite\",\"@id\":\"https:\/\/padrejosimo.com.br\/site\/#website\",\"url\":\"https:\/\/padrejosimo.com.br\/site\/\",\"name\":\"Instituto Cultural Padre Josimo\",\"description\":\"Comprometida com a promo\u00e7\u00e3o da justi\u00e7a social, agroecologia e educa\u00e7\u00e3o popular\",\"publisher\":{\"@id\":\"https:\/\/padrejosimo.com.br\/site\/#organization\"},\"alternateName\":\"ICPJ\",\"potentialAction\":[{\"@type\":\"SearchAction\",\"target\":{\"@type\":\"EntryPoint\",\"urlTemplate\":\"https:\/\/padrejosimo.com.br\/site\/?s={search_term_string}\"},\"query-input\":{\"@type\":\"PropertyValueSpecification\",\"valueRequired\":true,\"valueName\":\"search_term_string\"}}],\"inLanguage\":\"pt-BR\"},{\"@type\":\"Organization\",\"@id\":\"https:\/\/padrejosimo.com.br\/site\/#organization\",\"name\":\"Instituto Cultural Padre Josimo\",\"alternateName\":\"ICPJ\",\"url\":\"https:\/\/padrejosimo.com.br\/site\/\",\"logo\":{\"@type\":\"ImageObject\",\"inLanguage\":\"pt-BR\",\"@id\":\"https:\/\/padrejosimo.com.br\/site\/#\/schema\/logo\/image\/\",\"url\":\"https:\/\/padrejosimo.com.br\/site\/wp-content\/uploads\/2025\/09\/cropped-icon-icpj.png\",\"contentUrl\":\"https:\/\/padrejosimo.com.br\/site\/wp-content\/uploads\/2025\/09\/cropped-icon-icpj.png\",\"width\":512,\"height\":512,\"caption\":\"Instituto Cultural Padre Josimo\"},\"image\":{\"@id\":\"https:\/\/padrejosimo.com.br\/site\/#\/schema\/logo\/image\/\"}}]}<\/script>\n<!-- \/ Yoast SEO plugin. -->","yoast_head_json":{"title":"Revista de R\u00e1dio #159: Crise pol\u00edtica no Brasil e influ\u00eancia da m\u00eddia no processo - Instituto Cultural Padre Josimo","robots":{"index":"index","follow":"follow","max-snippet":"max-snippet:-1","max-image-preview":"max-image-preview:large","max-video-preview":"max-video-preview:-1"},"canonical":"https:\/\/padrejosimo.com.br\/site\/revista_radio\/revista-de-radio-159-crise-politica-no-brasil-e-influencia-da-midia-no-processo\/","og_locale":"pt_BR","og_type":"article","og_title":"Revista de R\u00e1dio #159: Crise pol\u00edtica no Brasil e influ\u00eancia da m\u00eddia no processo - Instituto Cultural Padre Josimo","og_description":"A entrevista da semana \u00e9 com o professor Pedrinho Guareschi, da URFRGS. Ele tamb\u00e9m foi professor na PUC-RS. \u00c9 escritor e palestrante sobre comunica\u00e7\u00e3o e m\u00eddia. Entre as principais not\u00edcias da semana, destaque para a apresenta\u00e7\u00e3o ao vivo do Senado Federal com as diversas sess\u00f5es sobre o impedimento da Presidenta Dilma, que resultou na destitui\u00e7\u00e3o [&hellip;]","og_url":"https:\/\/padrejosimo.com.br\/site\/revista_radio\/revista-de-radio-159-crise-politica-no-brasil-e-influencia-da-midia-no-processo\/","og_site_name":"Instituto Cultural Padre Josimo","og_image":[{"width":512,"height":512,"url":"https:\/\/padrejosimo.com.br\/site\/wp-content\/uploads\/2025\/09\/cropped-icon-icpj.png","type":"image\/png"}],"twitter_card":"summary_large_image","twitter_misc":{"Est. tempo de leitura":"1 minuto"},"schema":{"@context":"https:\/\/schema.org","@graph":[{"@type":"WebPage","@id":"https:\/\/padrejosimo.com.br\/site\/revista_radio\/revista-de-radio-159-crise-politica-no-brasil-e-influencia-da-midia-no-processo\/","url":"https:\/\/padrejosimo.com.br\/site\/revista_radio\/revista-de-radio-159-crise-politica-no-brasil-e-influencia-da-midia-no-processo\/","name":"Revista de R\u00e1dio #159: Crise pol\u00edtica no Brasil e influ\u00eancia da m\u00eddia no processo - Instituto Cultural Padre Josimo","isPartOf":{"@id":"https:\/\/padrejosimo.com.br\/site\/#website"},"datePublished":"2017-04-08T19:45:55+00:00","breadcrumb":{"@id":"https:\/\/padrejosimo.com.br\/site\/revista_radio\/revista-de-radio-159-crise-politica-no-brasil-e-influencia-da-midia-no-processo\/#breadcrumb"},"inLanguage":"pt-BR","potentialAction":[{"@type":"ReadAction","target":["https:\/\/padrejosimo.com.br\/site\/revista_radio\/revista-de-radio-159-crise-politica-no-brasil-e-influencia-da-midia-no-processo\/"]}]},{"@type":"BreadcrumbList","@id":"https:\/\/padrejosimo.com.br\/site\/revista_radio\/revista-de-radio-159-crise-politica-no-brasil-e-influencia-da-midia-no-processo\/#breadcrumb","itemListElement":[{"@type":"ListItem","position":1,"name":"In\u00edcio","item":"https:\/\/padrejosimo.com.br\/site\/"},{"@type":"ListItem","position":2,"name":"Revistas R\u00e1dio","item":"https:\/\/padrejosimo.com.br\/site\/revista-radio\/"},{"@type":"ListItem","position":3,"name":"Revista de R\u00e1dio #159: Crise pol\u00edtica no Brasil e influ\u00eancia da m\u00eddia no processo"}]},{"@type":"WebSite","@id":"https:\/\/padrejosimo.com.br\/site\/#website","url":"https:\/\/padrejosimo.com.br\/site\/","name":"Instituto Cultural Padre Josimo","description":"Comprometida com a promo\u00e7\u00e3o da justi\u00e7a social, agroecologia e educa\u00e7\u00e3o popular","publisher":{"@id":"https:\/\/padrejosimo.com.br\/site\/#organization"},"alternateName":"ICPJ","potentialAction":[{"@type":"SearchAction","target":{"@type":"EntryPoint","urlTemplate":"https:\/\/padrejosimo.com.br\/site\/?s={search_term_string}"},"query-input":{"@type":"PropertyValueSpecification","valueRequired":true,"valueName":"search_term_string"}}],"inLanguage":"pt-BR"},{"@type":"Organization","@id":"https:\/\/padrejosimo.com.br\/site\/#organization","name":"Instituto Cultural Padre Josimo","alternateName":"ICPJ","url":"https:\/\/padrejosimo.com.br\/site\/","logo":{"@type":"ImageObject","inLanguage":"pt-BR","@id":"https:\/\/padrejosimo.com.br\/site\/#\/schema\/logo\/image\/","url":"https:\/\/padrejosimo.com.br\/site\/wp-content\/uploads\/2025\/09\/cropped-icon-icpj.png","contentUrl":"https:\/\/padrejosimo.com.br\/site\/wp-content\/uploads\/2025\/09\/cropped-icon-icpj.png","width":512,"height":512,"caption":"Instituto Cultural Padre Josimo"},"image":{"@id":"https:\/\/padrejosimo.com.br\/site\/#\/schema\/logo\/image\/"}}]}},"_links":{"self":[{"href":"https:\/\/padrejosimo.com.br\/site\/wp-json\/wp\/v2\/revista_radio\/89","targetHints":{"allow":["GET"]}}],"collection":[{"href":"https:\/\/padrejosimo.com.br\/site\/wp-json\/wp\/v2\/revista_radio"}],"about":[{"href":"https:\/\/padrejosimo.com.br\/site\/wp-json\/wp\/v2\/types\/revista_radio"}],"wp:attachment":[{"href":"https:\/\/padrejosimo.com.br\/site\/wp-json\/wp\/v2\/media?parent=89"}],"curies":[{"name":"wp","href":"https:\/\/api.w.org\/{rel}","templated":true}]}}

Revista de Rádio #159: Crise política no Brasil e influência da mídia no processo

<p>A entrevista da semana é com o professor Pedrinho Guareschi, da URFRGS. Ele também foi professor na PUC-RS. É escritor e palestrante sobre comunicação e mídia.</p>
<p>Entre as principais notícias da semana, destaque para a apresentação ao vivo do Senado Federal com as diversas sessões sobre o impedimento da Presidenta Dilma, que resultou na destituição do seu mandato. A classe dominante brasileira se alia ao grande capital estrangeiro para montar um esquema gigantesco e conseguir o seu intento: ompedir que a presidenta eleita governasse, criar um caos nacional e então culpa-la por isso.</p>
<p>O programa ainda traz a música &#8220;Meu pedaço de Chão&#8221;, de Antônio Gringo.</p>
<p>O programa traz ainda a música &#8220;Pra não dizer que não falei de flores&#8221;, com Geraldo Vandré.</p>

<!-- This site is optimized with the Yoast SEO plugin v27.2 - https://yoast.com/product/yoast-seo-wordpress/ -->
<title>Revista de Rádio #159: Crise política no Brasil e influência da mídia no processo - Instituto Cultural Padre Josimo</title>
<meta name="robots" content="index, follow, max-snippet:-1, max-image-preview:large, max-video-preview:-1" />
<link rel="canonical" href="https://padrejosimo.com.br/site/revista_radio/revista-de-radio-159-crise-politica-no-brasil-e-influencia-da-midia-no-processo/" />
<meta property="og:locale" content="pt_BR" />
<meta property="og:type" content="article" />
<meta property="og:title" content="Revista de Rádio #159: Crise política no Brasil e influência da mídia no processo - Instituto Cultural Padre Josimo" />
<meta property="og:description" content="A entrevista da semana é com o professor Pedrinho Guareschi, da URFRGS. Ele também foi professor na PUC-RS. É escritor e palestrante sobre comunicação e mídia. Entre as principais notícias da semana, destaque para a apresentação ao vivo do Senado Federal com as diversas sessões sobre o impedimento da Presidenta Dilma, que resultou na destituição [&hellip;]" />
<meta property="og:url" content="https://padrejosimo.com.br/site/revista_radio/revista-de-radio-159-crise-politica-no-brasil-e-influencia-da-midia-no-processo/" />
<meta property="og:site_name" content="Instituto Cultural Padre Josimo" />
<meta property="og:image" content="https://padrejosimo.com.br/site/wp-content/uploads/2025/09/cropped-icon-icpj.png" />
	<meta property="og:image:width" content="512" />
	<meta property="og:image:height" content="512" />
	<meta property="og:image:type" content="image/png" />
<meta name="twitter:card" content="summary_large_image" />
<meta name="twitter:label1" content="Est. tempo de leitura" />
	<meta name="twitter:data1" content="1 minuto" />
<script type="application/ld+json" class="yoast-schema-graph">{"@context":"https://schema.org","@graph":[{"@type":"WebPage","@id":"https://padrejosimo.com.br/site/revista_radio/revista-de-radio-159-crise-politica-no-brasil-e-influencia-da-midia-no-processo/","url":"https://padrejosimo.com.br/site/revista_radio/revista-de-radio-159-crise-politica-no-brasil-e-influencia-da-midia-no-processo/","name":"Revista de Rádio #159: Crise política no Brasil e influência da mídia no processo - Instituto Cultural Padre Josimo","isPartOf":{"@id":"https://padrejosimo.com.br/site/#website"},"datePublished":"2017-04-08T19:45:55+00:00","breadcrumb":{"@id":"https://padrejosimo.com.br/site/revista_radio/revista-de-radio-159-crise-politica-no-brasil-e-influencia-da-midia-no-processo/#breadcrumb"},"inLanguage":"pt-BR","potentialAction":[{"@type":"ReadAction","target":["https://padrejosimo.com.br/site/revista_radio/revista-de-radio-159-crise-politica-no-brasil-e-influencia-da-midia-no-processo/"]}]},{"@type":"BreadcrumbList","@id":"https://padrejosimo.com.br/site/revista_radio/revista-de-radio-159-crise-politica-no-brasil-e-influencia-da-midia-no-processo/#breadcrumb","itemListElement":[{"@type":"ListItem","position":1,"name":"Início","item":"https://padrejosimo.com.br/site/"},{"@type":"ListItem","position":2,"name":"Revistas Rádio","item":"https://padrejosimo.com.br/site/revista-radio/"},{"@type":"ListItem","position":3,"name":"Revista de Rádio #159: Crise política no Brasil e influência da mídia no processo"}]},{"@type":"WebSite","@id":"https://padrejosimo.com.br/site/#website","url":"https://padrejosimo.com.br/site/","name":"Instituto Cultural Padre Josimo","description":"Comprometida com a promoção da justiça social, agroecologia e educação popular","publisher":{"@id":"https://padrejosimo.com.br/site/#organization"},"alternateName":"ICPJ","potentialAction":[{"@type":"SearchAction","target":{"@type":"EntryPoint","urlTemplate":"https://padrejosimo.com.br/site/?s={search_term_string}"},"query-input":{"@type":"PropertyValueSpecification","valueRequired":true,"valueName":"search_term_string"}}],"inLanguage":"pt-BR"},{"@type":"Organization","@id":"https://padrejosimo.com.br/site/#organization","name":"Instituto Cultural Padre Josimo","alternateName":"ICPJ","url":"https://padrejosimo.com.br/site/","logo":{"@type":"ImageObject","inLanguage":"pt-BR","@id":"https://padrejosimo.com.br/site/#/schema/logo/image/","url":"https://padrejosimo.com.br/site/wp-content/uploads/2025/09/cropped-icon-icpj.png","contentUrl":"https://padrejosimo.com.br/site/wp-content/uploads/2025/09/cropped-icon-icpj.png","width":512,"height":512,"caption":"Instituto Cultural Padre Josimo"},"image":{"@id":"https://padrejosimo.com.br/site/#/schema/logo/image/"}}]}</script>
<!-- / Yoast SEO plugin. -->

Revista de Rádio #159: Crise política no Brasil e influência da mídia no processo - Instituto Cultural Padre Josimo

A entrevista da semana é com o professor Pedrinho Guareschi, da URFRGS. Ele também foi professor na PUC-RS. É escritor e palestrante sobre comunicação e mídia. Entre as principais notícias da semana, destaque para a apresentação ao vivo do Senado Federal com as diversas sessões sobre o impedimento da Presidenta Dilma, que resultou na destituição [&hellip;]

Início

Revistas Rádio

Comprometida com a promoção da justiça social, agroecologia e educação popular
