{"id":88,"date":"2017-04-08T16:45:13","date_gmt":"2017-04-08T19:45:13","guid":{"rendered":"http:\/\/bagual.com.br\/site\/?post_type=revista_radio&#038;p=88"},"modified":"2017-04-08T16:45:13","modified_gmt":"2017-04-08T19:45:13","slug":"revista-de-radio-158-crise-politico-economica-nacional-fragilidade-democratica-e-influencia-estrangeira-no-processo","status":"publish","type":"revista_radio","link":"https:\/\/padrejosimo.com.br\/site\/revista_radio\/revista-de-radio-158-crise-politico-economica-nacional-fragilidade-democratica-e-influencia-estrangeira-no-processo\/","title":{"rendered":"Revista de R\u00e1dio #158: Crise pol\u00edtico-econ\u00f4mica nacional, fragilidade democr\u00e1tica e influ\u00eancia estrangeira no processo"},"content":{"rendered":"<p>A entrevista da semana \u00e9 com o Pastor Oneide Bobsin, da Igreja Evang\u00e9lica de Confiss\u00e3o Luterana do Brasil. Ele \u00e9 professor de Ci\u00eancias da Religi\u00e3o na Escola Superior de Teologia de S\u00e3o Leopoldo (RS), da qual j\u00e1 foi reitor por dois mandatos. O tema da entrevista \u00e9 a crise pela qual passa o Brasil. fala da origem da mesma, que n\u00e3o \u00e9 nacional, e de poss\u00edveis sa\u00eddas para a popula\u00e7\u00e3o mais pobre do pa\u00eds.<\/p>\n<p>Entre as principais not\u00edcias da semana, destaque para a continua\u00e7\u00e3o do processo de cassa\u00e7\u00e3o da presidenta Dilma Rousseff pelo Senado Federal. Este fim de semana \u00e9 decisivo. Cresce a expectativa quanto ao resultado da vota\u00e7\u00e3o final, pois para confirmar o impeachment \u00e9 preciso dois ter\u00e7os dos votos de todos os senadores. N\u00e3o est\u00e1 em jogo apenas o mandato de uma presidenta eleita pelo voto direto dos brasileiros, mas a pr\u00f3pria democracia. Se confirmar o impedimento de Dilma sem crime de responsabilidade, fica relativizada a import\u00e2ncia da realiza\u00e7\u00e3o de elei\u00e7\u00f5es diretas, pois o Congresso pode, ao seu bel prazer, mudar a ordem das coisas.<\/p>\n<p>O programa ainda traz a m\u00fasica &#8220;Pelos Caminhos da Am\u00e9rica&#8221;, sobre a lutas dos povos latino-americanos contra o imperialismo.<\/p>\n<p>O programa traz ainda a m\u00fasica &#8220;Pra n\u00e3o dizer que n\u00e3o falei de flores&#8221;, com Geraldo Vandr\u00e9.<\/p>\n","protected":false},"featured_media":0,"template":"","class_list":["post-88","revista_radio","type-revista_radio","status-publish","hentry"],"acf":[],"yoast_head":"<!-- This site is optimized with the Yoast SEO plugin v27.2 - https:\/\/yoast.com\/product\/yoast-seo-wordpress\/ -->\n<title>Revista de R\u00e1dio #158: Crise pol\u00edtico-econ\u00f4mica nacional, fragilidade democr\u00e1tica e influ\u00eancia estrangeira no processo - Instituto Cultural Padre Josimo<\/title>\n<meta name=\"robots\" content=\"index, follow, max-snippet:-1, max-image-preview:large, max-video-preview:-1\" \/>\n<link rel=\"canonical\" href=\"https:\/\/padrejosimo.com.br\/site\/revista_radio\/revista-de-radio-158-crise-politico-economica-nacional-fragilidade-democratica-e-influencia-estrangeira-no-processo\/\" \/>\n<meta property=\"og:locale\" content=\"pt_BR\" \/>\n<meta property=\"og:type\" content=\"article\" \/>\n<meta property=\"og:title\" content=\"Revista de R\u00e1dio #158: Crise pol\u00edtico-econ\u00f4mica nacional, fragilidade democr\u00e1tica e influ\u00eancia estrangeira no processo - Instituto Cultural Padre Josimo\" \/>\n<meta property=\"og:description\" content=\"A entrevista da semana \u00e9 com o Pastor Oneide Bobsin, da Igreja Evang\u00e9lica de Confiss\u00e3o Luterana do Brasil. Ele \u00e9 professor de Ci\u00eancias da Religi\u00e3o na Escola Superior de Teologia de S\u00e3o Leopoldo (RS), da qual j\u00e1 foi reitor por dois mandatos. O tema da entrevista \u00e9 a crise pela qual passa o Brasil. fala [&hellip;]\" \/>\n<meta property=\"og:url\" content=\"https:\/\/padrejosimo.com.br\/site\/revista_radio\/revista-de-radio-158-crise-politico-economica-nacional-fragilidade-democratica-e-influencia-estrangeira-no-processo\/\" \/>\n<meta property=\"og:site_name\" content=\"Instituto Cultural Padre Josimo\" \/>\n<meta property=\"og:image\" content=\"https:\/\/padrejosimo.com.br\/site\/wp-content\/uploads\/2025\/09\/cropped-icon-icpj.png\" \/>\n\t<meta property=\"og:image:width\" content=\"512\" \/>\n\t<meta property=\"og:image:height\" content=\"512\" \/>\n\t<meta property=\"og:image:type\" content=\"image\/png\" \/>\n<meta name=\"twitter:card\" content=\"summary_large_image\" \/>\n<meta name=\"twitter:label1\" content=\"Est. tempo de leitura\" \/>\n\t<meta name=\"twitter:data1\" content=\"1 minuto\" \/>\n<script type=\"application\/ld+json\" class=\"yoast-schema-graph\">{\"@context\":\"https:\/\/schema.org\",\"@graph\":[{\"@type\":\"WebPage\",\"@id\":\"https:\/\/padrejosimo.com.br\/site\/revista_radio\/revista-de-radio-158-crise-politico-economica-nacional-fragilidade-democratica-e-influencia-estrangeira-no-processo\/\",\"url\":\"https:\/\/padrejosimo.com.br\/site\/revista_radio\/revista-de-radio-158-crise-politico-economica-nacional-fragilidade-democratica-e-influencia-estrangeira-no-processo\/\",\"name\":\"Revista de R\u00e1dio #158: Crise pol\u00edtico-econ\u00f4mica nacional, fragilidade democr\u00e1tica e influ\u00eancia estrangeira no processo - Instituto Cultural Padre Josimo\",\"isPartOf\":{\"@id\":\"https:\/\/padrejosimo.com.br\/site\/#website\"},\"datePublished\":\"2017-04-08T19:45:13+00:00\",\"breadcrumb\":{\"@id\":\"https:\/\/padrejosimo.com.br\/site\/revista_radio\/revista-de-radio-158-crise-politico-economica-nacional-fragilidade-democratica-e-influencia-estrangeira-no-processo\/#breadcrumb\"},\"inLanguage\":\"pt-BR\",\"potentialAction\":[{\"@type\":\"ReadAction\",\"target\":[\"https:\/\/padrejosimo.com.br\/site\/revista_radio\/revista-de-radio-158-crise-politico-economica-nacional-fragilidade-democratica-e-influencia-estrangeira-no-processo\/\"]}]},{\"@type\":\"BreadcrumbList\",\"@id\":\"https:\/\/padrejosimo.com.br\/site\/revista_radio\/revista-de-radio-158-crise-politico-economica-nacional-fragilidade-democratica-e-influencia-estrangeira-no-processo\/#breadcrumb\",\"itemListElement\":[{\"@type\":\"ListItem\",\"position\":1,\"name\":\"In\u00edcio\",\"item\":\"https:\/\/padrejosimo.com.br\/site\/\"},{\"@type\":\"ListItem\",\"position\":2,\"name\":\"Revistas R\u00e1dio\",\"item\":\"https:\/\/padrejosimo.com.br\/site\/revista-radio\/\"},{\"@type\":\"ListItem\",\"position\":3,\"name\":\"Revista de R\u00e1dio #158: Crise pol\u00edtico-econ\u00f4mica nacional, fragilidade democr\u00e1tica e influ\u00eancia estrangeira no processo\"}]},{\"@type\":\"WebSite\",\"@id\":\"https:\/\/padrejosimo.com.br\/site\/#website\",\"url\":\"https:\/\/padrejosimo.com.br\/site\/\",\"name\":\"Instituto Cultural Padre Josimo\",\"description\":\"Comprometida com a promo\u00e7\u00e3o da justi\u00e7a social, agroecologia e educa\u00e7\u00e3o popular\",\"publisher\":{\"@id\":\"https:\/\/padrejosimo.com.br\/site\/#organization\"},\"alternateName\":\"ICPJ\",\"potentialAction\":[{\"@type\":\"SearchAction\",\"target\":{\"@type\":\"EntryPoint\",\"urlTemplate\":\"https:\/\/padrejosimo.com.br\/site\/?s={search_term_string}\"},\"query-input\":{\"@type\":\"PropertyValueSpecification\",\"valueRequired\":true,\"valueName\":\"search_term_string\"}}],\"inLanguage\":\"pt-BR\"},{\"@type\":\"Organization\",\"@id\":\"https:\/\/padrejosimo.com.br\/site\/#organization\",\"name\":\"Instituto Cultural Padre Josimo\",\"alternateName\":\"ICPJ\",\"url\":\"https:\/\/padrejosimo.com.br\/site\/\",\"logo\":{\"@type\":\"ImageObject\",\"inLanguage\":\"pt-BR\",\"@id\":\"https:\/\/padrejosimo.com.br\/site\/#\/schema\/logo\/image\/\",\"url\":\"https:\/\/padrejosimo.com.br\/site\/wp-content\/uploads\/2025\/09\/cropped-icon-icpj.png\",\"contentUrl\":\"https:\/\/padrejosimo.com.br\/site\/wp-content\/uploads\/2025\/09\/cropped-icon-icpj.png\",\"width\":512,\"height\":512,\"caption\":\"Instituto Cultural Padre Josimo\"},\"image\":{\"@id\":\"https:\/\/padrejosimo.com.br\/site\/#\/schema\/logo\/image\/\"}}]}<\/script>\n<!-- \/ Yoast SEO plugin. -->","yoast_head_json":{"title":"Revista de R\u00e1dio #158: Crise pol\u00edtico-econ\u00f4mica nacional, fragilidade democr\u00e1tica e influ\u00eancia estrangeira no processo - Instituto Cultural Padre Josimo","robots":{"index":"index","follow":"follow","max-snippet":"max-snippet:-1","max-image-preview":"max-image-preview:large","max-video-preview":"max-video-preview:-1"},"canonical":"https:\/\/padrejosimo.com.br\/site\/revista_radio\/revista-de-radio-158-crise-politico-economica-nacional-fragilidade-democratica-e-influencia-estrangeira-no-processo\/","og_locale":"pt_BR","og_type":"article","og_title":"Revista de R\u00e1dio #158: Crise pol\u00edtico-econ\u00f4mica nacional, fragilidade democr\u00e1tica e influ\u00eancia estrangeira no processo - Instituto Cultural Padre Josimo","og_description":"A entrevista da semana \u00e9 com o Pastor Oneide Bobsin, da Igreja Evang\u00e9lica de Confiss\u00e3o Luterana do Brasil. Ele \u00e9 professor de Ci\u00eancias da Religi\u00e3o na Escola Superior de Teologia de S\u00e3o Leopoldo (RS), da qual j\u00e1 foi reitor por dois mandatos. O tema da entrevista \u00e9 a crise pela qual passa o Brasil. fala [&hellip;]","og_url":"https:\/\/padrejosimo.com.br\/site\/revista_radio\/revista-de-radio-158-crise-politico-economica-nacional-fragilidade-democratica-e-influencia-estrangeira-no-processo\/","og_site_name":"Instituto Cultural Padre Josimo","og_image":[{"width":512,"height":512,"url":"https:\/\/padrejosimo.com.br\/site\/wp-content\/uploads\/2025\/09\/cropped-icon-icpj.png","type":"image\/png"}],"twitter_card":"summary_large_image","twitter_misc":{"Est. tempo de leitura":"1 minuto"},"schema":{"@context":"https:\/\/schema.org","@graph":[{"@type":"WebPage","@id":"https:\/\/padrejosimo.com.br\/site\/revista_radio\/revista-de-radio-158-crise-politico-economica-nacional-fragilidade-democratica-e-influencia-estrangeira-no-processo\/","url":"https:\/\/padrejosimo.com.br\/site\/revista_radio\/revista-de-radio-158-crise-politico-economica-nacional-fragilidade-democratica-e-influencia-estrangeira-no-processo\/","name":"Revista de R\u00e1dio #158: Crise pol\u00edtico-econ\u00f4mica nacional, fragilidade democr\u00e1tica e influ\u00eancia estrangeira no processo - Instituto Cultural Padre Josimo","isPartOf":{"@id":"https:\/\/padrejosimo.com.br\/site\/#website"},"datePublished":"2017-04-08T19:45:13+00:00","breadcrumb":{"@id":"https:\/\/padrejosimo.com.br\/site\/revista_radio\/revista-de-radio-158-crise-politico-economica-nacional-fragilidade-democratica-e-influencia-estrangeira-no-processo\/#breadcrumb"},"inLanguage":"pt-BR","potentialAction":[{"@type":"ReadAction","target":["https:\/\/padrejosimo.com.br\/site\/revista_radio\/revista-de-radio-158-crise-politico-economica-nacional-fragilidade-democratica-e-influencia-estrangeira-no-processo\/"]}]},{"@type":"BreadcrumbList","@id":"https:\/\/padrejosimo.com.br\/site\/revista_radio\/revista-de-radio-158-crise-politico-economica-nacional-fragilidade-democratica-e-influencia-estrangeira-no-processo\/#breadcrumb","itemListElement":[{"@type":"ListItem","position":1,"name":"In\u00edcio","item":"https:\/\/padrejosimo.com.br\/site\/"},{"@type":"ListItem","position":2,"name":"Revistas R\u00e1dio","item":"https:\/\/padrejosimo.com.br\/site\/revista-radio\/"},{"@type":"ListItem","position":3,"name":"Revista de R\u00e1dio #158: Crise pol\u00edtico-econ\u00f4mica nacional, fragilidade democr\u00e1tica e influ\u00eancia estrangeira no processo"}]},{"@type":"WebSite","@id":"https:\/\/padrejosimo.com.br\/site\/#website","url":"https:\/\/padrejosimo.com.br\/site\/","name":"Instituto Cultural Padre Josimo","description":"Comprometida com a promo\u00e7\u00e3o da justi\u00e7a social, agroecologia e educa\u00e7\u00e3o popular","publisher":{"@id":"https:\/\/padrejosimo.com.br\/site\/#organization"},"alternateName":"ICPJ","potentialAction":[{"@type":"SearchAction","target":{"@type":"EntryPoint","urlTemplate":"https:\/\/padrejosimo.com.br\/site\/?s={search_term_string}"},"query-input":{"@type":"PropertyValueSpecification","valueRequired":true,"valueName":"search_term_string"}}],"inLanguage":"pt-BR"},{"@type":"Organization","@id":"https:\/\/padrejosimo.com.br\/site\/#organization","name":"Instituto Cultural Padre Josimo","alternateName":"ICPJ","url":"https:\/\/padrejosimo.com.br\/site\/","logo":{"@type":"ImageObject","inLanguage":"pt-BR","@id":"https:\/\/padrejosimo.com.br\/site\/#\/schema\/logo\/image\/","url":"https:\/\/padrejosimo.com.br\/site\/wp-content\/uploads\/2025\/09\/cropped-icon-icpj.png","contentUrl":"https:\/\/padrejosimo.com.br\/site\/wp-content\/uploads\/2025\/09\/cropped-icon-icpj.png","width":512,"height":512,"caption":"Instituto Cultural Padre Josimo"},"image":{"@id":"https:\/\/padrejosimo.com.br\/site\/#\/schema\/logo\/image\/"}}]}},"_links":{"self":[{"href":"https:\/\/padrejosimo.com.br\/site\/wp-json\/wp\/v2\/revista_radio\/88","targetHints":{"allow":["GET"]}}],"collection":[{"href":"https:\/\/padrejosimo.com.br\/site\/wp-json\/wp\/v2\/revista_radio"}],"about":[{"href":"https:\/\/padrejosimo.com.br\/site\/wp-json\/wp\/v2\/types\/revista_radio"}],"wp:attachment":[{"href":"https:\/\/padrejosimo.com.br\/site\/wp-json\/wp\/v2\/media?parent=88"}],"curies":[{"name":"wp","href":"https:\/\/api.w.org\/{rel}","templated":true}]}}

Revista de Rádio #158: Crise político-econômica nacional, fragilidade democrática e influência estrangeira no processo

<p>A entrevista da semana é com o Pastor Oneide Bobsin, da Igreja Evangélica de Confissão Luterana do Brasil. Ele é professor de Ciências da Religião na Escola Superior de Teologia de São Leopoldo (RS), da qual já foi reitor por dois mandatos. O tema da entrevista é a crise pela qual passa o Brasil. fala da origem da mesma, que não é nacional, e de possíveis saídas para a população mais pobre do país.</p>
<p>Entre as principais notícias da semana, destaque para a continuação do processo de cassação da presidenta Dilma Rousseff pelo Senado Federal. Este fim de semana é decisivo. Cresce a expectativa quanto ao resultado da votação final, pois para confirmar o impeachment é preciso dois terços dos votos de todos os senadores. Não está em jogo apenas o mandato de uma presidenta eleita pelo voto direto dos brasileiros, mas a própria democracia. Se confirmar o impedimento de Dilma sem crime de responsabilidade, fica relativizada a importância da realização de eleições diretas, pois o Congresso pode, ao seu bel prazer, mudar a ordem das coisas.</p>
<p>O programa ainda traz a música &#8220;Pelos Caminhos da América&#8221;, sobre a lutas dos povos latino-americanos contra o imperialismo.</p>
<p>O programa traz ainda a música &#8220;Pra não dizer que não falei de flores&#8221;, com Geraldo Vandré.</p>

<!-- This site is optimized with the Yoast SEO plugin v27.2 - https://yoast.com/product/yoast-seo-wordpress/ -->
<title>Revista de Rádio #158: Crise político-econômica nacional, fragilidade democrática e influência estrangeira no processo - Instituto Cultural Padre Josimo</title>
<meta name="robots" content="index, follow, max-snippet:-1, max-image-preview:large, max-video-preview:-1" />
<link rel="canonical" href="https://padrejosimo.com.br/site/revista_radio/revista-de-radio-158-crise-politico-economica-nacional-fragilidade-democratica-e-influencia-estrangeira-no-processo/" />
<meta property="og:locale" content="pt_BR" />
<meta property="og:type" content="article" />
<meta property="og:title" content="Revista de Rádio #158: Crise político-econômica nacional, fragilidade democrática e influência estrangeira no processo - Instituto Cultural Padre Josimo" />
<meta property="og:description" content="A entrevista da semana é com o Pastor Oneide Bobsin, da Igreja Evangélica de Confissão Luterana do Brasil. Ele é professor de Ciências da Religião na Escola Superior de Teologia de São Leopoldo (RS), da qual já foi reitor por dois mandatos. O tema da entrevista é a crise pela qual passa o Brasil. fala [&hellip;]" />
<meta property="og:url" content="https://padrejosimo.com.br/site/revista_radio/revista-de-radio-158-crise-politico-economica-nacional-fragilidade-democratica-e-influencia-estrangeira-no-processo/" />
<meta property="og:site_name" content="Instituto Cultural Padre Josimo" />
<meta property="og:image" content="https://padrejosimo.com.br/site/wp-content/uploads/2025/09/cropped-icon-icpj.png" />
	<meta property="og:image:width" content="512" />
	<meta property="og:image:height" content="512" />
	<meta property="og:image:type" content="image/png" />
<meta name="twitter:card" content="summary_large_image" />
<meta name="twitter:label1" content="Est. tempo de leitura" />
	<meta name="twitter:data1" content="1 minuto" />
<script type="application/ld+json" class="yoast-schema-graph">{"@context":"https://schema.org","@graph":[{"@type":"WebPage","@id":"https://padrejosimo.com.br/site/revista_radio/revista-de-radio-158-crise-politico-economica-nacional-fragilidade-democratica-e-influencia-estrangeira-no-processo/","url":"https://padrejosimo.com.br/site/revista_radio/revista-de-radio-158-crise-politico-economica-nacional-fragilidade-democratica-e-influencia-estrangeira-no-processo/","name":"Revista de Rádio #158: Crise político-econômica nacional, fragilidade democrática e influência estrangeira no processo - Instituto Cultural Padre Josimo","isPartOf":{"@id":"https://padrejosimo.com.br/site/#website"},"datePublished":"2017-04-08T19:45:13+00:00","breadcrumb":{"@id":"https://padrejosimo.com.br/site/revista_radio/revista-de-radio-158-crise-politico-economica-nacional-fragilidade-democratica-e-influencia-estrangeira-no-processo/#breadcrumb"},"inLanguage":"pt-BR","potentialAction":[{"@type":"ReadAction","target":["https://padrejosimo.com.br/site/revista_radio/revista-de-radio-158-crise-politico-economica-nacional-fragilidade-democratica-e-influencia-estrangeira-no-processo/"]}]},{"@type":"BreadcrumbList","@id":"https://padrejosimo.com.br/site/revista_radio/revista-de-radio-158-crise-politico-economica-nacional-fragilidade-democratica-e-influencia-estrangeira-no-processo/#breadcrumb","itemListElement":[{"@type":"ListItem","position":1,"name":"Início","item":"https://padrejosimo.com.br/site/"},{"@type":"ListItem","position":2,"name":"Revistas Rádio","item":"https://padrejosimo.com.br/site/revista-radio/"},{"@type":"ListItem","position":3,"name":"Revista de Rádio #158: Crise político-econômica nacional, fragilidade democrática e influência estrangeira no processo"}]},{"@type":"WebSite","@id":"https://padrejosimo.com.br/site/#website","url":"https://padrejosimo.com.br/site/","name":"Instituto Cultural Padre Josimo","description":"Comprometida com a promoção da justiça social, agroecologia e educação popular","publisher":{"@id":"https://padrejosimo.com.br/site/#organization"},"alternateName":"ICPJ","potentialAction":[{"@type":"SearchAction","target":{"@type":"EntryPoint","urlTemplate":"https://padrejosimo.com.br/site/?s={search_term_string}"},"query-input":{"@type":"PropertyValueSpecification","valueRequired":true,"valueName":"search_term_string"}}],"inLanguage":"pt-BR"},{"@type":"Organization","@id":"https://padrejosimo.com.br/site/#organization","name":"Instituto Cultural Padre Josimo","alternateName":"ICPJ","url":"https://padrejosimo.com.br/site/","logo":{"@type":"ImageObject","inLanguage":"pt-BR","@id":"https://padrejosimo.com.br/site/#/schema/logo/image/","url":"https://padrejosimo.com.br/site/wp-content/uploads/2025/09/cropped-icon-icpj.png","contentUrl":"https://padrejosimo.com.br/site/wp-content/uploads/2025/09/cropped-icon-icpj.png","width":512,"height":512,"caption":"Instituto Cultural Padre Josimo"},"image":{"@id":"https://padrejosimo.com.br/site/#/schema/logo/image/"}}]}</script>
<!-- / Yoast SEO plugin. -->

Revista de Rádio #158: Crise político-econômica nacional, fragilidade democrática e influência estrangeira no processo - Instituto Cultural Padre Josimo

A entrevista da semana é com o Pastor Oneide Bobsin, da Igreja Evangélica de Confissão Luterana do Brasil. Ele é professor de Ciências da Religião na Escola Superior de Teologia de São Leopoldo (RS), da qual já foi reitor por dois mandatos. O tema da entrevista é a crise pela qual passa o Brasil. fala [&hellip;]

Início

Revistas Rádio

Comprometida com a promoção da justiça social, agroecologia e educação popular
