{"id":86,"date":"2017-04-08T16:43:55","date_gmt":"2017-04-08T19:43:55","guid":{"rendered":"http:\/\/bagual.com.br\/site\/?post_type=revista_radio&#038;p=86"},"modified":"2017-04-08T16:43:55","modified_gmt":"2017-04-08T19:43:55","slug":"revista-de-radio-156-dedicacao-e-vivencia-religiosa-com-entrevista-a-irma-giulliane-macedo","status":"publish","type":"revista_radio","link":"https:\/\/padrejosimo.com.br\/site\/revista_radio\/revista-de-radio-156-dedicacao-e-vivencia-religiosa-com-entrevista-a-irma-giulliane-macedo\/","title":{"rendered":"Revista de R\u00e1dio #156: Dedica\u00e7\u00e3o e viv\u00eancia religiosa com entrevista a irm\u00e3 Giulliane Mac\u00eado"},"content":{"rendered":"<p>Neste programa, frei Jo\u00e3o Osmar entrevista a Irm\u00e3 Giulliane Mac\u00eado, da Congrega\u00e7\u00e3o de Notre Dame de Canoas (RS). Ela \u00e9 jovem, coordena a Casa da Congrega\u00e7\u00e3o que cuidas das irm\u00e3s doentes e idosas dependentes e, ao mesmo tempo, se dedica ao Servi\u00e7o da Justi\u00e7a, Paz e Integridade da Cria\u00e7\u00e3o (JPIC). No bate-papo, ela fala da sua viv\u00eancia, voca\u00e7\u00e3o e participa\u00e7\u00e3o no grupo de religiosos e religiosas das novas gera\u00e7\u00f5es.<\/p>\n<p>O Revista de R\u00e1dio tamb\u00e9m retoma as principais manchetes da semana de forma cr\u00edtica. Destaque para a continua\u00e7\u00e3o do processo de cassa\u00e7\u00e3o de Dilma Rousseff no Congresso Nacional. Nesta semana em que uma maioria simples j\u00e1 bastava para tornar a presidente eleita r\u00e9 no processo, o Senado mostrou no placar eletr\u00f4nico mais de dois ter\u00e7os dos votos dos Senadores a favor da abertura do processo. Uma vergonha Nacional e mundial. Est\u00e1 marcado para o fim deste m\u00eas a vota\u00e7\u00e3o do m\u00e9rito do caso. Enquanto isso, continua a Olimp\u00edada no Rio de Janeiro com a grande m\u00eddia tentando desviara a aten\u00e7\u00e3o do povo dos reais problemas da na\u00e7\u00e3o.<\/p>\n<p>O programa traz ainda a m\u00fasica &#8220;Pra n\u00e3o dizer que n\u00e3o falei de flores&#8221;, com Geraldo Vandr\u00e9.<\/p>\n","protected":false},"featured_media":0,"template":"","class_list":["post-86","revista_radio","type-revista_radio","status-publish","hentry"],"acf":[],"yoast_head":"<!-- This site is optimized with the Yoast SEO plugin v27.2 - https:\/\/yoast.com\/product\/yoast-seo-wordpress\/ -->\n<title>Revista de R\u00e1dio #156: Dedica\u00e7\u00e3o e viv\u00eancia religiosa com entrevista a irm\u00e3 Giulliane Mac\u00eado - Instituto Cultural Padre Josimo<\/title>\n<meta name=\"robots\" content=\"index, follow, max-snippet:-1, max-image-preview:large, max-video-preview:-1\" \/>\n<link rel=\"canonical\" href=\"https:\/\/padrejosimo.com.br\/site\/revista_radio\/revista-de-radio-156-dedicacao-e-vivencia-religiosa-com-entrevista-a-irma-giulliane-macedo\/\" \/>\n<meta property=\"og:locale\" content=\"pt_BR\" \/>\n<meta property=\"og:type\" content=\"article\" \/>\n<meta property=\"og:title\" content=\"Revista de R\u00e1dio #156: Dedica\u00e7\u00e3o e viv\u00eancia religiosa com entrevista a irm\u00e3 Giulliane Mac\u00eado - Instituto Cultural Padre Josimo\" \/>\n<meta property=\"og:description\" content=\"Neste programa, frei Jo\u00e3o Osmar entrevista a Irm\u00e3 Giulliane Mac\u00eado, da Congrega\u00e7\u00e3o de Notre Dame de Canoas (RS). Ela \u00e9 jovem, coordena a Casa da Congrega\u00e7\u00e3o que cuidas das irm\u00e3s doentes e idosas dependentes e, ao mesmo tempo, se dedica ao Servi\u00e7o da Justi\u00e7a, Paz e Integridade da Cria\u00e7\u00e3o (JPIC). No bate-papo, ela fala da [&hellip;]\" \/>\n<meta property=\"og:url\" content=\"https:\/\/padrejosimo.com.br\/site\/revista_radio\/revista-de-radio-156-dedicacao-e-vivencia-religiosa-com-entrevista-a-irma-giulliane-macedo\/\" \/>\n<meta property=\"og:site_name\" content=\"Instituto Cultural Padre Josimo\" \/>\n<meta property=\"og:image\" content=\"https:\/\/padrejosimo.com.br\/site\/wp-content\/uploads\/2025\/09\/cropped-icon-icpj.png\" \/>\n\t<meta property=\"og:image:width\" content=\"512\" \/>\n\t<meta property=\"og:image:height\" content=\"512\" \/>\n\t<meta property=\"og:image:type\" content=\"image\/png\" \/>\n<meta name=\"twitter:card\" content=\"summary_large_image\" \/>\n<meta name=\"twitter:label1\" content=\"Est. tempo de leitura\" \/>\n\t<meta name=\"twitter:data1\" content=\"1 minuto\" \/>\n<script type=\"application\/ld+json\" class=\"yoast-schema-graph\">{\"@context\":\"https:\/\/schema.org\",\"@graph\":[{\"@type\":\"WebPage\",\"@id\":\"https:\/\/padrejosimo.com.br\/site\/revista_radio\/revista-de-radio-156-dedicacao-e-vivencia-religiosa-com-entrevista-a-irma-giulliane-macedo\/\",\"url\":\"https:\/\/padrejosimo.com.br\/site\/revista_radio\/revista-de-radio-156-dedicacao-e-vivencia-religiosa-com-entrevista-a-irma-giulliane-macedo\/\",\"name\":\"Revista de R\u00e1dio #156: Dedica\u00e7\u00e3o e viv\u00eancia religiosa com entrevista a irm\u00e3 Giulliane Mac\u00eado - Instituto Cultural Padre Josimo\",\"isPartOf\":{\"@id\":\"https:\/\/padrejosimo.com.br\/site\/#website\"},\"datePublished\":\"2017-04-08T19:43:55+00:00\",\"breadcrumb\":{\"@id\":\"https:\/\/padrejosimo.com.br\/site\/revista_radio\/revista-de-radio-156-dedicacao-e-vivencia-religiosa-com-entrevista-a-irma-giulliane-macedo\/#breadcrumb\"},\"inLanguage\":\"pt-BR\",\"potentialAction\":[{\"@type\":\"ReadAction\",\"target\":[\"https:\/\/padrejosimo.com.br\/site\/revista_radio\/revista-de-radio-156-dedicacao-e-vivencia-religiosa-com-entrevista-a-irma-giulliane-macedo\/\"]}]},{\"@type\":\"BreadcrumbList\",\"@id\":\"https:\/\/padrejosimo.com.br\/site\/revista_radio\/revista-de-radio-156-dedicacao-e-vivencia-religiosa-com-entrevista-a-irma-giulliane-macedo\/#breadcrumb\",\"itemListElement\":[{\"@type\":\"ListItem\",\"position\":1,\"name\":\"In\u00edcio\",\"item\":\"https:\/\/padrejosimo.com.br\/site\/\"},{\"@type\":\"ListItem\",\"position\":2,\"name\":\"Revistas R\u00e1dio\",\"item\":\"https:\/\/padrejosimo.com.br\/site\/revista-radio\/\"},{\"@type\":\"ListItem\",\"position\":3,\"name\":\"Revista de R\u00e1dio #156: Dedica\u00e7\u00e3o e viv\u00eancia religiosa com entrevista a irm\u00e3 Giulliane Mac\u00eado\"}]},{\"@type\":\"WebSite\",\"@id\":\"https:\/\/padrejosimo.com.br\/site\/#website\",\"url\":\"https:\/\/padrejosimo.com.br\/site\/\",\"name\":\"Instituto Cultural Padre Josimo\",\"description\":\"Comprometida com a promo\u00e7\u00e3o da justi\u00e7a social, agroecologia e educa\u00e7\u00e3o popular\",\"publisher\":{\"@id\":\"https:\/\/padrejosimo.com.br\/site\/#organization\"},\"alternateName\":\"ICPJ\",\"potentialAction\":[{\"@type\":\"SearchAction\",\"target\":{\"@type\":\"EntryPoint\",\"urlTemplate\":\"https:\/\/padrejosimo.com.br\/site\/?s={search_term_string}\"},\"query-input\":{\"@type\":\"PropertyValueSpecification\",\"valueRequired\":true,\"valueName\":\"search_term_string\"}}],\"inLanguage\":\"pt-BR\"},{\"@type\":\"Organization\",\"@id\":\"https:\/\/padrejosimo.com.br\/site\/#organization\",\"name\":\"Instituto Cultural Padre Josimo\",\"alternateName\":\"ICPJ\",\"url\":\"https:\/\/padrejosimo.com.br\/site\/\",\"logo\":{\"@type\":\"ImageObject\",\"inLanguage\":\"pt-BR\",\"@id\":\"https:\/\/padrejosimo.com.br\/site\/#\/schema\/logo\/image\/\",\"url\":\"https:\/\/padrejosimo.com.br\/site\/wp-content\/uploads\/2025\/09\/cropped-icon-icpj.png\",\"contentUrl\":\"https:\/\/padrejosimo.com.br\/site\/wp-content\/uploads\/2025\/09\/cropped-icon-icpj.png\",\"width\":512,\"height\":512,\"caption\":\"Instituto Cultural Padre Josimo\"},\"image\":{\"@id\":\"https:\/\/padrejosimo.com.br\/site\/#\/schema\/logo\/image\/\"}}]}<\/script>\n<!-- \/ Yoast SEO plugin. -->","yoast_head_json":{"title":"Revista de R\u00e1dio #156: Dedica\u00e7\u00e3o e viv\u00eancia religiosa com entrevista a irm\u00e3 Giulliane Mac\u00eado - Instituto Cultural Padre Josimo","robots":{"index":"index","follow":"follow","max-snippet":"max-snippet:-1","max-image-preview":"max-image-preview:large","max-video-preview":"max-video-preview:-1"},"canonical":"https:\/\/padrejosimo.com.br\/site\/revista_radio\/revista-de-radio-156-dedicacao-e-vivencia-religiosa-com-entrevista-a-irma-giulliane-macedo\/","og_locale":"pt_BR","og_type":"article","og_title":"Revista de R\u00e1dio #156: Dedica\u00e7\u00e3o e viv\u00eancia religiosa com entrevista a irm\u00e3 Giulliane Mac\u00eado - Instituto Cultural Padre Josimo","og_description":"Neste programa, frei Jo\u00e3o Osmar entrevista a Irm\u00e3 Giulliane Mac\u00eado, da Congrega\u00e7\u00e3o de Notre Dame de Canoas (RS). Ela \u00e9 jovem, coordena a Casa da Congrega\u00e7\u00e3o que cuidas das irm\u00e3s doentes e idosas dependentes e, ao mesmo tempo, se dedica ao Servi\u00e7o da Justi\u00e7a, Paz e Integridade da Cria\u00e7\u00e3o (JPIC). No bate-papo, ela fala da [&hellip;]","og_url":"https:\/\/padrejosimo.com.br\/site\/revista_radio\/revista-de-radio-156-dedicacao-e-vivencia-religiosa-com-entrevista-a-irma-giulliane-macedo\/","og_site_name":"Instituto Cultural Padre Josimo","og_image":[{"width":512,"height":512,"url":"https:\/\/padrejosimo.com.br\/site\/wp-content\/uploads\/2025\/09\/cropped-icon-icpj.png","type":"image\/png"}],"twitter_card":"summary_large_image","twitter_misc":{"Est. tempo de leitura":"1 minuto"},"schema":{"@context":"https:\/\/schema.org","@graph":[{"@type":"WebPage","@id":"https:\/\/padrejosimo.com.br\/site\/revista_radio\/revista-de-radio-156-dedicacao-e-vivencia-religiosa-com-entrevista-a-irma-giulliane-macedo\/","url":"https:\/\/padrejosimo.com.br\/site\/revista_radio\/revista-de-radio-156-dedicacao-e-vivencia-religiosa-com-entrevista-a-irma-giulliane-macedo\/","name":"Revista de R\u00e1dio #156: Dedica\u00e7\u00e3o e viv\u00eancia religiosa com entrevista a irm\u00e3 Giulliane Mac\u00eado - Instituto Cultural Padre Josimo","isPartOf":{"@id":"https:\/\/padrejosimo.com.br\/site\/#website"},"datePublished":"2017-04-08T19:43:55+00:00","breadcrumb":{"@id":"https:\/\/padrejosimo.com.br\/site\/revista_radio\/revista-de-radio-156-dedicacao-e-vivencia-religiosa-com-entrevista-a-irma-giulliane-macedo\/#breadcrumb"},"inLanguage":"pt-BR","potentialAction":[{"@type":"ReadAction","target":["https:\/\/padrejosimo.com.br\/site\/revista_radio\/revista-de-radio-156-dedicacao-e-vivencia-religiosa-com-entrevista-a-irma-giulliane-macedo\/"]}]},{"@type":"BreadcrumbList","@id":"https:\/\/padrejosimo.com.br\/site\/revista_radio\/revista-de-radio-156-dedicacao-e-vivencia-religiosa-com-entrevista-a-irma-giulliane-macedo\/#breadcrumb","itemListElement":[{"@type":"ListItem","position":1,"name":"In\u00edcio","item":"https:\/\/padrejosimo.com.br\/site\/"},{"@type":"ListItem","position":2,"name":"Revistas R\u00e1dio","item":"https:\/\/padrejosimo.com.br\/site\/revista-radio\/"},{"@type":"ListItem","position":3,"name":"Revista de R\u00e1dio #156: Dedica\u00e7\u00e3o e viv\u00eancia religiosa com entrevista a irm\u00e3 Giulliane Mac\u00eado"}]},{"@type":"WebSite","@id":"https:\/\/padrejosimo.com.br\/site\/#website","url":"https:\/\/padrejosimo.com.br\/site\/","name":"Instituto Cultural Padre Josimo","description":"Comprometida com a promo\u00e7\u00e3o da justi\u00e7a social, agroecologia e educa\u00e7\u00e3o popular","publisher":{"@id":"https:\/\/padrejosimo.com.br\/site\/#organization"},"alternateName":"ICPJ","potentialAction":[{"@type":"SearchAction","target":{"@type":"EntryPoint","urlTemplate":"https:\/\/padrejosimo.com.br\/site\/?s={search_term_string}"},"query-input":{"@type":"PropertyValueSpecification","valueRequired":true,"valueName":"search_term_string"}}],"inLanguage":"pt-BR"},{"@type":"Organization","@id":"https:\/\/padrejosimo.com.br\/site\/#organization","name":"Instituto Cultural Padre Josimo","alternateName":"ICPJ","url":"https:\/\/padrejosimo.com.br\/site\/","logo":{"@type":"ImageObject","inLanguage":"pt-BR","@id":"https:\/\/padrejosimo.com.br\/site\/#\/schema\/logo\/image\/","url":"https:\/\/padrejosimo.com.br\/site\/wp-content\/uploads\/2025\/09\/cropped-icon-icpj.png","contentUrl":"https:\/\/padrejosimo.com.br\/site\/wp-content\/uploads\/2025\/09\/cropped-icon-icpj.png","width":512,"height":512,"caption":"Instituto Cultural Padre Josimo"},"image":{"@id":"https:\/\/padrejosimo.com.br\/site\/#\/schema\/logo\/image\/"}}]}},"_links":{"self":[{"href":"https:\/\/padrejosimo.com.br\/site\/wp-json\/wp\/v2\/revista_radio\/86","targetHints":{"allow":["GET"]}}],"collection":[{"href":"https:\/\/padrejosimo.com.br\/site\/wp-json\/wp\/v2\/revista_radio"}],"about":[{"href":"https:\/\/padrejosimo.com.br\/site\/wp-json\/wp\/v2\/types\/revista_radio"}],"wp:attachment":[{"href":"https:\/\/padrejosimo.com.br\/site\/wp-json\/wp\/v2\/media?parent=86"}],"curies":[{"name":"wp","href":"https:\/\/api.w.org\/{rel}","templated":true}]}}

Revista de Rádio #156: Dedicação e vivência religiosa com entrevista a irmã Giulliane Macêdo

<p>Neste programa, frei João Osmar entrevista a Irmã Giulliane Macêdo, da Congregação de Notre Dame de Canoas (RS). Ela é jovem, coordena a Casa da Congregação que cuidas das irmãs doentes e idosas dependentes e, ao mesmo tempo, se dedica ao Serviço da Justiça, Paz e Integridade da Criação (JPIC). No bate-papo, ela fala da sua vivência, vocação e participação no grupo de religiosos e religiosas das novas gerações.</p>
<p>O Revista de Rádio também retoma as principais manchetes da semana de forma crítica. Destaque para a continuação do processo de cassação de Dilma Rousseff no Congresso Nacional. Nesta semana em que uma maioria simples já bastava para tornar a presidente eleita ré no processo, o Senado mostrou no placar eletrônico mais de dois terços dos votos dos Senadores a favor da abertura do processo. Uma vergonha Nacional e mundial. Está marcado para o fim deste mês a votação do mérito do caso. Enquanto isso, continua a Olimpíada no Rio de Janeiro com a grande mídia tentando desviara a atenção do povo dos reais problemas da nação.</p>
<p>O programa traz ainda a música &#8220;Pra não dizer que não falei de flores&#8221;, com Geraldo Vandré.</p>

<!-- This site is optimized with the Yoast SEO plugin v27.2 - https://yoast.com/product/yoast-seo-wordpress/ -->
<title>Revista de Rádio #156: Dedicação e vivência religiosa com entrevista a irmã Giulliane Macêdo - Instituto Cultural Padre Josimo</title>
<meta name="robots" content="index, follow, max-snippet:-1, max-image-preview:large, max-video-preview:-1" />
<link rel="canonical" href="https://padrejosimo.com.br/site/revista_radio/revista-de-radio-156-dedicacao-e-vivencia-religiosa-com-entrevista-a-irma-giulliane-macedo/" />
<meta property="og:locale" content="pt_BR" />
<meta property="og:type" content="article" />
<meta property="og:title" content="Revista de Rádio #156: Dedicação e vivência religiosa com entrevista a irmã Giulliane Macêdo - Instituto Cultural Padre Josimo" />
<meta property="og:description" content="Neste programa, frei João Osmar entrevista a Irmã Giulliane Macêdo, da Congregação de Notre Dame de Canoas (RS). Ela é jovem, coordena a Casa da Congregação que cuidas das irmãs doentes e idosas dependentes e, ao mesmo tempo, se dedica ao Serviço da Justiça, Paz e Integridade da Criação (JPIC). No bate-papo, ela fala da [&hellip;]" />
<meta property="og:url" content="https://padrejosimo.com.br/site/revista_radio/revista-de-radio-156-dedicacao-e-vivencia-religiosa-com-entrevista-a-irma-giulliane-macedo/" />
<meta property="og:site_name" content="Instituto Cultural Padre Josimo" />
<meta property="og:image" content="https://padrejosimo.com.br/site/wp-content/uploads/2025/09/cropped-icon-icpj.png" />
	<meta property="og:image:width" content="512" />
	<meta property="og:image:height" content="512" />
	<meta property="og:image:type" content="image/png" />
<meta name="twitter:card" content="summary_large_image" />
<meta name="twitter:label1" content="Est. tempo de leitura" />
	<meta name="twitter:data1" content="1 minuto" />
<script type="application/ld+json" class="yoast-schema-graph">{"@context":"https://schema.org","@graph":[{"@type":"WebPage","@id":"https://padrejosimo.com.br/site/revista_radio/revista-de-radio-156-dedicacao-e-vivencia-religiosa-com-entrevista-a-irma-giulliane-macedo/","url":"https://padrejosimo.com.br/site/revista_radio/revista-de-radio-156-dedicacao-e-vivencia-religiosa-com-entrevista-a-irma-giulliane-macedo/","name":"Revista de Rádio #156: Dedicação e vivência religiosa com entrevista a irmã Giulliane Macêdo - Instituto Cultural Padre Josimo","isPartOf":{"@id":"https://padrejosimo.com.br/site/#website"},"datePublished":"2017-04-08T19:43:55+00:00","breadcrumb":{"@id":"https://padrejosimo.com.br/site/revista_radio/revista-de-radio-156-dedicacao-e-vivencia-religiosa-com-entrevista-a-irma-giulliane-macedo/#breadcrumb"},"inLanguage":"pt-BR","potentialAction":[{"@type":"ReadAction","target":["https://padrejosimo.com.br/site/revista_radio/revista-de-radio-156-dedicacao-e-vivencia-religiosa-com-entrevista-a-irma-giulliane-macedo/"]}]},{"@type":"BreadcrumbList","@id":"https://padrejosimo.com.br/site/revista_radio/revista-de-radio-156-dedicacao-e-vivencia-religiosa-com-entrevista-a-irma-giulliane-macedo/#breadcrumb","itemListElement":[{"@type":"ListItem","position":1,"name":"Início","item":"https://padrejosimo.com.br/site/"},{"@type":"ListItem","position":2,"name":"Revistas Rádio","item":"https://padrejosimo.com.br/site/revista-radio/"},{"@type":"ListItem","position":3,"name":"Revista de Rádio #156: Dedicação e vivência religiosa com entrevista a irmã Giulliane Macêdo"}]},{"@type":"WebSite","@id":"https://padrejosimo.com.br/site/#website","url":"https://padrejosimo.com.br/site/","name":"Instituto Cultural Padre Josimo","description":"Comprometida com a promoção da justiça social, agroecologia e educação popular","publisher":{"@id":"https://padrejosimo.com.br/site/#organization"},"alternateName":"ICPJ","potentialAction":[{"@type":"SearchAction","target":{"@type":"EntryPoint","urlTemplate":"https://padrejosimo.com.br/site/?s={search_term_string}"},"query-input":{"@type":"PropertyValueSpecification","valueRequired":true,"valueName":"search_term_string"}}],"inLanguage":"pt-BR"},{"@type":"Organization","@id":"https://padrejosimo.com.br/site/#organization","name":"Instituto Cultural Padre Josimo","alternateName":"ICPJ","url":"https://padrejosimo.com.br/site/","logo":{"@type":"ImageObject","inLanguage":"pt-BR","@id":"https://padrejosimo.com.br/site/#/schema/logo/image/","url":"https://padrejosimo.com.br/site/wp-content/uploads/2025/09/cropped-icon-icpj.png","contentUrl":"https://padrejosimo.com.br/site/wp-content/uploads/2025/09/cropped-icon-icpj.png","width":512,"height":512,"caption":"Instituto Cultural Padre Josimo"},"image":{"@id":"https://padrejosimo.com.br/site/#/schema/logo/image/"}}]}</script>
<!-- / Yoast SEO plugin. -->

Revista de Rádio #156: Dedicação e vivência religiosa com entrevista a irmã Giulliane Macêdo - Instituto Cultural Padre Josimo

Neste programa, frei João Osmar entrevista a Irmã Giulliane Macêdo, da Congregação de Notre Dame de Canoas (RS). Ela é jovem, coordena a Casa da Congregação que cuidas das irmãs doentes e idosas dependentes e, ao mesmo tempo, se dedica ao Serviço da Justiça, Paz e Integridade da Criação (JPIC). No bate-papo, ela fala da [&hellip;]

Início

Revistas Rádio

Comprometida com a promoção da justiça social, agroecologia e educação popular
