{"id":85,"date":"2017-04-08T16:41:51","date_gmt":"2017-04-08T19:41:51","guid":{"rendered":"http:\/\/bagual.com.br\/site\/?post_type=revista_radio&#038;p=85"},"modified":"2017-04-08T16:41:51","modified_gmt":"2017-04-08T19:41:51","slug":"revista-de-radio-155-bate-papo-sobre-seguranca-alimentar-e-nutricional","status":"publish","type":"revista_radio","link":"https:\/\/padrejosimo.com.br\/site\/revista_radio\/revista-de-radio-155-bate-papo-sobre-seguranca-alimentar-e-nutricional\/","title":{"rendered":"Revista de R\u00e1dio #155: Bate papo sobre seguran\u00e7a alimentar e nutricional"},"content":{"rendered":"<p>O tema deste programa \u00e9 seguran\u00e7a alimentar a nutricional. Para isso, frei Jo\u00e3o Osmar entrevista o farmac\u00eautico bioqu\u00edmico Miguel Medeiros Monta\u00f1a. Ele \u00e9 professor aposentado da UFRGS e membro da Coordena\u00e7\u00e3o do F\u00f3rum Estadual de Seguran\u00e7a Alimenta e Nutricional Sustent\u00e1vel \u2013 FESANS\/RS. Na conversa, ele explica como surgiu o F\u00f3rum, como ele funciona e sua import\u00e2ncia na luta por qualidade de vida.<\/p>\n<p>O Revista de R\u00e1dio tamb\u00e9m retoma as principais manchetes da semana de forma cr\u00edtica. N primeira do m\u00eas de agosto, destaque para a situa\u00e7\u00e3o confusa em que se encontra o Brasil. Nesta semana, o Senado Federal deu mais um passo no processo de Impedimento da presidente Dilma, aprovando na Comiss\u00e3o Especial o Relat\u00f3rio do senador Anastasia, que recomenda o julgamento do caso pelo Plen\u00e1rio da Casa. Por outro lado, se iniciam as atividades relativas \u00e0s Olimp\u00edadas 2016, as primeiras no Brasil e na Am\u00e9rica Latina. S\u00e3o muitas coisas ao mesmo tempo, com uma m\u00eddia parcial que, ao inv\u00e9s de informar os cidad\u00e3os e cidad\u00e3s, faz quest\u00e3o de manipular sobre o que acontece. Com isso, fica dif\u00edcil para a popula\u00e7\u00e3o brasileira entender o que est\u00e1 de fato acontecendo e qual seu significado.<\/p>\n<p>O programa traz ainda a m\u00fasica &#8220;Um Sonho Poss\u00edvel&#8221;, com Pe. Osmar Coppi no CD &#8220;No Caminho da Vida&#8221;.<\/p>\n","protected":false},"featured_media":0,"template":"","class_list":["post-85","revista_radio","type-revista_radio","status-publish","hentry"],"acf":[],"yoast_head":"<!-- This site is optimized with the Yoast SEO plugin v27.2 - https:\/\/yoast.com\/product\/yoast-seo-wordpress\/ -->\n<title>Revista de R\u00e1dio #155: Bate papo sobre seguran\u00e7a alimentar e nutricional - Instituto Cultural Padre Josimo<\/title>\n<meta name=\"robots\" content=\"index, follow, max-snippet:-1, max-image-preview:large, max-video-preview:-1\" \/>\n<link rel=\"canonical\" href=\"https:\/\/padrejosimo.com.br\/site\/revista_radio\/revista-de-radio-155-bate-papo-sobre-seguranca-alimentar-e-nutricional\/\" \/>\n<meta property=\"og:locale\" content=\"pt_BR\" \/>\n<meta property=\"og:type\" content=\"article\" \/>\n<meta property=\"og:title\" content=\"Revista de R\u00e1dio #155: Bate papo sobre seguran\u00e7a alimentar e nutricional - Instituto Cultural Padre Josimo\" \/>\n<meta property=\"og:description\" content=\"O tema deste programa \u00e9 seguran\u00e7a alimentar a nutricional. Para isso, frei Jo\u00e3o Osmar entrevista o farmac\u00eautico bioqu\u00edmico Miguel Medeiros Monta\u00f1a. Ele \u00e9 professor aposentado da UFRGS e membro da Coordena\u00e7\u00e3o do F\u00f3rum Estadual de Seguran\u00e7a Alimenta e Nutricional Sustent\u00e1vel \u2013 FESANS\/RS. Na conversa, ele explica como surgiu o F\u00f3rum, como ele funciona e sua [&hellip;]\" \/>\n<meta property=\"og:url\" content=\"https:\/\/padrejosimo.com.br\/site\/revista_radio\/revista-de-radio-155-bate-papo-sobre-seguranca-alimentar-e-nutricional\/\" \/>\n<meta property=\"og:site_name\" content=\"Instituto Cultural Padre Josimo\" \/>\n<meta property=\"og:image\" content=\"https:\/\/padrejosimo.com.br\/site\/wp-content\/uploads\/2025\/09\/cropped-icon-icpj.png\" \/>\n\t<meta property=\"og:image:width\" content=\"512\" \/>\n\t<meta property=\"og:image:height\" content=\"512\" \/>\n\t<meta property=\"og:image:type\" content=\"image\/png\" \/>\n<meta name=\"twitter:card\" content=\"summary_large_image\" \/>\n<meta name=\"twitter:label1\" content=\"Est. tempo de leitura\" \/>\n\t<meta name=\"twitter:data1\" content=\"1 minuto\" \/>\n<script type=\"application\/ld+json\" class=\"yoast-schema-graph\">{\"@context\":\"https:\/\/schema.org\",\"@graph\":[{\"@type\":\"WebPage\",\"@id\":\"https:\/\/padrejosimo.com.br\/site\/revista_radio\/revista-de-radio-155-bate-papo-sobre-seguranca-alimentar-e-nutricional\/\",\"url\":\"https:\/\/padrejosimo.com.br\/site\/revista_radio\/revista-de-radio-155-bate-papo-sobre-seguranca-alimentar-e-nutricional\/\",\"name\":\"Revista de R\u00e1dio #155: Bate papo sobre seguran\u00e7a alimentar e nutricional - Instituto Cultural Padre Josimo\",\"isPartOf\":{\"@id\":\"https:\/\/padrejosimo.com.br\/site\/#website\"},\"datePublished\":\"2017-04-08T19:41:51+00:00\",\"breadcrumb\":{\"@id\":\"https:\/\/padrejosimo.com.br\/site\/revista_radio\/revista-de-radio-155-bate-papo-sobre-seguranca-alimentar-e-nutricional\/#breadcrumb\"},\"inLanguage\":\"pt-BR\",\"potentialAction\":[{\"@type\":\"ReadAction\",\"target\":[\"https:\/\/padrejosimo.com.br\/site\/revista_radio\/revista-de-radio-155-bate-papo-sobre-seguranca-alimentar-e-nutricional\/\"]}]},{\"@type\":\"BreadcrumbList\",\"@id\":\"https:\/\/padrejosimo.com.br\/site\/revista_radio\/revista-de-radio-155-bate-papo-sobre-seguranca-alimentar-e-nutricional\/#breadcrumb\",\"itemListElement\":[{\"@type\":\"ListItem\",\"position\":1,\"name\":\"In\u00edcio\",\"item\":\"https:\/\/padrejosimo.com.br\/site\/\"},{\"@type\":\"ListItem\",\"position\":2,\"name\":\"Revistas R\u00e1dio\",\"item\":\"https:\/\/padrejosimo.com.br\/site\/revista-radio\/\"},{\"@type\":\"ListItem\",\"position\":3,\"name\":\"Revista de R\u00e1dio #155: Bate papo sobre seguran\u00e7a alimentar e nutricional\"}]},{\"@type\":\"WebSite\",\"@id\":\"https:\/\/padrejosimo.com.br\/site\/#website\",\"url\":\"https:\/\/padrejosimo.com.br\/site\/\",\"name\":\"Instituto Cultural Padre Josimo\",\"description\":\"Comprometida com a promo\u00e7\u00e3o da justi\u00e7a social, agroecologia e educa\u00e7\u00e3o popular\",\"publisher\":{\"@id\":\"https:\/\/padrejosimo.com.br\/site\/#organization\"},\"alternateName\":\"ICPJ\",\"potentialAction\":[{\"@type\":\"SearchAction\",\"target\":{\"@type\":\"EntryPoint\",\"urlTemplate\":\"https:\/\/padrejosimo.com.br\/site\/?s={search_term_string}\"},\"query-input\":{\"@type\":\"PropertyValueSpecification\",\"valueRequired\":true,\"valueName\":\"search_term_string\"}}],\"inLanguage\":\"pt-BR\"},{\"@type\":\"Organization\",\"@id\":\"https:\/\/padrejosimo.com.br\/site\/#organization\",\"name\":\"Instituto Cultural Padre Josimo\",\"alternateName\":\"ICPJ\",\"url\":\"https:\/\/padrejosimo.com.br\/site\/\",\"logo\":{\"@type\":\"ImageObject\",\"inLanguage\":\"pt-BR\",\"@id\":\"https:\/\/padrejosimo.com.br\/site\/#\/schema\/logo\/image\/\",\"url\":\"https:\/\/padrejosimo.com.br\/site\/wp-content\/uploads\/2025\/09\/cropped-icon-icpj.png\",\"contentUrl\":\"https:\/\/padrejosimo.com.br\/site\/wp-content\/uploads\/2025\/09\/cropped-icon-icpj.png\",\"width\":512,\"height\":512,\"caption\":\"Instituto Cultural Padre Josimo\"},\"image\":{\"@id\":\"https:\/\/padrejosimo.com.br\/site\/#\/schema\/logo\/image\/\"}}]}<\/script>\n<!-- \/ Yoast SEO plugin. -->","yoast_head_json":{"title":"Revista de R\u00e1dio #155: Bate papo sobre seguran\u00e7a alimentar e nutricional - Instituto Cultural Padre Josimo","robots":{"index":"index","follow":"follow","max-snippet":"max-snippet:-1","max-image-preview":"max-image-preview:large","max-video-preview":"max-video-preview:-1"},"canonical":"https:\/\/padrejosimo.com.br\/site\/revista_radio\/revista-de-radio-155-bate-papo-sobre-seguranca-alimentar-e-nutricional\/","og_locale":"pt_BR","og_type":"article","og_title":"Revista de R\u00e1dio #155: Bate papo sobre seguran\u00e7a alimentar e nutricional - Instituto Cultural Padre Josimo","og_description":"O tema deste programa \u00e9 seguran\u00e7a alimentar a nutricional. Para isso, frei Jo\u00e3o Osmar entrevista o farmac\u00eautico bioqu\u00edmico Miguel Medeiros Monta\u00f1a. Ele \u00e9 professor aposentado da UFRGS e membro da Coordena\u00e7\u00e3o do F\u00f3rum Estadual de Seguran\u00e7a Alimenta e Nutricional Sustent\u00e1vel \u2013 FESANS\/RS. Na conversa, ele explica como surgiu o F\u00f3rum, como ele funciona e sua [&hellip;]","og_url":"https:\/\/padrejosimo.com.br\/site\/revista_radio\/revista-de-radio-155-bate-papo-sobre-seguranca-alimentar-e-nutricional\/","og_site_name":"Instituto Cultural Padre Josimo","og_image":[{"width":512,"height":512,"url":"https:\/\/padrejosimo.com.br\/site\/wp-content\/uploads\/2025\/09\/cropped-icon-icpj.png","type":"image\/png"}],"twitter_card":"summary_large_image","twitter_misc":{"Est. tempo de leitura":"1 minuto"},"schema":{"@context":"https:\/\/schema.org","@graph":[{"@type":"WebPage","@id":"https:\/\/padrejosimo.com.br\/site\/revista_radio\/revista-de-radio-155-bate-papo-sobre-seguranca-alimentar-e-nutricional\/","url":"https:\/\/padrejosimo.com.br\/site\/revista_radio\/revista-de-radio-155-bate-papo-sobre-seguranca-alimentar-e-nutricional\/","name":"Revista de R\u00e1dio #155: Bate papo sobre seguran\u00e7a alimentar e nutricional - Instituto Cultural Padre Josimo","isPartOf":{"@id":"https:\/\/padrejosimo.com.br\/site\/#website"},"datePublished":"2017-04-08T19:41:51+00:00","breadcrumb":{"@id":"https:\/\/padrejosimo.com.br\/site\/revista_radio\/revista-de-radio-155-bate-papo-sobre-seguranca-alimentar-e-nutricional\/#breadcrumb"},"inLanguage":"pt-BR","potentialAction":[{"@type":"ReadAction","target":["https:\/\/padrejosimo.com.br\/site\/revista_radio\/revista-de-radio-155-bate-papo-sobre-seguranca-alimentar-e-nutricional\/"]}]},{"@type":"BreadcrumbList","@id":"https:\/\/padrejosimo.com.br\/site\/revista_radio\/revista-de-radio-155-bate-papo-sobre-seguranca-alimentar-e-nutricional\/#breadcrumb","itemListElement":[{"@type":"ListItem","position":1,"name":"In\u00edcio","item":"https:\/\/padrejosimo.com.br\/site\/"},{"@type":"ListItem","position":2,"name":"Revistas R\u00e1dio","item":"https:\/\/padrejosimo.com.br\/site\/revista-radio\/"},{"@type":"ListItem","position":3,"name":"Revista de R\u00e1dio #155: Bate papo sobre seguran\u00e7a alimentar e nutricional"}]},{"@type":"WebSite","@id":"https:\/\/padrejosimo.com.br\/site\/#website","url":"https:\/\/padrejosimo.com.br\/site\/","name":"Instituto Cultural Padre Josimo","description":"Comprometida com a promo\u00e7\u00e3o da justi\u00e7a social, agroecologia e educa\u00e7\u00e3o popular","publisher":{"@id":"https:\/\/padrejosimo.com.br\/site\/#organization"},"alternateName":"ICPJ","potentialAction":[{"@type":"SearchAction","target":{"@type":"EntryPoint","urlTemplate":"https:\/\/padrejosimo.com.br\/site\/?s={search_term_string}"},"query-input":{"@type":"PropertyValueSpecification","valueRequired":true,"valueName":"search_term_string"}}],"inLanguage":"pt-BR"},{"@type":"Organization","@id":"https:\/\/padrejosimo.com.br\/site\/#organization","name":"Instituto Cultural Padre Josimo","alternateName":"ICPJ","url":"https:\/\/padrejosimo.com.br\/site\/","logo":{"@type":"ImageObject","inLanguage":"pt-BR","@id":"https:\/\/padrejosimo.com.br\/site\/#\/schema\/logo\/image\/","url":"https:\/\/padrejosimo.com.br\/site\/wp-content\/uploads\/2025\/09\/cropped-icon-icpj.png","contentUrl":"https:\/\/padrejosimo.com.br\/site\/wp-content\/uploads\/2025\/09\/cropped-icon-icpj.png","width":512,"height":512,"caption":"Instituto Cultural Padre Josimo"},"image":{"@id":"https:\/\/padrejosimo.com.br\/site\/#\/schema\/logo\/image\/"}}]}},"_links":{"self":[{"href":"https:\/\/padrejosimo.com.br\/site\/wp-json\/wp\/v2\/revista_radio\/85","targetHints":{"allow":["GET"]}}],"collection":[{"href":"https:\/\/padrejosimo.com.br\/site\/wp-json\/wp\/v2\/revista_radio"}],"about":[{"href":"https:\/\/padrejosimo.com.br\/site\/wp-json\/wp\/v2\/types\/revista_radio"}],"wp:attachment":[{"href":"https:\/\/padrejosimo.com.br\/site\/wp-json\/wp\/v2\/media?parent=85"}],"curies":[{"name":"wp","href":"https:\/\/api.w.org\/{rel}","templated":true}]}}

Revista de Rádio #155: Bate papo sobre segurança alimentar e nutricional

<p>O tema deste programa é segurança alimentar a nutricional. Para isso, frei João Osmar entrevista o farmacêutico bioquímico Miguel Medeiros Montaña. Ele é professor aposentado da UFRGS e membro da Coordenação do Fórum Estadual de Segurança Alimenta e Nutricional Sustentável – FESANS/RS. Na conversa, ele explica como surgiu o Fórum, como ele funciona e sua importância na luta por qualidade de vida.</p>
<p>O Revista de Rádio também retoma as principais manchetes da semana de forma crítica. N primeira do mês de agosto, destaque para a situação confusa em que se encontra o Brasil. Nesta semana, o Senado Federal deu mais um passo no processo de Impedimento da presidente Dilma, aprovando na Comissão Especial o Relatório do senador Anastasia, que recomenda o julgamento do caso pelo Plenário da Casa. Por outro lado, se iniciam as atividades relativas às Olimpíadas 2016, as primeiras no Brasil e na América Latina. São muitas coisas ao mesmo tempo, com uma mídia parcial que, ao invés de informar os cidadãos e cidadãs, faz questão de manipular sobre o que acontece. Com isso, fica difícil para a população brasileira entender o que está de fato acontecendo e qual seu significado.</p>
<p>O programa traz ainda a música &#8220;Um Sonho Possível&#8221;, com Pe. Osmar Coppi no CD &#8220;No Caminho da Vida&#8221;.</p>

<!-- This site is optimized with the Yoast SEO plugin v27.2 - https://yoast.com/product/yoast-seo-wordpress/ -->
<title>Revista de Rádio #155: Bate papo sobre segurança alimentar e nutricional - Instituto Cultural Padre Josimo</title>
<meta name="robots" content="index, follow, max-snippet:-1, max-image-preview:large, max-video-preview:-1" />
<link rel="canonical" href="https://padrejosimo.com.br/site/revista_radio/revista-de-radio-155-bate-papo-sobre-seguranca-alimentar-e-nutricional/" />
<meta property="og:locale" content="pt_BR" />
<meta property="og:type" content="article" />
<meta property="og:title" content="Revista de Rádio #155: Bate papo sobre segurança alimentar e nutricional - Instituto Cultural Padre Josimo" />
<meta property="og:description" content="O tema deste programa é segurança alimentar a nutricional. Para isso, frei João Osmar entrevista o farmacêutico bioquímico Miguel Medeiros Montaña. Ele é professor aposentado da UFRGS e membro da Coordenação do Fórum Estadual de Segurança Alimenta e Nutricional Sustentável – FESANS/RS. Na conversa, ele explica como surgiu o Fórum, como ele funciona e sua [&hellip;]" />
<meta property="og:url" content="https://padrejosimo.com.br/site/revista_radio/revista-de-radio-155-bate-papo-sobre-seguranca-alimentar-e-nutricional/" />
<meta property="og:site_name" content="Instituto Cultural Padre Josimo" />
<meta property="og:image" content="https://padrejosimo.com.br/site/wp-content/uploads/2025/09/cropped-icon-icpj.png" />
	<meta property="og:image:width" content="512" />
	<meta property="og:image:height" content="512" />
	<meta property="og:image:type" content="image/png" />
<meta name="twitter:card" content="summary_large_image" />
<meta name="twitter:label1" content="Est. tempo de leitura" />
	<meta name="twitter:data1" content="1 minuto" />
<script type="application/ld+json" class="yoast-schema-graph">{"@context":"https://schema.org","@graph":[{"@type":"WebPage","@id":"https://padrejosimo.com.br/site/revista_radio/revista-de-radio-155-bate-papo-sobre-seguranca-alimentar-e-nutricional/","url":"https://padrejosimo.com.br/site/revista_radio/revista-de-radio-155-bate-papo-sobre-seguranca-alimentar-e-nutricional/","name":"Revista de Rádio #155: Bate papo sobre segurança alimentar e nutricional - Instituto Cultural Padre Josimo","isPartOf":{"@id":"https://padrejosimo.com.br/site/#website"},"datePublished":"2017-04-08T19:41:51+00:00","breadcrumb":{"@id":"https://padrejosimo.com.br/site/revista_radio/revista-de-radio-155-bate-papo-sobre-seguranca-alimentar-e-nutricional/#breadcrumb"},"inLanguage":"pt-BR","potentialAction":[{"@type":"ReadAction","target":["https://padrejosimo.com.br/site/revista_radio/revista-de-radio-155-bate-papo-sobre-seguranca-alimentar-e-nutricional/"]}]},{"@type":"BreadcrumbList","@id":"https://padrejosimo.com.br/site/revista_radio/revista-de-radio-155-bate-papo-sobre-seguranca-alimentar-e-nutricional/#breadcrumb","itemListElement":[{"@type":"ListItem","position":1,"name":"Início","item":"https://padrejosimo.com.br/site/"},{"@type":"ListItem","position":2,"name":"Revistas Rádio","item":"https://padrejosimo.com.br/site/revista-radio/"},{"@type":"ListItem","position":3,"name":"Revista de Rádio #155: Bate papo sobre segurança alimentar e nutricional"}]},{"@type":"WebSite","@id":"https://padrejosimo.com.br/site/#website","url":"https://padrejosimo.com.br/site/","name":"Instituto Cultural Padre Josimo","description":"Comprometida com a promoção da justiça social, agroecologia e educação popular","publisher":{"@id":"https://padrejosimo.com.br/site/#organization"},"alternateName":"ICPJ","potentialAction":[{"@type":"SearchAction","target":{"@type":"EntryPoint","urlTemplate":"https://padrejosimo.com.br/site/?s={search_term_string}"},"query-input":{"@type":"PropertyValueSpecification","valueRequired":true,"valueName":"search_term_string"}}],"inLanguage":"pt-BR"},{"@type":"Organization","@id":"https://padrejosimo.com.br/site/#organization","name":"Instituto Cultural Padre Josimo","alternateName":"ICPJ","url":"https://padrejosimo.com.br/site/","logo":{"@type":"ImageObject","inLanguage":"pt-BR","@id":"https://padrejosimo.com.br/site/#/schema/logo/image/","url":"https://padrejosimo.com.br/site/wp-content/uploads/2025/09/cropped-icon-icpj.png","contentUrl":"https://padrejosimo.com.br/site/wp-content/uploads/2025/09/cropped-icon-icpj.png","width":512,"height":512,"caption":"Instituto Cultural Padre Josimo"},"image":{"@id":"https://padrejosimo.com.br/site/#/schema/logo/image/"}}]}</script>
<!-- / Yoast SEO plugin. -->

Revista de Rádio #155: Bate papo sobre segurança alimentar e nutricional - Instituto Cultural Padre Josimo

O tema deste programa é segurança alimentar a nutricional. Para isso, frei João Osmar entrevista o farmacêutico bioquímico Miguel Medeiros Montaña. Ele é professor aposentado da UFRGS e membro da Coordenação do Fórum Estadual de Segurança Alimenta e Nutricional Sustentável – FESANS/RS. Na conversa, ele explica como surgiu o Fórum, como ele funciona e sua [&hellip;]

Início

Revistas Rádio

Comprometida com a promoção da justiça social, agroecologia e educação popular
