{"id":82,"date":"2017-04-08T16:38:40","date_gmt":"2017-04-08T19:38:40","guid":{"rendered":"http:\/\/bagual.com.br\/site\/?post_type=revista_radio&#038;p=82"},"modified":"2017-04-08T16:38:40","modified_gmt":"2017-04-08T19:38:40","slug":"revista-de-radio-152-o-levante-popular-da-juventude","status":"publish","type":"revista_radio","link":"https:\/\/padrejosimo.com.br\/site\/revista_radio\/revista-de-radio-152-o-levante-popular-da-juventude\/","title":{"rendered":"Revista de R\u00e1dio #152: O Levante Popular da Juventude"},"content":{"rendered":"<p>O tema deste programa \u00e9 a juventude como protagonista da sociedade. A entrevista \u00e9 com Caio Piccarelli, da Coordena\u00e7\u00e3o Estadual do Levante Popular da Juventude. Paulista de Rio Claro, formou-se em Ci\u00eancias Sociais pela UFSM e hoje reside em Porto Alegre. No Programa, ele fala sobre o crescimento e atua\u00e7\u00e3o em todo o territ\u00f3rio nacional do movimento Levante Popular da Juventude.<\/p>\n<p>Nos destaques da semana, segue novos desdobramentos da crise pol\u00edtica brasileira: a elei\u00e7\u00e3o do novo presidente da C\u00e2mara dos Deputados para um curto mandato at\u00e9 fevereiro. Embora n\u00e3o fosse apoiado abertamente pelo presidente interino Michel Temer, essa foi uma vit\u00f3ria do governo provis\u00f3rio e da direita. A esquerda est\u00e1 perdida e n\u00e3o apresenta uma sa\u00edda para a crise. Aqui no Rio Grande do Sul, para al\u00e9m de todas as crises, fortes temporais t\u00eam trazido grandes preju\u00edzos em diferentes regi\u00f5es do Estado.<\/p>\n<p>O programa traz ainda a m\u00fasica &#8220;O Cio da Terra&#8221; por Pena Branca e Xavantinho.<\/p>\n","protected":false},"featured_media":0,"template":"","class_list":["post-82","revista_radio","type-revista_radio","status-publish","hentry"],"acf":[],"yoast_head":"<!-- This site is optimized with the Yoast SEO plugin v27.2 - https:\/\/yoast.com\/product\/yoast-seo-wordpress\/ -->\n<title>Revista de R\u00e1dio #152: O Levante Popular da Juventude - Instituto Cultural Padre Josimo<\/title>\n<meta name=\"robots\" content=\"index, follow, max-snippet:-1, max-image-preview:large, max-video-preview:-1\" \/>\n<link rel=\"canonical\" href=\"https:\/\/padrejosimo.com.br\/site\/revista_radio\/revista-de-radio-152-o-levante-popular-da-juventude\/\" \/>\n<meta property=\"og:locale\" content=\"pt_BR\" \/>\n<meta property=\"og:type\" content=\"article\" \/>\n<meta property=\"og:title\" content=\"Revista de R\u00e1dio #152: O Levante Popular da Juventude - Instituto Cultural Padre Josimo\" \/>\n<meta property=\"og:description\" content=\"O tema deste programa \u00e9 a juventude como protagonista da sociedade. A entrevista \u00e9 com Caio Piccarelli, da Coordena\u00e7\u00e3o Estadual do Levante Popular da Juventude. Paulista de Rio Claro, formou-se em Ci\u00eancias Sociais pela UFSM e hoje reside em Porto Alegre. No Programa, ele fala sobre o crescimento e atua\u00e7\u00e3o em todo o territ\u00f3rio nacional [&hellip;]\" \/>\n<meta property=\"og:url\" content=\"https:\/\/padrejosimo.com.br\/site\/revista_radio\/revista-de-radio-152-o-levante-popular-da-juventude\/\" \/>\n<meta property=\"og:site_name\" content=\"Instituto Cultural Padre Josimo\" \/>\n<meta property=\"og:image\" content=\"https:\/\/padrejosimo.com.br\/site\/wp-content\/uploads\/2025\/09\/cropped-icon-icpj.png\" \/>\n\t<meta property=\"og:image:width\" content=\"512\" \/>\n\t<meta property=\"og:image:height\" content=\"512\" \/>\n\t<meta property=\"og:image:type\" content=\"image\/png\" \/>\n<meta name=\"twitter:card\" content=\"summary_large_image\" \/>\n<meta name=\"twitter:label1\" content=\"Est. tempo de leitura\" \/>\n\t<meta name=\"twitter:data1\" content=\"1 minuto\" \/>\n<script type=\"application\/ld+json\" class=\"yoast-schema-graph\">{\"@context\":\"https:\/\/schema.org\",\"@graph\":[{\"@type\":\"WebPage\",\"@id\":\"https:\/\/padrejosimo.com.br\/site\/revista_radio\/revista-de-radio-152-o-levante-popular-da-juventude\/\",\"url\":\"https:\/\/padrejosimo.com.br\/site\/revista_radio\/revista-de-radio-152-o-levante-popular-da-juventude\/\",\"name\":\"Revista de R\u00e1dio #152: O Levante Popular da Juventude - Instituto Cultural Padre Josimo\",\"isPartOf\":{\"@id\":\"https:\/\/padrejosimo.com.br\/site\/#website\"},\"datePublished\":\"2017-04-08T19:38:40+00:00\",\"breadcrumb\":{\"@id\":\"https:\/\/padrejosimo.com.br\/site\/revista_radio\/revista-de-radio-152-o-levante-popular-da-juventude\/#breadcrumb\"},\"inLanguage\":\"pt-BR\",\"potentialAction\":[{\"@type\":\"ReadAction\",\"target\":[\"https:\/\/padrejosimo.com.br\/site\/revista_radio\/revista-de-radio-152-o-levante-popular-da-juventude\/\"]}]},{\"@type\":\"BreadcrumbList\",\"@id\":\"https:\/\/padrejosimo.com.br\/site\/revista_radio\/revista-de-radio-152-o-levante-popular-da-juventude\/#breadcrumb\",\"itemListElement\":[{\"@type\":\"ListItem\",\"position\":1,\"name\":\"In\u00edcio\",\"item\":\"https:\/\/padrejosimo.com.br\/site\/\"},{\"@type\":\"ListItem\",\"position\":2,\"name\":\"Revistas R\u00e1dio\",\"item\":\"https:\/\/padrejosimo.com.br\/site\/revista-radio\/\"},{\"@type\":\"ListItem\",\"position\":3,\"name\":\"Revista de R\u00e1dio #152: O Levante Popular da Juventude\"}]},{\"@type\":\"WebSite\",\"@id\":\"https:\/\/padrejosimo.com.br\/site\/#website\",\"url\":\"https:\/\/padrejosimo.com.br\/site\/\",\"name\":\"Instituto Cultural Padre Josimo\",\"description\":\"Comprometida com a promo\u00e7\u00e3o da justi\u00e7a social, agroecologia e educa\u00e7\u00e3o popular\",\"publisher\":{\"@id\":\"https:\/\/padrejosimo.com.br\/site\/#organization\"},\"alternateName\":\"ICPJ\",\"potentialAction\":[{\"@type\":\"SearchAction\",\"target\":{\"@type\":\"EntryPoint\",\"urlTemplate\":\"https:\/\/padrejosimo.com.br\/site\/?s={search_term_string}\"},\"query-input\":{\"@type\":\"PropertyValueSpecification\",\"valueRequired\":true,\"valueName\":\"search_term_string\"}}],\"inLanguage\":\"pt-BR\"},{\"@type\":\"Organization\",\"@id\":\"https:\/\/padrejosimo.com.br\/site\/#organization\",\"name\":\"Instituto Cultural Padre Josimo\",\"alternateName\":\"ICPJ\",\"url\":\"https:\/\/padrejosimo.com.br\/site\/\",\"logo\":{\"@type\":\"ImageObject\",\"inLanguage\":\"pt-BR\",\"@id\":\"https:\/\/padrejosimo.com.br\/site\/#\/schema\/logo\/image\/\",\"url\":\"https:\/\/padrejosimo.com.br\/site\/wp-content\/uploads\/2025\/09\/cropped-icon-icpj.png\",\"contentUrl\":\"https:\/\/padrejosimo.com.br\/site\/wp-content\/uploads\/2025\/09\/cropped-icon-icpj.png\",\"width\":512,\"height\":512,\"caption\":\"Instituto Cultural Padre Josimo\"},\"image\":{\"@id\":\"https:\/\/padrejosimo.com.br\/site\/#\/schema\/logo\/image\/\"}}]}<\/script>\n<!-- \/ Yoast SEO plugin. -->","yoast_head_json":{"title":"Revista de R\u00e1dio #152: O Levante Popular da Juventude - Instituto Cultural Padre Josimo","robots":{"index":"index","follow":"follow","max-snippet":"max-snippet:-1","max-image-preview":"max-image-preview:large","max-video-preview":"max-video-preview:-1"},"canonical":"https:\/\/padrejosimo.com.br\/site\/revista_radio\/revista-de-radio-152-o-levante-popular-da-juventude\/","og_locale":"pt_BR","og_type":"article","og_title":"Revista de R\u00e1dio #152: O Levante Popular da Juventude - Instituto Cultural Padre Josimo","og_description":"O tema deste programa \u00e9 a juventude como protagonista da sociedade. A entrevista \u00e9 com Caio Piccarelli, da Coordena\u00e7\u00e3o Estadual do Levante Popular da Juventude. Paulista de Rio Claro, formou-se em Ci\u00eancias Sociais pela UFSM e hoje reside em Porto Alegre. No Programa, ele fala sobre o crescimento e atua\u00e7\u00e3o em todo o territ\u00f3rio nacional [&hellip;]","og_url":"https:\/\/padrejosimo.com.br\/site\/revista_radio\/revista-de-radio-152-o-levante-popular-da-juventude\/","og_site_name":"Instituto Cultural Padre Josimo","og_image":[{"width":512,"height":512,"url":"https:\/\/padrejosimo.com.br\/site\/wp-content\/uploads\/2025\/09\/cropped-icon-icpj.png","type":"image\/png"}],"twitter_card":"summary_large_image","twitter_misc":{"Est. tempo de leitura":"1 minuto"},"schema":{"@context":"https:\/\/schema.org","@graph":[{"@type":"WebPage","@id":"https:\/\/padrejosimo.com.br\/site\/revista_radio\/revista-de-radio-152-o-levante-popular-da-juventude\/","url":"https:\/\/padrejosimo.com.br\/site\/revista_radio\/revista-de-radio-152-o-levante-popular-da-juventude\/","name":"Revista de R\u00e1dio #152: O Levante Popular da Juventude - Instituto Cultural Padre Josimo","isPartOf":{"@id":"https:\/\/padrejosimo.com.br\/site\/#website"},"datePublished":"2017-04-08T19:38:40+00:00","breadcrumb":{"@id":"https:\/\/padrejosimo.com.br\/site\/revista_radio\/revista-de-radio-152-o-levante-popular-da-juventude\/#breadcrumb"},"inLanguage":"pt-BR","potentialAction":[{"@type":"ReadAction","target":["https:\/\/padrejosimo.com.br\/site\/revista_radio\/revista-de-radio-152-o-levante-popular-da-juventude\/"]}]},{"@type":"BreadcrumbList","@id":"https:\/\/padrejosimo.com.br\/site\/revista_radio\/revista-de-radio-152-o-levante-popular-da-juventude\/#breadcrumb","itemListElement":[{"@type":"ListItem","position":1,"name":"In\u00edcio","item":"https:\/\/padrejosimo.com.br\/site\/"},{"@type":"ListItem","position":2,"name":"Revistas R\u00e1dio","item":"https:\/\/padrejosimo.com.br\/site\/revista-radio\/"},{"@type":"ListItem","position":3,"name":"Revista de R\u00e1dio #152: O Levante Popular da Juventude"}]},{"@type":"WebSite","@id":"https:\/\/padrejosimo.com.br\/site\/#website","url":"https:\/\/padrejosimo.com.br\/site\/","name":"Instituto Cultural Padre Josimo","description":"Comprometida com a promo\u00e7\u00e3o da justi\u00e7a social, agroecologia e educa\u00e7\u00e3o popular","publisher":{"@id":"https:\/\/padrejosimo.com.br\/site\/#organization"},"alternateName":"ICPJ","potentialAction":[{"@type":"SearchAction","target":{"@type":"EntryPoint","urlTemplate":"https:\/\/padrejosimo.com.br\/site\/?s={search_term_string}"},"query-input":{"@type":"PropertyValueSpecification","valueRequired":true,"valueName":"search_term_string"}}],"inLanguage":"pt-BR"},{"@type":"Organization","@id":"https:\/\/padrejosimo.com.br\/site\/#organization","name":"Instituto Cultural Padre Josimo","alternateName":"ICPJ","url":"https:\/\/padrejosimo.com.br\/site\/","logo":{"@type":"ImageObject","inLanguage":"pt-BR","@id":"https:\/\/padrejosimo.com.br\/site\/#\/schema\/logo\/image\/","url":"https:\/\/padrejosimo.com.br\/site\/wp-content\/uploads\/2025\/09\/cropped-icon-icpj.png","contentUrl":"https:\/\/padrejosimo.com.br\/site\/wp-content\/uploads\/2025\/09\/cropped-icon-icpj.png","width":512,"height":512,"caption":"Instituto Cultural Padre Josimo"},"image":{"@id":"https:\/\/padrejosimo.com.br\/site\/#\/schema\/logo\/image\/"}}]}},"_links":{"self":[{"href":"https:\/\/padrejosimo.com.br\/site\/wp-json\/wp\/v2\/revista_radio\/82","targetHints":{"allow":["GET"]}}],"collection":[{"href":"https:\/\/padrejosimo.com.br\/site\/wp-json\/wp\/v2\/revista_radio"}],"about":[{"href":"https:\/\/padrejosimo.com.br\/site\/wp-json\/wp\/v2\/types\/revista_radio"}],"wp:attachment":[{"href":"https:\/\/padrejosimo.com.br\/site\/wp-json\/wp\/v2\/media?parent=82"}],"curies":[{"name":"wp","href":"https:\/\/api.w.org\/{rel}","templated":true}]}}

Revista de Rádio #152: O Levante Popular da Juventude

<p>O tema deste programa é a juventude como protagonista da sociedade. A entrevista é com Caio Piccarelli, da Coordenação Estadual do Levante Popular da Juventude. Paulista de Rio Claro, formou-se em Ciências Sociais pela UFSM e hoje reside em Porto Alegre. No Programa, ele fala sobre o crescimento e atuação em todo o território nacional do movimento Levante Popular da Juventude.</p>
<p>Nos destaques da semana, segue novos desdobramentos da crise política brasileira: a eleição do novo presidente da Câmara dos Deputados para um curto mandato até fevereiro. Embora não fosse apoiado abertamente pelo presidente interino Michel Temer, essa foi uma vitória do governo provisório e da direita. A esquerda está perdida e não apresenta uma saída para a crise. Aqui no Rio Grande do Sul, para além de todas as crises, fortes temporais têm trazido grandes prejuízos em diferentes regiões do Estado.</p>
<p>O programa traz ainda a música &#8220;O Cio da Terra&#8221; por Pena Branca e Xavantinho.</p>

<!-- This site is optimized with the Yoast SEO plugin v27.2 - https://yoast.com/product/yoast-seo-wordpress/ -->
<title>Revista de Rádio #152: O Levante Popular da Juventude - Instituto Cultural Padre Josimo</title>
<meta name="robots" content="index, follow, max-snippet:-1, max-image-preview:large, max-video-preview:-1" />
<link rel="canonical" href="https://padrejosimo.com.br/site/revista_radio/revista-de-radio-152-o-levante-popular-da-juventude/" />
<meta property="og:locale" content="pt_BR" />
<meta property="og:type" content="article" />
<meta property="og:title" content="Revista de Rádio #152: O Levante Popular da Juventude - Instituto Cultural Padre Josimo" />
<meta property="og:description" content="O tema deste programa é a juventude como protagonista da sociedade. A entrevista é com Caio Piccarelli, da Coordenação Estadual do Levante Popular da Juventude. Paulista de Rio Claro, formou-se em Ciências Sociais pela UFSM e hoje reside em Porto Alegre. No Programa, ele fala sobre o crescimento e atuação em todo o território nacional [&hellip;]" />
<meta property="og:url" content="https://padrejosimo.com.br/site/revista_radio/revista-de-radio-152-o-levante-popular-da-juventude/" />
<meta property="og:site_name" content="Instituto Cultural Padre Josimo" />
<meta property="og:image" content="https://padrejosimo.com.br/site/wp-content/uploads/2025/09/cropped-icon-icpj.png" />
	<meta property="og:image:width" content="512" />
	<meta property="og:image:height" content="512" />
	<meta property="og:image:type" content="image/png" />
<meta name="twitter:card" content="summary_large_image" />
<meta name="twitter:label1" content="Est. tempo de leitura" />
	<meta name="twitter:data1" content="1 minuto" />
<script type="application/ld+json" class="yoast-schema-graph">{"@context":"https://schema.org","@graph":[{"@type":"WebPage","@id":"https://padrejosimo.com.br/site/revista_radio/revista-de-radio-152-o-levante-popular-da-juventude/","url":"https://padrejosimo.com.br/site/revista_radio/revista-de-radio-152-o-levante-popular-da-juventude/","name":"Revista de Rádio #152: O Levante Popular da Juventude - Instituto Cultural Padre Josimo","isPartOf":{"@id":"https://padrejosimo.com.br/site/#website"},"datePublished":"2017-04-08T19:38:40+00:00","breadcrumb":{"@id":"https://padrejosimo.com.br/site/revista_radio/revista-de-radio-152-o-levante-popular-da-juventude/#breadcrumb"},"inLanguage":"pt-BR","potentialAction":[{"@type":"ReadAction","target":["https://padrejosimo.com.br/site/revista_radio/revista-de-radio-152-o-levante-popular-da-juventude/"]}]},{"@type":"BreadcrumbList","@id":"https://padrejosimo.com.br/site/revista_radio/revista-de-radio-152-o-levante-popular-da-juventude/#breadcrumb","itemListElement":[{"@type":"ListItem","position":1,"name":"Início","item":"https://padrejosimo.com.br/site/"},{"@type":"ListItem","position":2,"name":"Revistas Rádio","item":"https://padrejosimo.com.br/site/revista-radio/"},{"@type":"ListItem","position":3,"name":"Revista de Rádio #152: O Levante Popular da Juventude"}]},{"@type":"WebSite","@id":"https://padrejosimo.com.br/site/#website","url":"https://padrejosimo.com.br/site/","name":"Instituto Cultural Padre Josimo","description":"Comprometida com a promoção da justiça social, agroecologia e educação popular","publisher":{"@id":"https://padrejosimo.com.br/site/#organization"},"alternateName":"ICPJ","potentialAction":[{"@type":"SearchAction","target":{"@type":"EntryPoint","urlTemplate":"https://padrejosimo.com.br/site/?s={search_term_string}"},"query-input":{"@type":"PropertyValueSpecification","valueRequired":true,"valueName":"search_term_string"}}],"inLanguage":"pt-BR"},{"@type":"Organization","@id":"https://padrejosimo.com.br/site/#organization","name":"Instituto Cultural Padre Josimo","alternateName":"ICPJ","url":"https://padrejosimo.com.br/site/","logo":{"@type":"ImageObject","inLanguage":"pt-BR","@id":"https://padrejosimo.com.br/site/#/schema/logo/image/","url":"https://padrejosimo.com.br/site/wp-content/uploads/2025/09/cropped-icon-icpj.png","contentUrl":"https://padrejosimo.com.br/site/wp-content/uploads/2025/09/cropped-icon-icpj.png","width":512,"height":512,"caption":"Instituto Cultural Padre Josimo"},"image":{"@id":"https://padrejosimo.com.br/site/#/schema/logo/image/"}}]}</script>
<!-- / Yoast SEO plugin. -->

Revista de Rádio #152: O Levante Popular da Juventude - Instituto Cultural Padre Josimo

O tema deste programa é a juventude como protagonista da sociedade. A entrevista é com Caio Piccarelli, da Coordenação Estadual do Levante Popular da Juventude. Paulista de Rio Claro, formou-se em Ciências Sociais pela UFSM e hoje reside em Porto Alegre. No Programa, ele fala sobre o crescimento e atuação em todo o território nacional [&hellip;]

Início

Revistas Rádio

Comprometida com a promoção da justiça social, agroecologia e educação popular
