{"id":81,"date":"2017-04-08T16:35:39","date_gmt":"2017-04-08T19:35:39","guid":{"rendered":"http:\/\/bagual.com.br\/site\/?post_type=revista_radio&#038;p=81"},"modified":"2017-04-08T16:35:39","modified_gmt":"2017-04-08T19:35:39","slug":"revista-de-radio-151-vocacao-e-missao-do-leigo-nas-igrejas","status":"publish","type":"revista_radio","link":"https:\/\/padrejosimo.com.br\/site\/revista_radio\/revista-de-radio-151-vocacao-e-missao-do-leigo-nas-igrejas\/","title":{"rendered":"Revista de R\u00e1dio #151: Voca\u00e7\u00e3o e miss\u00e3o do leigo nas igrejas"},"content":{"rendered":"<p>O tema deste programa \u00e9 voca\u00e7\u00e3o voca\u00e7\u00e3o e miss\u00e3o do leigo nas igrejas. O assunto destacado nesta semana \u00e9 a crise pol\u00edtica brasileira, que teve novos desdobramentos. Um dos principais \u00e9 a ren\u00fancia de Eduardo Cunha da presid\u00eancia da C\u00e2mara dos Deputados. Ele procura salvar seu mandato com manobras, mesmo estando suspenso do mandato pelo STF. Aqui no RS, tamb\u00e9m teve a passagem da tocha ol\u00edmpica, que gerou controv\u00e9rsia: uns aplaudindo e outros querendo apag\u00e1-la. Estamos pr\u00f3ximos da abertura oficial das Olimp\u00edadas no Rio de Janeiro e a crise brasileira cresce. A entrevista \u00e9 com Roberto Leibgatt, que \u00e9 Mission\u00e1rio Leigo da Coordena\u00e7\u00e3o do CIMI \u2013 Conselho Indigenista Mission\u00e1rio na Regi\u00e3o Sul do Brasil. Os \u00faltimos programas t\u00eam tratado da Voca\u00e7\u00e3o Mission\u00e1ria nas Igrejas. J\u00e1 foram entrevistados uma Irm\u00e3 Religiosa, um Frei que tamb\u00e9m \u00e9 religioso e hoje entrevistamos um leigo com atua\u00e7\u00e3o forte na Igreja. Ele mesmo vai falar mais sobre isso.<\/p>\n<p>O programa traz a m\u00fasica &#8220;Obrigado ao homem do campo&#8221;, com Dom e Ravel.<\/p>\n","protected":false},"featured_media":0,"template":"","class_list":["post-81","revista_radio","type-revista_radio","status-publish","hentry"],"acf":[],"yoast_head":"<!-- This site is optimized with the Yoast SEO plugin v27.2 - https:\/\/yoast.com\/product\/yoast-seo-wordpress\/ -->\n<title>Revista de R\u00e1dio #151: Voca\u00e7\u00e3o e miss\u00e3o do leigo nas igrejas - Instituto Cultural Padre Josimo<\/title>\n<meta name=\"robots\" content=\"index, follow, max-snippet:-1, max-image-preview:large, max-video-preview:-1\" \/>\n<link rel=\"canonical\" href=\"https:\/\/padrejosimo.com.br\/site\/revista_radio\/revista-de-radio-151-vocacao-e-missao-do-leigo-nas-igrejas\/\" \/>\n<meta property=\"og:locale\" content=\"pt_BR\" \/>\n<meta property=\"og:type\" content=\"article\" \/>\n<meta property=\"og:title\" content=\"Revista de R\u00e1dio #151: Voca\u00e7\u00e3o e miss\u00e3o do leigo nas igrejas - Instituto Cultural Padre Josimo\" \/>\n<meta property=\"og:description\" content=\"O tema deste programa \u00e9 voca\u00e7\u00e3o voca\u00e7\u00e3o e miss\u00e3o do leigo nas igrejas. O assunto destacado nesta semana \u00e9 a crise pol\u00edtica brasileira, que teve novos desdobramentos. Um dos principais \u00e9 a ren\u00fancia de Eduardo Cunha da presid\u00eancia da C\u00e2mara dos Deputados. Ele procura salvar seu mandato com manobras, mesmo estando suspenso do mandato pelo [&hellip;]\" \/>\n<meta property=\"og:url\" content=\"https:\/\/padrejosimo.com.br\/site\/revista_radio\/revista-de-radio-151-vocacao-e-missao-do-leigo-nas-igrejas\/\" \/>\n<meta property=\"og:site_name\" content=\"Instituto Cultural Padre Josimo\" \/>\n<meta property=\"og:image\" content=\"https:\/\/padrejosimo.com.br\/site\/wp-content\/uploads\/2025\/09\/cropped-icon-icpj.png\" \/>\n\t<meta property=\"og:image:width\" content=\"512\" \/>\n\t<meta property=\"og:image:height\" content=\"512\" \/>\n\t<meta property=\"og:image:type\" content=\"image\/png\" \/>\n<meta name=\"twitter:card\" content=\"summary_large_image\" \/>\n<meta name=\"twitter:label1\" content=\"Est. tempo de leitura\" \/>\n\t<meta name=\"twitter:data1\" content=\"1 minuto\" \/>\n<script type=\"application\/ld+json\" class=\"yoast-schema-graph\">{\"@context\":\"https:\/\/schema.org\",\"@graph\":[{\"@type\":\"WebPage\",\"@id\":\"https:\/\/padrejosimo.com.br\/site\/revista_radio\/revista-de-radio-151-vocacao-e-missao-do-leigo-nas-igrejas\/\",\"url\":\"https:\/\/padrejosimo.com.br\/site\/revista_radio\/revista-de-radio-151-vocacao-e-missao-do-leigo-nas-igrejas\/\",\"name\":\"Revista de R\u00e1dio #151: Voca\u00e7\u00e3o e miss\u00e3o do leigo nas igrejas - Instituto Cultural Padre Josimo\",\"isPartOf\":{\"@id\":\"https:\/\/padrejosimo.com.br\/site\/#website\"},\"datePublished\":\"2017-04-08T19:35:39+00:00\",\"breadcrumb\":{\"@id\":\"https:\/\/padrejosimo.com.br\/site\/revista_radio\/revista-de-radio-151-vocacao-e-missao-do-leigo-nas-igrejas\/#breadcrumb\"},\"inLanguage\":\"pt-BR\",\"potentialAction\":[{\"@type\":\"ReadAction\",\"target\":[\"https:\/\/padrejosimo.com.br\/site\/revista_radio\/revista-de-radio-151-vocacao-e-missao-do-leigo-nas-igrejas\/\"]}]},{\"@type\":\"BreadcrumbList\",\"@id\":\"https:\/\/padrejosimo.com.br\/site\/revista_radio\/revista-de-radio-151-vocacao-e-missao-do-leigo-nas-igrejas\/#breadcrumb\",\"itemListElement\":[{\"@type\":\"ListItem\",\"position\":1,\"name\":\"In\u00edcio\",\"item\":\"https:\/\/padrejosimo.com.br\/site\/\"},{\"@type\":\"ListItem\",\"position\":2,\"name\":\"Revistas R\u00e1dio\",\"item\":\"https:\/\/padrejosimo.com.br\/site\/revista-radio\/\"},{\"@type\":\"ListItem\",\"position\":3,\"name\":\"Revista de R\u00e1dio #151: Voca\u00e7\u00e3o e miss\u00e3o do leigo nas igrejas\"}]},{\"@type\":\"WebSite\",\"@id\":\"https:\/\/padrejosimo.com.br\/site\/#website\",\"url\":\"https:\/\/padrejosimo.com.br\/site\/\",\"name\":\"Instituto Cultural Padre Josimo\",\"description\":\"Comprometida com a promo\u00e7\u00e3o da justi\u00e7a social, agroecologia e educa\u00e7\u00e3o popular\",\"publisher\":{\"@id\":\"https:\/\/padrejosimo.com.br\/site\/#organization\"},\"alternateName\":\"ICPJ\",\"potentialAction\":[{\"@type\":\"SearchAction\",\"target\":{\"@type\":\"EntryPoint\",\"urlTemplate\":\"https:\/\/padrejosimo.com.br\/site\/?s={search_term_string}\"},\"query-input\":{\"@type\":\"PropertyValueSpecification\",\"valueRequired\":true,\"valueName\":\"search_term_string\"}}],\"inLanguage\":\"pt-BR\"},{\"@type\":\"Organization\",\"@id\":\"https:\/\/padrejosimo.com.br\/site\/#organization\",\"name\":\"Instituto Cultural Padre Josimo\",\"alternateName\":\"ICPJ\",\"url\":\"https:\/\/padrejosimo.com.br\/site\/\",\"logo\":{\"@type\":\"ImageObject\",\"inLanguage\":\"pt-BR\",\"@id\":\"https:\/\/padrejosimo.com.br\/site\/#\/schema\/logo\/image\/\",\"url\":\"https:\/\/padrejosimo.com.br\/site\/wp-content\/uploads\/2025\/09\/cropped-icon-icpj.png\",\"contentUrl\":\"https:\/\/padrejosimo.com.br\/site\/wp-content\/uploads\/2025\/09\/cropped-icon-icpj.png\",\"width\":512,\"height\":512,\"caption\":\"Instituto Cultural Padre Josimo\"},\"image\":{\"@id\":\"https:\/\/padrejosimo.com.br\/site\/#\/schema\/logo\/image\/\"}}]}<\/script>\n<!-- \/ Yoast SEO plugin. -->","yoast_head_json":{"title":"Revista de R\u00e1dio #151: Voca\u00e7\u00e3o e miss\u00e3o do leigo nas igrejas - Instituto Cultural Padre Josimo","robots":{"index":"index","follow":"follow","max-snippet":"max-snippet:-1","max-image-preview":"max-image-preview:large","max-video-preview":"max-video-preview:-1"},"canonical":"https:\/\/padrejosimo.com.br\/site\/revista_radio\/revista-de-radio-151-vocacao-e-missao-do-leigo-nas-igrejas\/","og_locale":"pt_BR","og_type":"article","og_title":"Revista de R\u00e1dio #151: Voca\u00e7\u00e3o e miss\u00e3o do leigo nas igrejas - Instituto Cultural Padre Josimo","og_description":"O tema deste programa \u00e9 voca\u00e7\u00e3o voca\u00e7\u00e3o e miss\u00e3o do leigo nas igrejas. O assunto destacado nesta semana \u00e9 a crise pol\u00edtica brasileira, que teve novos desdobramentos. Um dos principais \u00e9 a ren\u00fancia de Eduardo Cunha da presid\u00eancia da C\u00e2mara dos Deputados. Ele procura salvar seu mandato com manobras, mesmo estando suspenso do mandato pelo [&hellip;]","og_url":"https:\/\/padrejosimo.com.br\/site\/revista_radio\/revista-de-radio-151-vocacao-e-missao-do-leigo-nas-igrejas\/","og_site_name":"Instituto Cultural Padre Josimo","og_image":[{"width":512,"height":512,"url":"https:\/\/padrejosimo.com.br\/site\/wp-content\/uploads\/2025\/09\/cropped-icon-icpj.png","type":"image\/png"}],"twitter_card":"summary_large_image","twitter_misc":{"Est. tempo de leitura":"1 minuto"},"schema":{"@context":"https:\/\/schema.org","@graph":[{"@type":"WebPage","@id":"https:\/\/padrejosimo.com.br\/site\/revista_radio\/revista-de-radio-151-vocacao-e-missao-do-leigo-nas-igrejas\/","url":"https:\/\/padrejosimo.com.br\/site\/revista_radio\/revista-de-radio-151-vocacao-e-missao-do-leigo-nas-igrejas\/","name":"Revista de R\u00e1dio #151: Voca\u00e7\u00e3o e miss\u00e3o do leigo nas igrejas - Instituto Cultural Padre Josimo","isPartOf":{"@id":"https:\/\/padrejosimo.com.br\/site\/#website"},"datePublished":"2017-04-08T19:35:39+00:00","breadcrumb":{"@id":"https:\/\/padrejosimo.com.br\/site\/revista_radio\/revista-de-radio-151-vocacao-e-missao-do-leigo-nas-igrejas\/#breadcrumb"},"inLanguage":"pt-BR","potentialAction":[{"@type":"ReadAction","target":["https:\/\/padrejosimo.com.br\/site\/revista_radio\/revista-de-radio-151-vocacao-e-missao-do-leigo-nas-igrejas\/"]}]},{"@type":"BreadcrumbList","@id":"https:\/\/padrejosimo.com.br\/site\/revista_radio\/revista-de-radio-151-vocacao-e-missao-do-leigo-nas-igrejas\/#breadcrumb","itemListElement":[{"@type":"ListItem","position":1,"name":"In\u00edcio","item":"https:\/\/padrejosimo.com.br\/site\/"},{"@type":"ListItem","position":2,"name":"Revistas R\u00e1dio","item":"https:\/\/padrejosimo.com.br\/site\/revista-radio\/"},{"@type":"ListItem","position":3,"name":"Revista de R\u00e1dio #151: Voca\u00e7\u00e3o e miss\u00e3o do leigo nas igrejas"}]},{"@type":"WebSite","@id":"https:\/\/padrejosimo.com.br\/site\/#website","url":"https:\/\/padrejosimo.com.br\/site\/","name":"Instituto Cultural Padre Josimo","description":"Comprometida com a promo\u00e7\u00e3o da justi\u00e7a social, agroecologia e educa\u00e7\u00e3o popular","publisher":{"@id":"https:\/\/padrejosimo.com.br\/site\/#organization"},"alternateName":"ICPJ","potentialAction":[{"@type":"SearchAction","target":{"@type":"EntryPoint","urlTemplate":"https:\/\/padrejosimo.com.br\/site\/?s={search_term_string}"},"query-input":{"@type":"PropertyValueSpecification","valueRequired":true,"valueName":"search_term_string"}}],"inLanguage":"pt-BR"},{"@type":"Organization","@id":"https:\/\/padrejosimo.com.br\/site\/#organization","name":"Instituto Cultural Padre Josimo","alternateName":"ICPJ","url":"https:\/\/padrejosimo.com.br\/site\/","logo":{"@type":"ImageObject","inLanguage":"pt-BR","@id":"https:\/\/padrejosimo.com.br\/site\/#\/schema\/logo\/image\/","url":"https:\/\/padrejosimo.com.br\/site\/wp-content\/uploads\/2025\/09\/cropped-icon-icpj.png","contentUrl":"https:\/\/padrejosimo.com.br\/site\/wp-content\/uploads\/2025\/09\/cropped-icon-icpj.png","width":512,"height":512,"caption":"Instituto Cultural Padre Josimo"},"image":{"@id":"https:\/\/padrejosimo.com.br\/site\/#\/schema\/logo\/image\/"}}]}},"_links":{"self":[{"href":"https:\/\/padrejosimo.com.br\/site\/wp-json\/wp\/v2\/revista_radio\/81","targetHints":{"allow":["GET"]}}],"collection":[{"href":"https:\/\/padrejosimo.com.br\/site\/wp-json\/wp\/v2\/revista_radio"}],"about":[{"href":"https:\/\/padrejosimo.com.br\/site\/wp-json\/wp\/v2\/types\/revista_radio"}],"wp:attachment":[{"href":"https:\/\/padrejosimo.com.br\/site\/wp-json\/wp\/v2\/media?parent=81"}],"curies":[{"name":"wp","href":"https:\/\/api.w.org\/{rel}","templated":true}]}}

Revista de Rádio #151: Vocação e missão do leigo nas igrejas

<p>O tema deste programa é vocação vocação e missão do leigo nas igrejas. O assunto destacado nesta semana é a crise política brasileira, que teve novos desdobramentos. Um dos principais é a renúncia de Eduardo Cunha da presidência da Câmara dos Deputados. Ele procura salvar seu mandato com manobras, mesmo estando suspenso do mandato pelo STF. Aqui no RS, também teve a passagem da tocha olímpica, que gerou controvérsia: uns aplaudindo e outros querendo apagá-la. Estamos próximos da abertura oficial das Olimpíadas no Rio de Janeiro e a crise brasileira cresce. A entrevista é com Roberto Leibgatt, que é Missionário Leigo da Coordenação do CIMI – Conselho Indigenista Missionário na Região Sul do Brasil. Os últimos programas têm tratado da Vocação Missionária nas Igrejas. Já foram entrevistados uma Irmã Religiosa, um Frei que também é religioso e hoje entrevistamos um leigo com atuação forte na Igreja. Ele mesmo vai falar mais sobre isso.</p>
<p>O programa traz a música &#8220;Obrigado ao homem do campo&#8221;, com Dom e Ravel.</p>

<!-- This site is optimized with the Yoast SEO plugin v27.2 - https://yoast.com/product/yoast-seo-wordpress/ -->
<title>Revista de Rádio #151: Vocação e missão do leigo nas igrejas - Instituto Cultural Padre Josimo</title>
<meta name="robots" content="index, follow, max-snippet:-1, max-image-preview:large, max-video-preview:-1" />
<link rel="canonical" href="https://padrejosimo.com.br/site/revista_radio/revista-de-radio-151-vocacao-e-missao-do-leigo-nas-igrejas/" />
<meta property="og:locale" content="pt_BR" />
<meta property="og:type" content="article" />
<meta property="og:title" content="Revista de Rádio #151: Vocação e missão do leigo nas igrejas - Instituto Cultural Padre Josimo" />
<meta property="og:description" content="O tema deste programa é vocação vocação e missão do leigo nas igrejas. O assunto destacado nesta semana é a crise política brasileira, que teve novos desdobramentos. Um dos principais é a renúncia de Eduardo Cunha da presidência da Câmara dos Deputados. Ele procura salvar seu mandato com manobras, mesmo estando suspenso do mandato pelo [&hellip;]" />
<meta property="og:url" content="https://padrejosimo.com.br/site/revista_radio/revista-de-radio-151-vocacao-e-missao-do-leigo-nas-igrejas/" />
<meta property="og:site_name" content="Instituto Cultural Padre Josimo" />
<meta property="og:image" content="https://padrejosimo.com.br/site/wp-content/uploads/2025/09/cropped-icon-icpj.png" />
	<meta property="og:image:width" content="512" />
	<meta property="og:image:height" content="512" />
	<meta property="og:image:type" content="image/png" />
<meta name="twitter:card" content="summary_large_image" />
<meta name="twitter:label1" content="Est. tempo de leitura" />
	<meta name="twitter:data1" content="1 minuto" />
<script type="application/ld+json" class="yoast-schema-graph">{"@context":"https://schema.org","@graph":[{"@type":"WebPage","@id":"https://padrejosimo.com.br/site/revista_radio/revista-de-radio-151-vocacao-e-missao-do-leigo-nas-igrejas/","url":"https://padrejosimo.com.br/site/revista_radio/revista-de-radio-151-vocacao-e-missao-do-leigo-nas-igrejas/","name":"Revista de Rádio #151: Vocação e missão do leigo nas igrejas - Instituto Cultural Padre Josimo","isPartOf":{"@id":"https://padrejosimo.com.br/site/#website"},"datePublished":"2017-04-08T19:35:39+00:00","breadcrumb":{"@id":"https://padrejosimo.com.br/site/revista_radio/revista-de-radio-151-vocacao-e-missao-do-leigo-nas-igrejas/#breadcrumb"},"inLanguage":"pt-BR","potentialAction":[{"@type":"ReadAction","target":["https://padrejosimo.com.br/site/revista_radio/revista-de-radio-151-vocacao-e-missao-do-leigo-nas-igrejas/"]}]},{"@type":"BreadcrumbList","@id":"https://padrejosimo.com.br/site/revista_radio/revista-de-radio-151-vocacao-e-missao-do-leigo-nas-igrejas/#breadcrumb","itemListElement":[{"@type":"ListItem","position":1,"name":"Início","item":"https://padrejosimo.com.br/site/"},{"@type":"ListItem","position":2,"name":"Revistas Rádio","item":"https://padrejosimo.com.br/site/revista-radio/"},{"@type":"ListItem","position":3,"name":"Revista de Rádio #151: Vocação e missão do leigo nas igrejas"}]},{"@type":"WebSite","@id":"https://padrejosimo.com.br/site/#website","url":"https://padrejosimo.com.br/site/","name":"Instituto Cultural Padre Josimo","description":"Comprometida com a promoção da justiça social, agroecologia e educação popular","publisher":{"@id":"https://padrejosimo.com.br/site/#organization"},"alternateName":"ICPJ","potentialAction":[{"@type":"SearchAction","target":{"@type":"EntryPoint","urlTemplate":"https://padrejosimo.com.br/site/?s={search_term_string}"},"query-input":{"@type":"PropertyValueSpecification","valueRequired":true,"valueName":"search_term_string"}}],"inLanguage":"pt-BR"},{"@type":"Organization","@id":"https://padrejosimo.com.br/site/#organization","name":"Instituto Cultural Padre Josimo","alternateName":"ICPJ","url":"https://padrejosimo.com.br/site/","logo":{"@type":"ImageObject","inLanguage":"pt-BR","@id":"https://padrejosimo.com.br/site/#/schema/logo/image/","url":"https://padrejosimo.com.br/site/wp-content/uploads/2025/09/cropped-icon-icpj.png","contentUrl":"https://padrejosimo.com.br/site/wp-content/uploads/2025/09/cropped-icon-icpj.png","width":512,"height":512,"caption":"Instituto Cultural Padre Josimo"},"image":{"@id":"https://padrejosimo.com.br/site/#/schema/logo/image/"}}]}</script>
<!-- / Yoast SEO plugin. -->

Revista de Rádio #151: Vocação e missão do leigo nas igrejas - Instituto Cultural Padre Josimo

O tema deste programa é vocação vocação e missão do leigo nas igrejas. O assunto destacado nesta semana é a crise política brasileira, que teve novos desdobramentos. Um dos principais é a renúncia de Eduardo Cunha da presidência da Câmara dos Deputados. Ele procura salvar seu mandato com manobras, mesmo estando suspenso do mandato pelo [&hellip;]

Início

Revistas Rádio

Comprometida com a promoção da justiça social, agroecologia e educação popular
