{"id":78,"date":"2017-04-08T16:32:31","date_gmt":"2017-04-08T19:32:31","guid":{"rendered":"http:\/\/bagual.com.br\/site\/?post_type=revista_radio&#038;p=78"},"modified":"2017-04-08T16:32:31","modified_gmt":"2017-04-08T19:32:31","slug":"revista-de-radio-148-cooperativismo-e-agroecologia","status":"publish","type":"revista_radio","link":"https:\/\/padrejosimo.com.br\/site\/revista_radio\/revista-de-radio-148-cooperativismo-e-agroecologia\/","title":{"rendered":"Revista de R\u00e1dio #148: Cooperativismo e agroecologia"},"content":{"rendered":"<p>Destaque desta semana para a dela\u00e7\u00e3o premiada de S\u00e9rgio Machado, com den\u00fancia de Temer pedindo dinheiro para campanhas eleitorais de seu partido. H\u00e1 grande preocupa\u00e7\u00e3o entre os membros do governo provis\u00f3rio. A \u201ccasa amea\u00e7a desabar\u201d. Enquanto despenca a popularidade dos membros do governo provis\u00f3rio, Dilma cresce em aprova\u00e7\u00e3o e Lula lidera todas as pesquisas de inten\u00e7\u00e3o de votos para a Presid\u00eancia da Rep\u00fablica em 2018. No Rio Grande do SUl, continua o impasse entre Governo e Comunidade Escolar, com diversas ocupa\u00e7\u00f5es de Escolas e pr\u00e9dios p\u00fablicos. O Governo est\u00e1 saindo das amea\u00e7as de viol\u00eancia e indo para as vias de fato.<\/p>\n<p>A entrevista \u00e9 sobre cooperativismo e agroecologia. O convidado \u00e9 Adelmar Gaiardo, membro da COPERVITA (Cooperativa agr\u00edcola de Tapejara\/RS). Ele, que \u00e9 da dire\u00e7\u00e3o da cooperativa, nos fala de sua vida, sua fam\u00edlia e da alegria de participar do movimento cooperativista, bem como de continuar vivendo no campo com qualidade de vida.<\/p>\n","protected":false},"featured_media":0,"template":"","class_list":["post-78","revista_radio","type-revista_radio","status-publish","hentry"],"acf":[],"yoast_head":"<!-- This site is optimized with the Yoast SEO plugin v27.2 - https:\/\/yoast.com\/product\/yoast-seo-wordpress\/ -->\n<title>Revista de R\u00e1dio #148: Cooperativismo e agroecologia - Instituto Cultural Padre Josimo<\/title>\n<meta name=\"robots\" content=\"index, follow, max-snippet:-1, max-image-preview:large, max-video-preview:-1\" \/>\n<link rel=\"canonical\" href=\"https:\/\/padrejosimo.com.br\/site\/revista_radio\/revista-de-radio-148-cooperativismo-e-agroecologia\/\" \/>\n<meta property=\"og:locale\" content=\"pt_BR\" \/>\n<meta property=\"og:type\" content=\"article\" \/>\n<meta property=\"og:title\" content=\"Revista de R\u00e1dio #148: Cooperativismo e agroecologia - Instituto Cultural Padre Josimo\" \/>\n<meta property=\"og:description\" content=\"Destaque desta semana para a dela\u00e7\u00e3o premiada de S\u00e9rgio Machado, com den\u00fancia de Temer pedindo dinheiro para campanhas eleitorais de seu partido. H\u00e1 grande preocupa\u00e7\u00e3o entre os membros do governo provis\u00f3rio. A \u201ccasa amea\u00e7a desabar\u201d. Enquanto despenca a popularidade dos membros do governo provis\u00f3rio, Dilma cresce em aprova\u00e7\u00e3o e Lula lidera todas as pesquisas de [&hellip;]\" \/>\n<meta property=\"og:url\" content=\"https:\/\/padrejosimo.com.br\/site\/revista_radio\/revista-de-radio-148-cooperativismo-e-agroecologia\/\" \/>\n<meta property=\"og:site_name\" content=\"Instituto Cultural Padre Josimo\" \/>\n<meta property=\"og:image\" content=\"https:\/\/padrejosimo.com.br\/site\/wp-content\/uploads\/2025\/09\/cropped-icon-icpj.png\" \/>\n\t<meta property=\"og:image:width\" content=\"512\" \/>\n\t<meta property=\"og:image:height\" content=\"512\" \/>\n\t<meta property=\"og:image:type\" content=\"image\/png\" \/>\n<meta name=\"twitter:card\" content=\"summary_large_image\" \/>\n<meta name=\"twitter:label1\" content=\"Est. tempo de leitura\" \/>\n\t<meta name=\"twitter:data1\" content=\"1 minuto\" \/>\n<script type=\"application\/ld+json\" class=\"yoast-schema-graph\">{\"@context\":\"https:\/\/schema.org\",\"@graph\":[{\"@type\":\"WebPage\",\"@id\":\"https:\/\/padrejosimo.com.br\/site\/revista_radio\/revista-de-radio-148-cooperativismo-e-agroecologia\/\",\"url\":\"https:\/\/padrejosimo.com.br\/site\/revista_radio\/revista-de-radio-148-cooperativismo-e-agroecologia\/\",\"name\":\"Revista de R\u00e1dio #148: Cooperativismo e agroecologia - Instituto Cultural Padre Josimo\",\"isPartOf\":{\"@id\":\"https:\/\/padrejosimo.com.br\/site\/#website\"},\"datePublished\":\"2017-04-08T19:32:31+00:00\",\"breadcrumb\":{\"@id\":\"https:\/\/padrejosimo.com.br\/site\/revista_radio\/revista-de-radio-148-cooperativismo-e-agroecologia\/#breadcrumb\"},\"inLanguage\":\"pt-BR\",\"potentialAction\":[{\"@type\":\"ReadAction\",\"target\":[\"https:\/\/padrejosimo.com.br\/site\/revista_radio\/revista-de-radio-148-cooperativismo-e-agroecologia\/\"]}]},{\"@type\":\"BreadcrumbList\",\"@id\":\"https:\/\/padrejosimo.com.br\/site\/revista_radio\/revista-de-radio-148-cooperativismo-e-agroecologia\/#breadcrumb\",\"itemListElement\":[{\"@type\":\"ListItem\",\"position\":1,\"name\":\"In\u00edcio\",\"item\":\"https:\/\/padrejosimo.com.br\/site\/\"},{\"@type\":\"ListItem\",\"position\":2,\"name\":\"Revistas R\u00e1dio\",\"item\":\"https:\/\/padrejosimo.com.br\/site\/revista-radio\/\"},{\"@type\":\"ListItem\",\"position\":3,\"name\":\"Revista de R\u00e1dio #148: Cooperativismo e agroecologia\"}]},{\"@type\":\"WebSite\",\"@id\":\"https:\/\/padrejosimo.com.br\/site\/#website\",\"url\":\"https:\/\/padrejosimo.com.br\/site\/\",\"name\":\"Instituto Cultural Padre Josimo\",\"description\":\"Comprometida com a promo\u00e7\u00e3o da justi\u00e7a social, agroecologia e educa\u00e7\u00e3o popular\",\"publisher\":{\"@id\":\"https:\/\/padrejosimo.com.br\/site\/#organization\"},\"alternateName\":\"ICPJ\",\"potentialAction\":[{\"@type\":\"SearchAction\",\"target\":{\"@type\":\"EntryPoint\",\"urlTemplate\":\"https:\/\/padrejosimo.com.br\/site\/?s={search_term_string}\"},\"query-input\":{\"@type\":\"PropertyValueSpecification\",\"valueRequired\":true,\"valueName\":\"search_term_string\"}}],\"inLanguage\":\"pt-BR\"},{\"@type\":\"Organization\",\"@id\":\"https:\/\/padrejosimo.com.br\/site\/#organization\",\"name\":\"Instituto Cultural Padre Josimo\",\"alternateName\":\"ICPJ\",\"url\":\"https:\/\/padrejosimo.com.br\/site\/\",\"logo\":{\"@type\":\"ImageObject\",\"inLanguage\":\"pt-BR\",\"@id\":\"https:\/\/padrejosimo.com.br\/site\/#\/schema\/logo\/image\/\",\"url\":\"https:\/\/padrejosimo.com.br\/site\/wp-content\/uploads\/2025\/09\/cropped-icon-icpj.png\",\"contentUrl\":\"https:\/\/padrejosimo.com.br\/site\/wp-content\/uploads\/2025\/09\/cropped-icon-icpj.png\",\"width\":512,\"height\":512,\"caption\":\"Instituto Cultural Padre Josimo\"},\"image\":{\"@id\":\"https:\/\/padrejosimo.com.br\/site\/#\/schema\/logo\/image\/\"}}]}<\/script>\n<!-- \/ Yoast SEO plugin. -->","yoast_head_json":{"title":"Revista de R\u00e1dio #148: Cooperativismo e agroecologia - Instituto Cultural Padre Josimo","robots":{"index":"index","follow":"follow","max-snippet":"max-snippet:-1","max-image-preview":"max-image-preview:large","max-video-preview":"max-video-preview:-1"},"canonical":"https:\/\/padrejosimo.com.br\/site\/revista_radio\/revista-de-radio-148-cooperativismo-e-agroecologia\/","og_locale":"pt_BR","og_type":"article","og_title":"Revista de R\u00e1dio #148: Cooperativismo e agroecologia - Instituto Cultural Padre Josimo","og_description":"Destaque desta semana para a dela\u00e7\u00e3o premiada de S\u00e9rgio Machado, com den\u00fancia de Temer pedindo dinheiro para campanhas eleitorais de seu partido. H\u00e1 grande preocupa\u00e7\u00e3o entre os membros do governo provis\u00f3rio. A \u201ccasa amea\u00e7a desabar\u201d. Enquanto despenca a popularidade dos membros do governo provis\u00f3rio, Dilma cresce em aprova\u00e7\u00e3o e Lula lidera todas as pesquisas de [&hellip;]","og_url":"https:\/\/padrejosimo.com.br\/site\/revista_radio\/revista-de-radio-148-cooperativismo-e-agroecologia\/","og_site_name":"Instituto Cultural Padre Josimo","og_image":[{"width":512,"height":512,"url":"https:\/\/padrejosimo.com.br\/site\/wp-content\/uploads\/2025\/09\/cropped-icon-icpj.png","type":"image\/png"}],"twitter_card":"summary_large_image","twitter_misc":{"Est. tempo de leitura":"1 minuto"},"schema":{"@context":"https:\/\/schema.org","@graph":[{"@type":"WebPage","@id":"https:\/\/padrejosimo.com.br\/site\/revista_radio\/revista-de-radio-148-cooperativismo-e-agroecologia\/","url":"https:\/\/padrejosimo.com.br\/site\/revista_radio\/revista-de-radio-148-cooperativismo-e-agroecologia\/","name":"Revista de R\u00e1dio #148: Cooperativismo e agroecologia - Instituto Cultural Padre Josimo","isPartOf":{"@id":"https:\/\/padrejosimo.com.br\/site\/#website"},"datePublished":"2017-04-08T19:32:31+00:00","breadcrumb":{"@id":"https:\/\/padrejosimo.com.br\/site\/revista_radio\/revista-de-radio-148-cooperativismo-e-agroecologia\/#breadcrumb"},"inLanguage":"pt-BR","potentialAction":[{"@type":"ReadAction","target":["https:\/\/padrejosimo.com.br\/site\/revista_radio\/revista-de-radio-148-cooperativismo-e-agroecologia\/"]}]},{"@type":"BreadcrumbList","@id":"https:\/\/padrejosimo.com.br\/site\/revista_radio\/revista-de-radio-148-cooperativismo-e-agroecologia\/#breadcrumb","itemListElement":[{"@type":"ListItem","position":1,"name":"In\u00edcio","item":"https:\/\/padrejosimo.com.br\/site\/"},{"@type":"ListItem","position":2,"name":"Revistas R\u00e1dio","item":"https:\/\/padrejosimo.com.br\/site\/revista-radio\/"},{"@type":"ListItem","position":3,"name":"Revista de R\u00e1dio #148: Cooperativismo e agroecologia"}]},{"@type":"WebSite","@id":"https:\/\/padrejosimo.com.br\/site\/#website","url":"https:\/\/padrejosimo.com.br\/site\/","name":"Instituto Cultural Padre Josimo","description":"Comprometida com a promo\u00e7\u00e3o da justi\u00e7a social, agroecologia e educa\u00e7\u00e3o popular","publisher":{"@id":"https:\/\/padrejosimo.com.br\/site\/#organization"},"alternateName":"ICPJ","potentialAction":[{"@type":"SearchAction","target":{"@type":"EntryPoint","urlTemplate":"https:\/\/padrejosimo.com.br\/site\/?s={search_term_string}"},"query-input":{"@type":"PropertyValueSpecification","valueRequired":true,"valueName":"search_term_string"}}],"inLanguage":"pt-BR"},{"@type":"Organization","@id":"https:\/\/padrejosimo.com.br\/site\/#organization","name":"Instituto Cultural Padre Josimo","alternateName":"ICPJ","url":"https:\/\/padrejosimo.com.br\/site\/","logo":{"@type":"ImageObject","inLanguage":"pt-BR","@id":"https:\/\/padrejosimo.com.br\/site\/#\/schema\/logo\/image\/","url":"https:\/\/padrejosimo.com.br\/site\/wp-content\/uploads\/2025\/09\/cropped-icon-icpj.png","contentUrl":"https:\/\/padrejosimo.com.br\/site\/wp-content\/uploads\/2025\/09\/cropped-icon-icpj.png","width":512,"height":512,"caption":"Instituto Cultural Padre Josimo"},"image":{"@id":"https:\/\/padrejosimo.com.br\/site\/#\/schema\/logo\/image\/"}}]}},"_links":{"self":[{"href":"https:\/\/padrejosimo.com.br\/site\/wp-json\/wp\/v2\/revista_radio\/78","targetHints":{"allow":["GET"]}}],"collection":[{"href":"https:\/\/padrejosimo.com.br\/site\/wp-json\/wp\/v2\/revista_radio"}],"about":[{"href":"https:\/\/padrejosimo.com.br\/site\/wp-json\/wp\/v2\/types\/revista_radio"}],"wp:attachment":[{"href":"https:\/\/padrejosimo.com.br\/site\/wp-json\/wp\/v2\/media?parent=78"}],"curies":[{"name":"wp","href":"https:\/\/api.w.org\/{rel}","templated":true}]}}

Revista de Rádio #148: Cooperativismo e agroecologia

<p>Destaque desta semana para a delação premiada de Sérgio Machado, com denúncia de Temer pedindo dinheiro para campanhas eleitorais de seu partido. Há grande preocupação entre os membros do governo provisório. A “casa ameaça desabar”. Enquanto despenca a popularidade dos membros do governo provisório, Dilma cresce em aprovação e Lula lidera todas as pesquisas de intenção de votos para a Presidência da República em 2018. No Rio Grande do SUl, continua o impasse entre Governo e Comunidade Escolar, com diversas ocupações de Escolas e prédios públicos. O Governo está saindo das ameaças de violência e indo para as vias de fato.</p>
<p>A entrevista é sobre cooperativismo e agroecologia. O convidado é Adelmar Gaiardo, membro da COPERVITA (Cooperativa agrícola de Tapejara/RS). Ele, que é da direção da cooperativa, nos fala de sua vida, sua família e da alegria de participar do movimento cooperativista, bem como de continuar vivendo no campo com qualidade de vida.</p>

<!-- This site is optimized with the Yoast SEO plugin v27.2 - https://yoast.com/product/yoast-seo-wordpress/ -->
<title>Revista de Rádio #148: Cooperativismo e agroecologia - Instituto Cultural Padre Josimo</title>
<meta name="robots" content="index, follow, max-snippet:-1, max-image-preview:large, max-video-preview:-1" />
<link rel="canonical" href="https://padrejosimo.com.br/site/revista_radio/revista-de-radio-148-cooperativismo-e-agroecologia/" />
<meta property="og:locale" content="pt_BR" />
<meta property="og:type" content="article" />
<meta property="og:title" content="Revista de Rádio #148: Cooperativismo e agroecologia - Instituto Cultural Padre Josimo" />
<meta property="og:description" content="Destaque desta semana para a delação premiada de Sérgio Machado, com denúncia de Temer pedindo dinheiro para campanhas eleitorais de seu partido. Há grande preocupação entre os membros do governo provisório. A “casa ameaça desabar”. Enquanto despenca a popularidade dos membros do governo provisório, Dilma cresce em aprovação e Lula lidera todas as pesquisas de [&hellip;]" />
<meta property="og:url" content="https://padrejosimo.com.br/site/revista_radio/revista-de-radio-148-cooperativismo-e-agroecologia/" />
<meta property="og:site_name" content="Instituto Cultural Padre Josimo" />
<meta property="og:image" content="https://padrejosimo.com.br/site/wp-content/uploads/2025/09/cropped-icon-icpj.png" />
	<meta property="og:image:width" content="512" />
	<meta property="og:image:height" content="512" />
	<meta property="og:image:type" content="image/png" />
<meta name="twitter:card" content="summary_large_image" />
<meta name="twitter:label1" content="Est. tempo de leitura" />
	<meta name="twitter:data1" content="1 minuto" />
<script type="application/ld+json" class="yoast-schema-graph">{"@context":"https://schema.org","@graph":[{"@type":"WebPage","@id":"https://padrejosimo.com.br/site/revista_radio/revista-de-radio-148-cooperativismo-e-agroecologia/","url":"https://padrejosimo.com.br/site/revista_radio/revista-de-radio-148-cooperativismo-e-agroecologia/","name":"Revista de Rádio #148: Cooperativismo e agroecologia - Instituto Cultural Padre Josimo","isPartOf":{"@id":"https://padrejosimo.com.br/site/#website"},"datePublished":"2017-04-08T19:32:31+00:00","breadcrumb":{"@id":"https://padrejosimo.com.br/site/revista_radio/revista-de-radio-148-cooperativismo-e-agroecologia/#breadcrumb"},"inLanguage":"pt-BR","potentialAction":[{"@type":"ReadAction","target":["https://padrejosimo.com.br/site/revista_radio/revista-de-radio-148-cooperativismo-e-agroecologia/"]}]},{"@type":"BreadcrumbList","@id":"https://padrejosimo.com.br/site/revista_radio/revista-de-radio-148-cooperativismo-e-agroecologia/#breadcrumb","itemListElement":[{"@type":"ListItem","position":1,"name":"Início","item":"https://padrejosimo.com.br/site/"},{"@type":"ListItem","position":2,"name":"Revistas Rádio","item":"https://padrejosimo.com.br/site/revista-radio/"},{"@type":"ListItem","position":3,"name":"Revista de Rádio #148: Cooperativismo e agroecologia"}]},{"@type":"WebSite","@id":"https://padrejosimo.com.br/site/#website","url":"https://padrejosimo.com.br/site/","name":"Instituto Cultural Padre Josimo","description":"Comprometida com a promoção da justiça social, agroecologia e educação popular","publisher":{"@id":"https://padrejosimo.com.br/site/#organization"},"alternateName":"ICPJ","potentialAction":[{"@type":"SearchAction","target":{"@type":"EntryPoint","urlTemplate":"https://padrejosimo.com.br/site/?s={search_term_string}"},"query-input":{"@type":"PropertyValueSpecification","valueRequired":true,"valueName":"search_term_string"}}],"inLanguage":"pt-BR"},{"@type":"Organization","@id":"https://padrejosimo.com.br/site/#organization","name":"Instituto Cultural Padre Josimo","alternateName":"ICPJ","url":"https://padrejosimo.com.br/site/","logo":{"@type":"ImageObject","inLanguage":"pt-BR","@id":"https://padrejosimo.com.br/site/#/schema/logo/image/","url":"https://padrejosimo.com.br/site/wp-content/uploads/2025/09/cropped-icon-icpj.png","contentUrl":"https://padrejosimo.com.br/site/wp-content/uploads/2025/09/cropped-icon-icpj.png","width":512,"height":512,"caption":"Instituto Cultural Padre Josimo"},"image":{"@id":"https://padrejosimo.com.br/site/#/schema/logo/image/"}}]}</script>
<!-- / Yoast SEO plugin. -->

Revista de Rádio #148: Cooperativismo e agroecologia - Instituto Cultural Padre Josimo

Destaque desta semana para a delação premiada de Sérgio Machado, com denúncia de Temer pedindo dinheiro para campanhas eleitorais de seu partido. Há grande preocupação entre os membros do governo provisório. A “casa ameaça desabar”. Enquanto despenca a popularidade dos membros do governo provisório, Dilma cresce em aprovação e Lula lidera todas as pesquisas de [&hellip;]

Início

Revistas Rádio

Comprometida com a promoção da justiça social, agroecologia e educação popular
