{"id":77,"date":"2017-04-08T16:31:50","date_gmt":"2017-04-08T19:31:50","guid":{"rendered":"http:\/\/bagual.com.br\/site\/?post_type=revista_radio&#038;p=77"},"modified":"2017-04-08T16:31:50","modified_gmt":"2017-04-08T19:31:50","slug":"revista-de-radio-147-cooperativismo-e-qualidade-de-vida-no-campo","status":"publish","type":"revista_radio","link":"https:\/\/padrejosimo.com.br\/site\/revista_radio\/revista-de-radio-147-cooperativismo-e-qualidade-de-vida-no-campo\/","title":{"rendered":"Revista de R\u00e1dio #147: Cooperativismo e qualidade de vida no campo"},"content":{"rendered":"<p>Destaque desta semana para a crise pol\u00edtica nacional que foi agravada com o pedido de pris\u00e3o da c\u00fapula do PMDB pelo Procurador Geral da Rep\u00fablica ao Supremo Tribunal Federal. A popula\u00e7\u00e3o, de um modo geral, continua at\u00f4nita com as not\u00edcias que vem de Bras\u00edlia e de Curitiba. A chamada grande m\u00eddia, que ap\u00f3ia o golpe, n\u00e3o sabe bem o que dizer. \u00c9 bom ficar atento ao que acontece e participar, se for preciso, para impedir retrocessos. Aqui no Rio Grande do Sul, continua o impasse entre Governo e comunidade escolar, com diversas ocupa\u00e7\u00f5es de Escolas e amea\u00e7as de viol\u00eancia.<\/p>\n<p>A entrevista \u00e9 sobre cooperativismo e qualidade de vida. O convidado \u00e9 Evaldo Gaiardo, que \u00e9 membro da COPERVITA, Cooperativa agr\u00edcola de Tapejara (RS). Na conversa, ele fala de sua vida, sua fam\u00edlia e da alegria de participar do movimento Cooperativista, bem como de continuar vivendo no campo com qualidade de vida. O programa \u00e9 ilustrado com a m\u00fasica &#8220;Vida e Ora\u00e7\u00e3o&#8221; de Juv\u00eancio Pereira de Moura. Juv\u00eancio \u00e9 casado, pai de um casal de filhos maiores e, junto com Mara, sua esposa, \u00e9 l\u00edder Comunit\u00e1rio no Bairro Serraria, em Porto Alegre.<\/p>\n","protected":false},"featured_media":0,"template":"","class_list":["post-77","revista_radio","type-revista_radio","status-publish","hentry"],"acf":[],"yoast_head":"<!-- This site is optimized with the Yoast SEO plugin v27.2 - https:\/\/yoast.com\/product\/yoast-seo-wordpress\/ -->\n<title>Revista de R\u00e1dio #147: Cooperativismo e qualidade de vida no campo - Instituto Cultural Padre Josimo<\/title>\n<meta name=\"robots\" content=\"index, follow, max-snippet:-1, max-image-preview:large, max-video-preview:-1\" \/>\n<link rel=\"canonical\" href=\"https:\/\/padrejosimo.com.br\/site\/revista_radio\/revista-de-radio-147-cooperativismo-e-qualidade-de-vida-no-campo\/\" \/>\n<meta property=\"og:locale\" content=\"pt_BR\" \/>\n<meta property=\"og:type\" content=\"article\" \/>\n<meta property=\"og:title\" content=\"Revista de R\u00e1dio #147: Cooperativismo e qualidade de vida no campo - Instituto Cultural Padre Josimo\" \/>\n<meta property=\"og:description\" content=\"Destaque desta semana para a crise pol\u00edtica nacional que foi agravada com o pedido de pris\u00e3o da c\u00fapula do PMDB pelo Procurador Geral da Rep\u00fablica ao Supremo Tribunal Federal. A popula\u00e7\u00e3o, de um modo geral, continua at\u00f4nita com as not\u00edcias que vem de Bras\u00edlia e de Curitiba. A chamada grande m\u00eddia, que ap\u00f3ia o golpe, [&hellip;]\" \/>\n<meta property=\"og:url\" content=\"https:\/\/padrejosimo.com.br\/site\/revista_radio\/revista-de-radio-147-cooperativismo-e-qualidade-de-vida-no-campo\/\" \/>\n<meta property=\"og:site_name\" content=\"Instituto Cultural Padre Josimo\" \/>\n<meta property=\"og:image\" content=\"https:\/\/padrejosimo.com.br\/site\/wp-content\/uploads\/2025\/09\/cropped-icon-icpj.png\" \/>\n\t<meta property=\"og:image:width\" content=\"512\" \/>\n\t<meta property=\"og:image:height\" content=\"512\" \/>\n\t<meta property=\"og:image:type\" content=\"image\/png\" \/>\n<meta name=\"twitter:card\" content=\"summary_large_image\" \/>\n<meta name=\"twitter:label1\" content=\"Est. tempo de leitura\" \/>\n\t<meta name=\"twitter:data1\" content=\"1 minuto\" \/>\n<script type=\"application\/ld+json\" class=\"yoast-schema-graph\">{\"@context\":\"https:\/\/schema.org\",\"@graph\":[{\"@type\":\"WebPage\",\"@id\":\"https:\/\/padrejosimo.com.br\/site\/revista_radio\/revista-de-radio-147-cooperativismo-e-qualidade-de-vida-no-campo\/\",\"url\":\"https:\/\/padrejosimo.com.br\/site\/revista_radio\/revista-de-radio-147-cooperativismo-e-qualidade-de-vida-no-campo\/\",\"name\":\"Revista de R\u00e1dio #147: Cooperativismo e qualidade de vida no campo - Instituto Cultural Padre Josimo\",\"isPartOf\":{\"@id\":\"https:\/\/padrejosimo.com.br\/site\/#website\"},\"datePublished\":\"2017-04-08T19:31:50+00:00\",\"breadcrumb\":{\"@id\":\"https:\/\/padrejosimo.com.br\/site\/revista_radio\/revista-de-radio-147-cooperativismo-e-qualidade-de-vida-no-campo\/#breadcrumb\"},\"inLanguage\":\"pt-BR\",\"potentialAction\":[{\"@type\":\"ReadAction\",\"target\":[\"https:\/\/padrejosimo.com.br\/site\/revista_radio\/revista-de-radio-147-cooperativismo-e-qualidade-de-vida-no-campo\/\"]}]},{\"@type\":\"BreadcrumbList\",\"@id\":\"https:\/\/padrejosimo.com.br\/site\/revista_radio\/revista-de-radio-147-cooperativismo-e-qualidade-de-vida-no-campo\/#breadcrumb\",\"itemListElement\":[{\"@type\":\"ListItem\",\"position\":1,\"name\":\"In\u00edcio\",\"item\":\"https:\/\/padrejosimo.com.br\/site\/\"},{\"@type\":\"ListItem\",\"position\":2,\"name\":\"Revistas R\u00e1dio\",\"item\":\"https:\/\/padrejosimo.com.br\/site\/revista-radio\/\"},{\"@type\":\"ListItem\",\"position\":3,\"name\":\"Revista de R\u00e1dio #147: Cooperativismo e qualidade de vida no campo\"}]},{\"@type\":\"WebSite\",\"@id\":\"https:\/\/padrejosimo.com.br\/site\/#website\",\"url\":\"https:\/\/padrejosimo.com.br\/site\/\",\"name\":\"Instituto Cultural Padre Josimo\",\"description\":\"Comprometida com a promo\u00e7\u00e3o da justi\u00e7a social, agroecologia e educa\u00e7\u00e3o popular\",\"publisher\":{\"@id\":\"https:\/\/padrejosimo.com.br\/site\/#organization\"},\"alternateName\":\"ICPJ\",\"potentialAction\":[{\"@type\":\"SearchAction\",\"target\":{\"@type\":\"EntryPoint\",\"urlTemplate\":\"https:\/\/padrejosimo.com.br\/site\/?s={search_term_string}\"},\"query-input\":{\"@type\":\"PropertyValueSpecification\",\"valueRequired\":true,\"valueName\":\"search_term_string\"}}],\"inLanguage\":\"pt-BR\"},{\"@type\":\"Organization\",\"@id\":\"https:\/\/padrejosimo.com.br\/site\/#organization\",\"name\":\"Instituto Cultural Padre Josimo\",\"alternateName\":\"ICPJ\",\"url\":\"https:\/\/padrejosimo.com.br\/site\/\",\"logo\":{\"@type\":\"ImageObject\",\"inLanguage\":\"pt-BR\",\"@id\":\"https:\/\/padrejosimo.com.br\/site\/#\/schema\/logo\/image\/\",\"url\":\"https:\/\/padrejosimo.com.br\/site\/wp-content\/uploads\/2025\/09\/cropped-icon-icpj.png\",\"contentUrl\":\"https:\/\/padrejosimo.com.br\/site\/wp-content\/uploads\/2025\/09\/cropped-icon-icpj.png\",\"width\":512,\"height\":512,\"caption\":\"Instituto Cultural Padre Josimo\"},\"image\":{\"@id\":\"https:\/\/padrejosimo.com.br\/site\/#\/schema\/logo\/image\/\"}}]}<\/script>\n<!-- \/ Yoast SEO plugin. -->","yoast_head_json":{"title":"Revista de R\u00e1dio #147: Cooperativismo e qualidade de vida no campo - Instituto Cultural Padre Josimo","robots":{"index":"index","follow":"follow","max-snippet":"max-snippet:-1","max-image-preview":"max-image-preview:large","max-video-preview":"max-video-preview:-1"},"canonical":"https:\/\/padrejosimo.com.br\/site\/revista_radio\/revista-de-radio-147-cooperativismo-e-qualidade-de-vida-no-campo\/","og_locale":"pt_BR","og_type":"article","og_title":"Revista de R\u00e1dio #147: Cooperativismo e qualidade de vida no campo - Instituto Cultural Padre Josimo","og_description":"Destaque desta semana para a crise pol\u00edtica nacional que foi agravada com o pedido de pris\u00e3o da c\u00fapula do PMDB pelo Procurador Geral da Rep\u00fablica ao Supremo Tribunal Federal. A popula\u00e7\u00e3o, de um modo geral, continua at\u00f4nita com as not\u00edcias que vem de Bras\u00edlia e de Curitiba. A chamada grande m\u00eddia, que ap\u00f3ia o golpe, [&hellip;]","og_url":"https:\/\/padrejosimo.com.br\/site\/revista_radio\/revista-de-radio-147-cooperativismo-e-qualidade-de-vida-no-campo\/","og_site_name":"Instituto Cultural Padre Josimo","og_image":[{"width":512,"height":512,"url":"https:\/\/padrejosimo.com.br\/site\/wp-content\/uploads\/2025\/09\/cropped-icon-icpj.png","type":"image\/png"}],"twitter_card":"summary_large_image","twitter_misc":{"Est. tempo de leitura":"1 minuto"},"schema":{"@context":"https:\/\/schema.org","@graph":[{"@type":"WebPage","@id":"https:\/\/padrejosimo.com.br\/site\/revista_radio\/revista-de-radio-147-cooperativismo-e-qualidade-de-vida-no-campo\/","url":"https:\/\/padrejosimo.com.br\/site\/revista_radio\/revista-de-radio-147-cooperativismo-e-qualidade-de-vida-no-campo\/","name":"Revista de R\u00e1dio #147: Cooperativismo e qualidade de vida no campo - Instituto Cultural Padre Josimo","isPartOf":{"@id":"https:\/\/padrejosimo.com.br\/site\/#website"},"datePublished":"2017-04-08T19:31:50+00:00","breadcrumb":{"@id":"https:\/\/padrejosimo.com.br\/site\/revista_radio\/revista-de-radio-147-cooperativismo-e-qualidade-de-vida-no-campo\/#breadcrumb"},"inLanguage":"pt-BR","potentialAction":[{"@type":"ReadAction","target":["https:\/\/padrejosimo.com.br\/site\/revista_radio\/revista-de-radio-147-cooperativismo-e-qualidade-de-vida-no-campo\/"]}]},{"@type":"BreadcrumbList","@id":"https:\/\/padrejosimo.com.br\/site\/revista_radio\/revista-de-radio-147-cooperativismo-e-qualidade-de-vida-no-campo\/#breadcrumb","itemListElement":[{"@type":"ListItem","position":1,"name":"In\u00edcio","item":"https:\/\/padrejosimo.com.br\/site\/"},{"@type":"ListItem","position":2,"name":"Revistas R\u00e1dio","item":"https:\/\/padrejosimo.com.br\/site\/revista-radio\/"},{"@type":"ListItem","position":3,"name":"Revista de R\u00e1dio #147: Cooperativismo e qualidade de vida no campo"}]},{"@type":"WebSite","@id":"https:\/\/padrejosimo.com.br\/site\/#website","url":"https:\/\/padrejosimo.com.br\/site\/","name":"Instituto Cultural Padre Josimo","description":"Comprometida com a promo\u00e7\u00e3o da justi\u00e7a social, agroecologia e educa\u00e7\u00e3o popular","publisher":{"@id":"https:\/\/padrejosimo.com.br\/site\/#organization"},"alternateName":"ICPJ","potentialAction":[{"@type":"SearchAction","target":{"@type":"EntryPoint","urlTemplate":"https:\/\/padrejosimo.com.br\/site\/?s={search_term_string}"},"query-input":{"@type":"PropertyValueSpecification","valueRequired":true,"valueName":"search_term_string"}}],"inLanguage":"pt-BR"},{"@type":"Organization","@id":"https:\/\/padrejosimo.com.br\/site\/#organization","name":"Instituto Cultural Padre Josimo","alternateName":"ICPJ","url":"https:\/\/padrejosimo.com.br\/site\/","logo":{"@type":"ImageObject","inLanguage":"pt-BR","@id":"https:\/\/padrejosimo.com.br\/site\/#\/schema\/logo\/image\/","url":"https:\/\/padrejosimo.com.br\/site\/wp-content\/uploads\/2025\/09\/cropped-icon-icpj.png","contentUrl":"https:\/\/padrejosimo.com.br\/site\/wp-content\/uploads\/2025\/09\/cropped-icon-icpj.png","width":512,"height":512,"caption":"Instituto Cultural Padre Josimo"},"image":{"@id":"https:\/\/padrejosimo.com.br\/site\/#\/schema\/logo\/image\/"}}]}},"_links":{"self":[{"href":"https:\/\/padrejosimo.com.br\/site\/wp-json\/wp\/v2\/revista_radio\/77","targetHints":{"allow":["GET"]}}],"collection":[{"href":"https:\/\/padrejosimo.com.br\/site\/wp-json\/wp\/v2\/revista_radio"}],"about":[{"href":"https:\/\/padrejosimo.com.br\/site\/wp-json\/wp\/v2\/types\/revista_radio"}],"wp:attachment":[{"href":"https:\/\/padrejosimo.com.br\/site\/wp-json\/wp\/v2\/media?parent=77"}],"curies":[{"name":"wp","href":"https:\/\/api.w.org\/{rel}","templated":true}]}}

Revista de Rádio #147: Cooperativismo e qualidade de vida no campo

<p>Destaque desta semana para a crise política nacional que foi agravada com o pedido de prisão da cúpula do PMDB pelo Procurador Geral da República ao Supremo Tribunal Federal. A população, de um modo geral, continua atônita com as notícias que vem de Brasília e de Curitiba. A chamada grande mídia, que apóia o golpe, não sabe bem o que dizer. É bom ficar atento ao que acontece e participar, se for preciso, para impedir retrocessos. Aqui no Rio Grande do Sul, continua o impasse entre Governo e comunidade escolar, com diversas ocupações de Escolas e ameaças de violência.</p>
<p>A entrevista é sobre cooperativismo e qualidade de vida. O convidado é Evaldo Gaiardo, que é membro da COPERVITA, Cooperativa agrícola de Tapejara (RS). Na conversa, ele fala de sua vida, sua família e da alegria de participar do movimento Cooperativista, bem como de continuar vivendo no campo com qualidade de vida. O programa é ilustrado com a música &#8220;Vida e Oração&#8221; de Juvêncio Pereira de Moura. Juvêncio é casado, pai de um casal de filhos maiores e, junto com Mara, sua esposa, é líder Comunitário no Bairro Serraria, em Porto Alegre.</p>

<!-- This site is optimized with the Yoast SEO plugin v27.2 - https://yoast.com/product/yoast-seo-wordpress/ -->
<title>Revista de Rádio #147: Cooperativismo e qualidade de vida no campo - Instituto Cultural Padre Josimo</title>
<meta name="robots" content="index, follow, max-snippet:-1, max-image-preview:large, max-video-preview:-1" />
<link rel="canonical" href="https://padrejosimo.com.br/site/revista_radio/revista-de-radio-147-cooperativismo-e-qualidade-de-vida-no-campo/" />
<meta property="og:locale" content="pt_BR" />
<meta property="og:type" content="article" />
<meta property="og:title" content="Revista de Rádio #147: Cooperativismo e qualidade de vida no campo - Instituto Cultural Padre Josimo" />
<meta property="og:description" content="Destaque desta semana para a crise política nacional que foi agravada com o pedido de prisão da cúpula do PMDB pelo Procurador Geral da República ao Supremo Tribunal Federal. A população, de um modo geral, continua atônita com as notícias que vem de Brasília e de Curitiba. A chamada grande mídia, que apóia o golpe, [&hellip;]" />
<meta property="og:url" content="https://padrejosimo.com.br/site/revista_radio/revista-de-radio-147-cooperativismo-e-qualidade-de-vida-no-campo/" />
<meta property="og:site_name" content="Instituto Cultural Padre Josimo" />
<meta property="og:image" content="https://padrejosimo.com.br/site/wp-content/uploads/2025/09/cropped-icon-icpj.png" />
	<meta property="og:image:width" content="512" />
	<meta property="og:image:height" content="512" />
	<meta property="og:image:type" content="image/png" />
<meta name="twitter:card" content="summary_large_image" />
<meta name="twitter:label1" content="Est. tempo de leitura" />
	<meta name="twitter:data1" content="1 minuto" />
<script type="application/ld+json" class="yoast-schema-graph">{"@context":"https://schema.org","@graph":[{"@type":"WebPage","@id":"https://padrejosimo.com.br/site/revista_radio/revista-de-radio-147-cooperativismo-e-qualidade-de-vida-no-campo/","url":"https://padrejosimo.com.br/site/revista_radio/revista-de-radio-147-cooperativismo-e-qualidade-de-vida-no-campo/","name":"Revista de Rádio #147: Cooperativismo e qualidade de vida no campo - Instituto Cultural Padre Josimo","isPartOf":{"@id":"https://padrejosimo.com.br/site/#website"},"datePublished":"2017-04-08T19:31:50+00:00","breadcrumb":{"@id":"https://padrejosimo.com.br/site/revista_radio/revista-de-radio-147-cooperativismo-e-qualidade-de-vida-no-campo/#breadcrumb"},"inLanguage":"pt-BR","potentialAction":[{"@type":"ReadAction","target":["https://padrejosimo.com.br/site/revista_radio/revista-de-radio-147-cooperativismo-e-qualidade-de-vida-no-campo/"]}]},{"@type":"BreadcrumbList","@id":"https://padrejosimo.com.br/site/revista_radio/revista-de-radio-147-cooperativismo-e-qualidade-de-vida-no-campo/#breadcrumb","itemListElement":[{"@type":"ListItem","position":1,"name":"Início","item":"https://padrejosimo.com.br/site/"},{"@type":"ListItem","position":2,"name":"Revistas Rádio","item":"https://padrejosimo.com.br/site/revista-radio/"},{"@type":"ListItem","position":3,"name":"Revista de Rádio #147: Cooperativismo e qualidade de vida no campo"}]},{"@type":"WebSite","@id":"https://padrejosimo.com.br/site/#website","url":"https://padrejosimo.com.br/site/","name":"Instituto Cultural Padre Josimo","description":"Comprometida com a promoção da justiça social, agroecologia e educação popular","publisher":{"@id":"https://padrejosimo.com.br/site/#organization"},"alternateName":"ICPJ","potentialAction":[{"@type":"SearchAction","target":{"@type":"EntryPoint","urlTemplate":"https://padrejosimo.com.br/site/?s={search_term_string}"},"query-input":{"@type":"PropertyValueSpecification","valueRequired":true,"valueName":"search_term_string"}}],"inLanguage":"pt-BR"},{"@type":"Organization","@id":"https://padrejosimo.com.br/site/#organization","name":"Instituto Cultural Padre Josimo","alternateName":"ICPJ","url":"https://padrejosimo.com.br/site/","logo":{"@type":"ImageObject","inLanguage":"pt-BR","@id":"https://padrejosimo.com.br/site/#/schema/logo/image/","url":"https://padrejosimo.com.br/site/wp-content/uploads/2025/09/cropped-icon-icpj.png","contentUrl":"https://padrejosimo.com.br/site/wp-content/uploads/2025/09/cropped-icon-icpj.png","width":512,"height":512,"caption":"Instituto Cultural Padre Josimo"},"image":{"@id":"https://padrejosimo.com.br/site/#/schema/logo/image/"}}]}</script>
<!-- / Yoast SEO plugin. -->

Revista de Rádio #147: Cooperativismo e qualidade de vida no campo - Instituto Cultural Padre Josimo

Destaque desta semana para a crise política nacional que foi agravada com o pedido de prisão da cúpula do PMDB pelo Procurador Geral da República ao Supremo Tribunal Federal. A população, de um modo geral, continua atônita com as notícias que vem de Brasília e de Curitiba. A chamada grande mídia, que apóia o golpe, [&hellip;]

Início

Revistas Rádio

Comprometida com a promoção da justiça social, agroecologia e educação popular
