{"id":76,"date":"2017-04-08T16:30:19","date_gmt":"2017-04-08T19:30:19","guid":{"rendered":"http:\/\/bagual.com.br\/site\/?post_type=revista_radio&#038;p=76"},"modified":"2017-04-08T16:30:19","modified_gmt":"2017-04-08T19:30:19","slug":"revista-de-radio-146-cooperativismo-habitacional-urbano","status":"publish","type":"revista_radio","link":"https:\/\/padrejosimo.com.br\/site\/revista_radio\/revista-de-radio-146-cooperativismo-habitacional-urbano\/","title":{"rendered":"Revista de R\u00e1dio #146: Cooperativismo habitacional urbano"},"content":{"rendered":"<p>Destaque desta semana para a decis\u00e3o do STF de reconduzir ao cargo o presidente demitido da EBC, Ricardo Melo, pelo presidente interino do Brasil Michel Temer. Foi uma vit\u00f3ria da cidadania pois a lei havia sido desrespeitada com sua demiss\u00e3o, bem como as leis de comunica\u00e7\u00e3o, pois a EBC \u00e9 empresa p\u00fablica e representa uma alternativa de informa\u00e7\u00e3o em rela\u00e7\u00e3o \u00e0 Grande M\u00eddia empresarial capitalista. A crise pol\u00edtica brasileira continua, bem como a crise do governo do Rio Grande do Sul, onde s\u00e3o registrados aumentos assustadores nos casos de viol\u00eancia, greve de professores e centenas de escolas ocupadas por alunos que exigem melhores condi\u00e7\u00f5es de ensino.<\/p>\n<p>O tema da entrevista do dia \u00e9 cooperativismo habitacional urbano. Para isso, frei Jo\u00e3o Osmar entrevista o professor do Programa de P\u00f3s-gradua\u00e7\u00e3o em educa\u00e7\u00e3o Ivo Dickmann. Da cidade de Chapec\u00f3, SC, ele \u00e9 fundador e militante do cooperativismo habitacional. Vale a pena conferir.<\/p>\n<p>O programa \u00e9 ilustrado pela m\u00fasica &#8220;Semeando Esperan\u00e7a&#8221;, de Osmar Coppi, do CD &#8220;Caminho da Vida&#8221;.<\/p>\n","protected":false},"featured_media":0,"template":"","class_list":["post-76","revista_radio","type-revista_radio","status-publish","hentry"],"acf":[],"yoast_head":"<!-- This site is optimized with the Yoast SEO plugin v27.2 - https:\/\/yoast.com\/product\/yoast-seo-wordpress\/ -->\n<title>Revista de R\u00e1dio #146: Cooperativismo habitacional urbano - Instituto Cultural Padre Josimo<\/title>\n<meta name=\"robots\" content=\"index, follow, max-snippet:-1, max-image-preview:large, max-video-preview:-1\" \/>\n<link rel=\"canonical\" href=\"https:\/\/padrejosimo.com.br\/site\/revista_radio\/revista-de-radio-146-cooperativismo-habitacional-urbano\/\" \/>\n<meta property=\"og:locale\" content=\"pt_BR\" \/>\n<meta property=\"og:type\" content=\"article\" \/>\n<meta property=\"og:title\" content=\"Revista de R\u00e1dio #146: Cooperativismo habitacional urbano - Instituto Cultural Padre Josimo\" \/>\n<meta property=\"og:description\" content=\"Destaque desta semana para a decis\u00e3o do STF de reconduzir ao cargo o presidente demitido da EBC, Ricardo Melo, pelo presidente interino do Brasil Michel Temer. Foi uma vit\u00f3ria da cidadania pois a lei havia sido desrespeitada com sua demiss\u00e3o, bem como as leis de comunica\u00e7\u00e3o, pois a EBC \u00e9 empresa p\u00fablica e representa uma [&hellip;]\" \/>\n<meta property=\"og:url\" content=\"https:\/\/padrejosimo.com.br\/site\/revista_radio\/revista-de-radio-146-cooperativismo-habitacional-urbano\/\" \/>\n<meta property=\"og:site_name\" content=\"Instituto Cultural Padre Josimo\" \/>\n<meta property=\"og:image\" content=\"https:\/\/padrejosimo.com.br\/site\/wp-content\/uploads\/2025\/09\/cropped-icon-icpj.png\" \/>\n\t<meta property=\"og:image:width\" content=\"512\" \/>\n\t<meta property=\"og:image:height\" content=\"512\" \/>\n\t<meta property=\"og:image:type\" content=\"image\/png\" \/>\n<meta name=\"twitter:card\" content=\"summary_large_image\" \/>\n<meta name=\"twitter:label1\" content=\"Est. tempo de leitura\" \/>\n\t<meta name=\"twitter:data1\" content=\"1 minuto\" \/>\n<script type=\"application\/ld+json\" class=\"yoast-schema-graph\">{\"@context\":\"https:\/\/schema.org\",\"@graph\":[{\"@type\":\"WebPage\",\"@id\":\"https:\/\/padrejosimo.com.br\/site\/revista_radio\/revista-de-radio-146-cooperativismo-habitacional-urbano\/\",\"url\":\"https:\/\/padrejosimo.com.br\/site\/revista_radio\/revista-de-radio-146-cooperativismo-habitacional-urbano\/\",\"name\":\"Revista de R\u00e1dio #146: Cooperativismo habitacional urbano - Instituto Cultural Padre Josimo\",\"isPartOf\":{\"@id\":\"https:\/\/padrejosimo.com.br\/site\/#website\"},\"datePublished\":\"2017-04-08T19:30:19+00:00\",\"breadcrumb\":{\"@id\":\"https:\/\/padrejosimo.com.br\/site\/revista_radio\/revista-de-radio-146-cooperativismo-habitacional-urbano\/#breadcrumb\"},\"inLanguage\":\"pt-BR\",\"potentialAction\":[{\"@type\":\"ReadAction\",\"target\":[\"https:\/\/padrejosimo.com.br\/site\/revista_radio\/revista-de-radio-146-cooperativismo-habitacional-urbano\/\"]}]},{\"@type\":\"BreadcrumbList\",\"@id\":\"https:\/\/padrejosimo.com.br\/site\/revista_radio\/revista-de-radio-146-cooperativismo-habitacional-urbano\/#breadcrumb\",\"itemListElement\":[{\"@type\":\"ListItem\",\"position\":1,\"name\":\"In\u00edcio\",\"item\":\"https:\/\/padrejosimo.com.br\/site\/\"},{\"@type\":\"ListItem\",\"position\":2,\"name\":\"Revistas R\u00e1dio\",\"item\":\"https:\/\/padrejosimo.com.br\/site\/revista-radio\/\"},{\"@type\":\"ListItem\",\"position\":3,\"name\":\"Revista de R\u00e1dio #146: Cooperativismo habitacional urbano\"}]},{\"@type\":\"WebSite\",\"@id\":\"https:\/\/padrejosimo.com.br\/site\/#website\",\"url\":\"https:\/\/padrejosimo.com.br\/site\/\",\"name\":\"Instituto Cultural Padre Josimo\",\"description\":\"Comprometida com a promo\u00e7\u00e3o da justi\u00e7a social, agroecologia e educa\u00e7\u00e3o popular\",\"publisher\":{\"@id\":\"https:\/\/padrejosimo.com.br\/site\/#organization\"},\"alternateName\":\"ICPJ\",\"potentialAction\":[{\"@type\":\"SearchAction\",\"target\":{\"@type\":\"EntryPoint\",\"urlTemplate\":\"https:\/\/padrejosimo.com.br\/site\/?s={search_term_string}\"},\"query-input\":{\"@type\":\"PropertyValueSpecification\",\"valueRequired\":true,\"valueName\":\"search_term_string\"}}],\"inLanguage\":\"pt-BR\"},{\"@type\":\"Organization\",\"@id\":\"https:\/\/padrejosimo.com.br\/site\/#organization\",\"name\":\"Instituto Cultural Padre Josimo\",\"alternateName\":\"ICPJ\",\"url\":\"https:\/\/padrejosimo.com.br\/site\/\",\"logo\":{\"@type\":\"ImageObject\",\"inLanguage\":\"pt-BR\",\"@id\":\"https:\/\/padrejosimo.com.br\/site\/#\/schema\/logo\/image\/\",\"url\":\"https:\/\/padrejosimo.com.br\/site\/wp-content\/uploads\/2025\/09\/cropped-icon-icpj.png\",\"contentUrl\":\"https:\/\/padrejosimo.com.br\/site\/wp-content\/uploads\/2025\/09\/cropped-icon-icpj.png\",\"width\":512,\"height\":512,\"caption\":\"Instituto Cultural Padre Josimo\"},\"image\":{\"@id\":\"https:\/\/padrejosimo.com.br\/site\/#\/schema\/logo\/image\/\"}}]}<\/script>\n<!-- \/ Yoast SEO plugin. -->","yoast_head_json":{"title":"Revista de R\u00e1dio #146: Cooperativismo habitacional urbano - Instituto Cultural Padre Josimo","robots":{"index":"index","follow":"follow","max-snippet":"max-snippet:-1","max-image-preview":"max-image-preview:large","max-video-preview":"max-video-preview:-1"},"canonical":"https:\/\/padrejosimo.com.br\/site\/revista_radio\/revista-de-radio-146-cooperativismo-habitacional-urbano\/","og_locale":"pt_BR","og_type":"article","og_title":"Revista de R\u00e1dio #146: Cooperativismo habitacional urbano - Instituto Cultural Padre Josimo","og_description":"Destaque desta semana para a decis\u00e3o do STF de reconduzir ao cargo o presidente demitido da EBC, Ricardo Melo, pelo presidente interino do Brasil Michel Temer. Foi uma vit\u00f3ria da cidadania pois a lei havia sido desrespeitada com sua demiss\u00e3o, bem como as leis de comunica\u00e7\u00e3o, pois a EBC \u00e9 empresa p\u00fablica e representa uma [&hellip;]","og_url":"https:\/\/padrejosimo.com.br\/site\/revista_radio\/revista-de-radio-146-cooperativismo-habitacional-urbano\/","og_site_name":"Instituto Cultural Padre Josimo","og_image":[{"width":512,"height":512,"url":"https:\/\/padrejosimo.com.br\/site\/wp-content\/uploads\/2025\/09\/cropped-icon-icpj.png","type":"image\/png"}],"twitter_card":"summary_large_image","twitter_misc":{"Est. tempo de leitura":"1 minuto"},"schema":{"@context":"https:\/\/schema.org","@graph":[{"@type":"WebPage","@id":"https:\/\/padrejosimo.com.br\/site\/revista_radio\/revista-de-radio-146-cooperativismo-habitacional-urbano\/","url":"https:\/\/padrejosimo.com.br\/site\/revista_radio\/revista-de-radio-146-cooperativismo-habitacional-urbano\/","name":"Revista de R\u00e1dio #146: Cooperativismo habitacional urbano - Instituto Cultural Padre Josimo","isPartOf":{"@id":"https:\/\/padrejosimo.com.br\/site\/#website"},"datePublished":"2017-04-08T19:30:19+00:00","breadcrumb":{"@id":"https:\/\/padrejosimo.com.br\/site\/revista_radio\/revista-de-radio-146-cooperativismo-habitacional-urbano\/#breadcrumb"},"inLanguage":"pt-BR","potentialAction":[{"@type":"ReadAction","target":["https:\/\/padrejosimo.com.br\/site\/revista_radio\/revista-de-radio-146-cooperativismo-habitacional-urbano\/"]}]},{"@type":"BreadcrumbList","@id":"https:\/\/padrejosimo.com.br\/site\/revista_radio\/revista-de-radio-146-cooperativismo-habitacional-urbano\/#breadcrumb","itemListElement":[{"@type":"ListItem","position":1,"name":"In\u00edcio","item":"https:\/\/padrejosimo.com.br\/site\/"},{"@type":"ListItem","position":2,"name":"Revistas R\u00e1dio","item":"https:\/\/padrejosimo.com.br\/site\/revista-radio\/"},{"@type":"ListItem","position":3,"name":"Revista de R\u00e1dio #146: Cooperativismo habitacional urbano"}]},{"@type":"WebSite","@id":"https:\/\/padrejosimo.com.br\/site\/#website","url":"https:\/\/padrejosimo.com.br\/site\/","name":"Instituto Cultural Padre Josimo","description":"Comprometida com a promo\u00e7\u00e3o da justi\u00e7a social, agroecologia e educa\u00e7\u00e3o popular","publisher":{"@id":"https:\/\/padrejosimo.com.br\/site\/#organization"},"alternateName":"ICPJ","potentialAction":[{"@type":"SearchAction","target":{"@type":"EntryPoint","urlTemplate":"https:\/\/padrejosimo.com.br\/site\/?s={search_term_string}"},"query-input":{"@type":"PropertyValueSpecification","valueRequired":true,"valueName":"search_term_string"}}],"inLanguage":"pt-BR"},{"@type":"Organization","@id":"https:\/\/padrejosimo.com.br\/site\/#organization","name":"Instituto Cultural Padre Josimo","alternateName":"ICPJ","url":"https:\/\/padrejosimo.com.br\/site\/","logo":{"@type":"ImageObject","inLanguage":"pt-BR","@id":"https:\/\/padrejosimo.com.br\/site\/#\/schema\/logo\/image\/","url":"https:\/\/padrejosimo.com.br\/site\/wp-content\/uploads\/2025\/09\/cropped-icon-icpj.png","contentUrl":"https:\/\/padrejosimo.com.br\/site\/wp-content\/uploads\/2025\/09\/cropped-icon-icpj.png","width":512,"height":512,"caption":"Instituto Cultural Padre Josimo"},"image":{"@id":"https:\/\/padrejosimo.com.br\/site\/#\/schema\/logo\/image\/"}}]}},"_links":{"self":[{"href":"https:\/\/padrejosimo.com.br\/site\/wp-json\/wp\/v2\/revista_radio\/76","targetHints":{"allow":["GET"]}}],"collection":[{"href":"https:\/\/padrejosimo.com.br\/site\/wp-json\/wp\/v2\/revista_radio"}],"about":[{"href":"https:\/\/padrejosimo.com.br\/site\/wp-json\/wp\/v2\/types\/revista_radio"}],"wp:attachment":[{"href":"https:\/\/padrejosimo.com.br\/site\/wp-json\/wp\/v2\/media?parent=76"}],"curies":[{"name":"wp","href":"https:\/\/api.w.org\/{rel}","templated":true}]}}

Revista de Rádio #146: Cooperativismo habitacional urbano

<p>Destaque desta semana para a decisão do STF de reconduzir ao cargo o presidente demitido da EBC, Ricardo Melo, pelo presidente interino do Brasil Michel Temer. Foi uma vitória da cidadania pois a lei havia sido desrespeitada com sua demissão, bem como as leis de comunicação, pois a EBC é empresa pública e representa uma alternativa de informação em relação à Grande Mídia empresarial capitalista. A crise política brasileira continua, bem como a crise do governo do Rio Grande do Sul, onde são registrados aumentos assustadores nos casos de violência, greve de professores e centenas de escolas ocupadas por alunos que exigem melhores condições de ensino.</p>
<p>O tema da entrevista do dia é cooperativismo habitacional urbano. Para isso, frei João Osmar entrevista o professor do Programa de Pós-graduação em educação Ivo Dickmann. Da cidade de Chapecó, SC, ele é fundador e militante do cooperativismo habitacional. Vale a pena conferir.</p>
<p>O programa é ilustrado pela música &#8220;Semeando Esperança&#8221;, de Osmar Coppi, do CD &#8220;Caminho da Vida&#8221;.</p>

<!-- This site is optimized with the Yoast SEO plugin v27.2 - https://yoast.com/product/yoast-seo-wordpress/ -->
<title>Revista de Rádio #146: Cooperativismo habitacional urbano - Instituto Cultural Padre Josimo</title>
<meta name="robots" content="index, follow, max-snippet:-1, max-image-preview:large, max-video-preview:-1" />
<link rel="canonical" href="https://padrejosimo.com.br/site/revista_radio/revista-de-radio-146-cooperativismo-habitacional-urbano/" />
<meta property="og:locale" content="pt_BR" />
<meta property="og:type" content="article" />
<meta property="og:title" content="Revista de Rádio #146: Cooperativismo habitacional urbano - Instituto Cultural Padre Josimo" />
<meta property="og:description" content="Destaque desta semana para a decisão do STF de reconduzir ao cargo o presidente demitido da EBC, Ricardo Melo, pelo presidente interino do Brasil Michel Temer. Foi uma vitória da cidadania pois a lei havia sido desrespeitada com sua demissão, bem como as leis de comunicação, pois a EBC é empresa pública e representa uma [&hellip;]" />
<meta property="og:url" content="https://padrejosimo.com.br/site/revista_radio/revista-de-radio-146-cooperativismo-habitacional-urbano/" />
<meta property="og:site_name" content="Instituto Cultural Padre Josimo" />
<meta property="og:image" content="https://padrejosimo.com.br/site/wp-content/uploads/2025/09/cropped-icon-icpj.png" />
	<meta property="og:image:width" content="512" />
	<meta property="og:image:height" content="512" />
	<meta property="og:image:type" content="image/png" />
<meta name="twitter:card" content="summary_large_image" />
<meta name="twitter:label1" content="Est. tempo de leitura" />
	<meta name="twitter:data1" content="1 minuto" />
<script type="application/ld+json" class="yoast-schema-graph">{"@context":"https://schema.org","@graph":[{"@type":"WebPage","@id":"https://padrejosimo.com.br/site/revista_radio/revista-de-radio-146-cooperativismo-habitacional-urbano/","url":"https://padrejosimo.com.br/site/revista_radio/revista-de-radio-146-cooperativismo-habitacional-urbano/","name":"Revista de Rádio #146: Cooperativismo habitacional urbano - Instituto Cultural Padre Josimo","isPartOf":{"@id":"https://padrejosimo.com.br/site/#website"},"datePublished":"2017-04-08T19:30:19+00:00","breadcrumb":{"@id":"https://padrejosimo.com.br/site/revista_radio/revista-de-radio-146-cooperativismo-habitacional-urbano/#breadcrumb"},"inLanguage":"pt-BR","potentialAction":[{"@type":"ReadAction","target":["https://padrejosimo.com.br/site/revista_radio/revista-de-radio-146-cooperativismo-habitacional-urbano/"]}]},{"@type":"BreadcrumbList","@id":"https://padrejosimo.com.br/site/revista_radio/revista-de-radio-146-cooperativismo-habitacional-urbano/#breadcrumb","itemListElement":[{"@type":"ListItem","position":1,"name":"Início","item":"https://padrejosimo.com.br/site/"},{"@type":"ListItem","position":2,"name":"Revistas Rádio","item":"https://padrejosimo.com.br/site/revista-radio/"},{"@type":"ListItem","position":3,"name":"Revista de Rádio #146: Cooperativismo habitacional urbano"}]},{"@type":"WebSite","@id":"https://padrejosimo.com.br/site/#website","url":"https://padrejosimo.com.br/site/","name":"Instituto Cultural Padre Josimo","description":"Comprometida com a promoção da justiça social, agroecologia e educação popular","publisher":{"@id":"https://padrejosimo.com.br/site/#organization"},"alternateName":"ICPJ","potentialAction":[{"@type":"SearchAction","target":{"@type":"EntryPoint","urlTemplate":"https://padrejosimo.com.br/site/?s={search_term_string}"},"query-input":{"@type":"PropertyValueSpecification","valueRequired":true,"valueName":"search_term_string"}}],"inLanguage":"pt-BR"},{"@type":"Organization","@id":"https://padrejosimo.com.br/site/#organization","name":"Instituto Cultural Padre Josimo","alternateName":"ICPJ","url":"https://padrejosimo.com.br/site/","logo":{"@type":"ImageObject","inLanguage":"pt-BR","@id":"https://padrejosimo.com.br/site/#/schema/logo/image/","url":"https://padrejosimo.com.br/site/wp-content/uploads/2025/09/cropped-icon-icpj.png","contentUrl":"https://padrejosimo.com.br/site/wp-content/uploads/2025/09/cropped-icon-icpj.png","width":512,"height":512,"caption":"Instituto Cultural Padre Josimo"},"image":{"@id":"https://padrejosimo.com.br/site/#/schema/logo/image/"}}]}</script>
<!-- / Yoast SEO plugin. -->

Revista de Rádio #146: Cooperativismo habitacional urbano - Instituto Cultural Padre Josimo

Destaque desta semana para a decisão do STF de reconduzir ao cargo o presidente demitido da EBC, Ricardo Melo, pelo presidente interino do Brasil Michel Temer. Foi uma vitória da cidadania pois a lei havia sido desrespeitada com sua demissão, bem como as leis de comunicação, pois a EBC é empresa pública e representa uma [&hellip;]

Início

Revistas Rádio

Comprometida com a promoção da justiça social, agroecologia e educação popular
