{"id":71,"date":"2017-04-08T16:27:22","date_gmt":"2017-04-08T19:27:22","guid":{"rendered":"http:\/\/bagual.com.br\/site\/?post_type=revista_radio&#038;p=71"},"modified":"2017-04-08T16:27:22","modified_gmt":"2017-04-08T19:27:22","slug":"revista-de-radio-144-fala-sobre-situacao-indigena-no-mato-grosso-do-sul","status":"publish","type":"revista_radio","link":"https:\/\/padrejosimo.com.br\/site\/revista_radio\/revista-de-radio-144-fala-sobre-situacao-indigena-no-mato-grosso-do-sul\/","title":{"rendered":"Revista de R\u00e1dio #144 fala sobre situa\u00e7\u00e3o ind\u00edgena no Mato Grosso do Sul"},"content":{"rendered":"<p>Destaque para a semana que chega ao fim com o espanto da popula\u00e7\u00e3o quanto aos an\u00fancios do Governo Interino de Michel Temer. Foi o fechamento de todos os Minist\u00e9rios e Secretarias com status de Minist\u00e9rios que tratam do cuidado Social e da Cultura. E, ao mesmo tempo seus Ministros anunciam cortes nas \u00e1reas da sa\u00fades educa\u00e7\u00e3o e Social.<\/p>\n<p>A entrevistada do programa \u00e9 a Irm\u00e3 Joana Aparecida Ortiz, da Congrega\u00e7\u00e3o das Irm\u00e3s de Nossa Senhora Aparecida. Ela \u00e9 do Mato Grosso do Sul, trabalha com o CIMI na defesa dos povos ind\u00edgenas de sua regi\u00e3o e, por isso, \u00e9 amea\u00e7ada de morte pelos latifundi\u00e1rios de l\u00e1. Nesta entrevista, ela resgata um pouco de sua hist\u00f3ria pessoal, pois ela mesma \u00e9 descendente de \u00edndios; e tamb\u00e9m fala de seu trabalho junto aos povos ind\u00edgenas acampados ao longo das rodovias.<\/p>\n<p>O programa \u00e9 ilustrado pela m\u00fasica &#8220;Eu Creio na Semente&#8221;, de Osmar Coppi, do CD &#8220;Caminho da Vida&#8221;.<\/p>\n","protected":false},"featured_media":0,"template":"","class_list":["post-71","revista_radio","type-revista_radio","status-publish","hentry"],"acf":[],"yoast_head":"<!-- This site is optimized with the Yoast SEO plugin v27.2 - https:\/\/yoast.com\/product\/yoast-seo-wordpress\/ -->\n<title>Revista de R\u00e1dio #144 fala sobre situa\u00e7\u00e3o ind\u00edgena no Mato Grosso do Sul - Instituto Cultural Padre Josimo<\/title>\n<meta name=\"robots\" content=\"index, follow, max-snippet:-1, max-image-preview:large, max-video-preview:-1\" \/>\n<link rel=\"canonical\" href=\"https:\/\/padrejosimo.com.br\/site\/revista_radio\/revista-de-radio-144-fala-sobre-situacao-indigena-no-mato-grosso-do-sul\/\" \/>\n<meta property=\"og:locale\" content=\"pt_BR\" \/>\n<meta property=\"og:type\" content=\"article\" \/>\n<meta property=\"og:title\" content=\"Revista de R\u00e1dio #144 fala sobre situa\u00e7\u00e3o ind\u00edgena no Mato Grosso do Sul - Instituto Cultural Padre Josimo\" \/>\n<meta property=\"og:description\" content=\"Destaque para a semana que chega ao fim com o espanto da popula\u00e7\u00e3o quanto aos an\u00fancios do Governo Interino de Michel Temer. Foi o fechamento de todos os Minist\u00e9rios e Secretarias com status de Minist\u00e9rios que tratam do cuidado Social e da Cultura. E, ao mesmo tempo seus Ministros anunciam cortes nas \u00e1reas da sa\u00fades [&hellip;]\" \/>\n<meta property=\"og:url\" content=\"https:\/\/padrejosimo.com.br\/site\/revista_radio\/revista-de-radio-144-fala-sobre-situacao-indigena-no-mato-grosso-do-sul\/\" \/>\n<meta property=\"og:site_name\" content=\"Instituto Cultural Padre Josimo\" \/>\n<meta property=\"og:image\" content=\"https:\/\/padrejosimo.com.br\/site\/wp-content\/uploads\/2025\/09\/cropped-icon-icpj.png\" \/>\n\t<meta property=\"og:image:width\" content=\"512\" \/>\n\t<meta property=\"og:image:height\" content=\"512\" \/>\n\t<meta property=\"og:image:type\" content=\"image\/png\" \/>\n<meta name=\"twitter:card\" content=\"summary_large_image\" \/>\n<meta name=\"twitter:label1\" content=\"Est. tempo de leitura\" \/>\n\t<meta name=\"twitter:data1\" content=\"1 minuto\" \/>\n<script type=\"application\/ld+json\" class=\"yoast-schema-graph\">{\"@context\":\"https:\/\/schema.org\",\"@graph\":[{\"@type\":\"WebPage\",\"@id\":\"https:\/\/padrejosimo.com.br\/site\/revista_radio\/revista-de-radio-144-fala-sobre-situacao-indigena-no-mato-grosso-do-sul\/\",\"url\":\"https:\/\/padrejosimo.com.br\/site\/revista_radio\/revista-de-radio-144-fala-sobre-situacao-indigena-no-mato-grosso-do-sul\/\",\"name\":\"Revista de R\u00e1dio #144 fala sobre situa\u00e7\u00e3o ind\u00edgena no Mato Grosso do Sul - Instituto Cultural Padre Josimo\",\"isPartOf\":{\"@id\":\"https:\/\/padrejosimo.com.br\/site\/#website\"},\"datePublished\":\"2017-04-08T19:27:22+00:00\",\"breadcrumb\":{\"@id\":\"https:\/\/padrejosimo.com.br\/site\/revista_radio\/revista-de-radio-144-fala-sobre-situacao-indigena-no-mato-grosso-do-sul\/#breadcrumb\"},\"inLanguage\":\"pt-BR\",\"potentialAction\":[{\"@type\":\"ReadAction\",\"target\":[\"https:\/\/padrejosimo.com.br\/site\/revista_radio\/revista-de-radio-144-fala-sobre-situacao-indigena-no-mato-grosso-do-sul\/\"]}]},{\"@type\":\"BreadcrumbList\",\"@id\":\"https:\/\/padrejosimo.com.br\/site\/revista_radio\/revista-de-radio-144-fala-sobre-situacao-indigena-no-mato-grosso-do-sul\/#breadcrumb\",\"itemListElement\":[{\"@type\":\"ListItem\",\"position\":1,\"name\":\"In\u00edcio\",\"item\":\"https:\/\/padrejosimo.com.br\/site\/\"},{\"@type\":\"ListItem\",\"position\":2,\"name\":\"Revistas R\u00e1dio\",\"item\":\"https:\/\/padrejosimo.com.br\/site\/revista-radio\/\"},{\"@type\":\"ListItem\",\"position\":3,\"name\":\"Revista de R\u00e1dio #144 fala sobre situa\u00e7\u00e3o ind\u00edgena no Mato Grosso do Sul\"}]},{\"@type\":\"WebSite\",\"@id\":\"https:\/\/padrejosimo.com.br\/site\/#website\",\"url\":\"https:\/\/padrejosimo.com.br\/site\/\",\"name\":\"Instituto Cultural Padre Josimo\",\"description\":\"Comprometida com a promo\u00e7\u00e3o da justi\u00e7a social, agroecologia e educa\u00e7\u00e3o popular\",\"publisher\":{\"@id\":\"https:\/\/padrejosimo.com.br\/site\/#organization\"},\"alternateName\":\"ICPJ\",\"potentialAction\":[{\"@type\":\"SearchAction\",\"target\":{\"@type\":\"EntryPoint\",\"urlTemplate\":\"https:\/\/padrejosimo.com.br\/site\/?s={search_term_string}\"},\"query-input\":{\"@type\":\"PropertyValueSpecification\",\"valueRequired\":true,\"valueName\":\"search_term_string\"}}],\"inLanguage\":\"pt-BR\"},{\"@type\":\"Organization\",\"@id\":\"https:\/\/padrejosimo.com.br\/site\/#organization\",\"name\":\"Instituto Cultural Padre Josimo\",\"alternateName\":\"ICPJ\",\"url\":\"https:\/\/padrejosimo.com.br\/site\/\",\"logo\":{\"@type\":\"ImageObject\",\"inLanguage\":\"pt-BR\",\"@id\":\"https:\/\/padrejosimo.com.br\/site\/#\/schema\/logo\/image\/\",\"url\":\"https:\/\/padrejosimo.com.br\/site\/wp-content\/uploads\/2025\/09\/cropped-icon-icpj.png\",\"contentUrl\":\"https:\/\/padrejosimo.com.br\/site\/wp-content\/uploads\/2025\/09\/cropped-icon-icpj.png\",\"width\":512,\"height\":512,\"caption\":\"Instituto Cultural Padre Josimo\"},\"image\":{\"@id\":\"https:\/\/padrejosimo.com.br\/site\/#\/schema\/logo\/image\/\"}}]}<\/script>\n<!-- \/ Yoast SEO plugin. -->","yoast_head_json":{"title":"Revista de R\u00e1dio #144 fala sobre situa\u00e7\u00e3o ind\u00edgena no Mato Grosso do Sul - Instituto Cultural Padre Josimo","robots":{"index":"index","follow":"follow","max-snippet":"max-snippet:-1","max-image-preview":"max-image-preview:large","max-video-preview":"max-video-preview:-1"},"canonical":"https:\/\/padrejosimo.com.br\/site\/revista_radio\/revista-de-radio-144-fala-sobre-situacao-indigena-no-mato-grosso-do-sul\/","og_locale":"pt_BR","og_type":"article","og_title":"Revista de R\u00e1dio #144 fala sobre situa\u00e7\u00e3o ind\u00edgena no Mato Grosso do Sul - Instituto Cultural Padre Josimo","og_description":"Destaque para a semana que chega ao fim com o espanto da popula\u00e7\u00e3o quanto aos an\u00fancios do Governo Interino de Michel Temer. Foi o fechamento de todos os Minist\u00e9rios e Secretarias com status de Minist\u00e9rios que tratam do cuidado Social e da Cultura. E, ao mesmo tempo seus Ministros anunciam cortes nas \u00e1reas da sa\u00fades [&hellip;]","og_url":"https:\/\/padrejosimo.com.br\/site\/revista_radio\/revista-de-radio-144-fala-sobre-situacao-indigena-no-mato-grosso-do-sul\/","og_site_name":"Instituto Cultural Padre Josimo","og_image":[{"width":512,"height":512,"url":"https:\/\/padrejosimo.com.br\/site\/wp-content\/uploads\/2025\/09\/cropped-icon-icpj.png","type":"image\/png"}],"twitter_card":"summary_large_image","twitter_misc":{"Est. tempo de leitura":"1 minuto"},"schema":{"@context":"https:\/\/schema.org","@graph":[{"@type":"WebPage","@id":"https:\/\/padrejosimo.com.br\/site\/revista_radio\/revista-de-radio-144-fala-sobre-situacao-indigena-no-mato-grosso-do-sul\/","url":"https:\/\/padrejosimo.com.br\/site\/revista_radio\/revista-de-radio-144-fala-sobre-situacao-indigena-no-mato-grosso-do-sul\/","name":"Revista de R\u00e1dio #144 fala sobre situa\u00e7\u00e3o ind\u00edgena no Mato Grosso do Sul - Instituto Cultural Padre Josimo","isPartOf":{"@id":"https:\/\/padrejosimo.com.br\/site\/#website"},"datePublished":"2017-04-08T19:27:22+00:00","breadcrumb":{"@id":"https:\/\/padrejosimo.com.br\/site\/revista_radio\/revista-de-radio-144-fala-sobre-situacao-indigena-no-mato-grosso-do-sul\/#breadcrumb"},"inLanguage":"pt-BR","potentialAction":[{"@type":"ReadAction","target":["https:\/\/padrejosimo.com.br\/site\/revista_radio\/revista-de-radio-144-fala-sobre-situacao-indigena-no-mato-grosso-do-sul\/"]}]},{"@type":"BreadcrumbList","@id":"https:\/\/padrejosimo.com.br\/site\/revista_radio\/revista-de-radio-144-fala-sobre-situacao-indigena-no-mato-grosso-do-sul\/#breadcrumb","itemListElement":[{"@type":"ListItem","position":1,"name":"In\u00edcio","item":"https:\/\/padrejosimo.com.br\/site\/"},{"@type":"ListItem","position":2,"name":"Revistas R\u00e1dio","item":"https:\/\/padrejosimo.com.br\/site\/revista-radio\/"},{"@type":"ListItem","position":3,"name":"Revista de R\u00e1dio #144 fala sobre situa\u00e7\u00e3o ind\u00edgena no Mato Grosso do Sul"}]},{"@type":"WebSite","@id":"https:\/\/padrejosimo.com.br\/site\/#website","url":"https:\/\/padrejosimo.com.br\/site\/","name":"Instituto Cultural Padre Josimo","description":"Comprometida com a promo\u00e7\u00e3o da justi\u00e7a social, agroecologia e educa\u00e7\u00e3o popular","publisher":{"@id":"https:\/\/padrejosimo.com.br\/site\/#organization"},"alternateName":"ICPJ","potentialAction":[{"@type":"SearchAction","target":{"@type":"EntryPoint","urlTemplate":"https:\/\/padrejosimo.com.br\/site\/?s={search_term_string}"},"query-input":{"@type":"PropertyValueSpecification","valueRequired":true,"valueName":"search_term_string"}}],"inLanguage":"pt-BR"},{"@type":"Organization","@id":"https:\/\/padrejosimo.com.br\/site\/#organization","name":"Instituto Cultural Padre Josimo","alternateName":"ICPJ","url":"https:\/\/padrejosimo.com.br\/site\/","logo":{"@type":"ImageObject","inLanguage":"pt-BR","@id":"https:\/\/padrejosimo.com.br\/site\/#\/schema\/logo\/image\/","url":"https:\/\/padrejosimo.com.br\/site\/wp-content\/uploads\/2025\/09\/cropped-icon-icpj.png","contentUrl":"https:\/\/padrejosimo.com.br\/site\/wp-content\/uploads\/2025\/09\/cropped-icon-icpj.png","width":512,"height":512,"caption":"Instituto Cultural Padre Josimo"},"image":{"@id":"https:\/\/padrejosimo.com.br\/site\/#\/schema\/logo\/image\/"}}]}},"_links":{"self":[{"href":"https:\/\/padrejosimo.com.br\/site\/wp-json\/wp\/v2\/revista_radio\/71","targetHints":{"allow":["GET"]}}],"collection":[{"href":"https:\/\/padrejosimo.com.br\/site\/wp-json\/wp\/v2\/revista_radio"}],"about":[{"href":"https:\/\/padrejosimo.com.br\/site\/wp-json\/wp\/v2\/types\/revista_radio"}],"wp:attachment":[{"href":"https:\/\/padrejosimo.com.br\/site\/wp-json\/wp\/v2\/media?parent=71"}],"curies":[{"name":"wp","href":"https:\/\/api.w.org\/{rel}","templated":true}]}}

Revista de Rádio #144 fala sobre situação indígena no Mato Grosso do Sul

<p>Destaque para a semana que chega ao fim com o espanto da população quanto aos anúncios do Governo Interino de Michel Temer. Foi o fechamento de todos os Ministérios e Secretarias com status de Ministérios que tratam do cuidado Social e da Cultura. E, ao mesmo tempo seus Ministros anunciam cortes nas áreas da saúdes educação e Social.</p>
<p>A entrevistada do programa é a Irmã Joana Aparecida Ortiz, da Congregação das Irmãs de Nossa Senhora Aparecida. Ela é do Mato Grosso do Sul, trabalha com o CIMI na defesa dos povos indígenas de sua região e, por isso, é ameaçada de morte pelos latifundiários de lá. Nesta entrevista, ela resgata um pouco de sua história pessoal, pois ela mesma é descendente de índios; e também fala de seu trabalho junto aos povos indígenas acampados ao longo das rodovias.</p>
<p>O programa é ilustrado pela música &#8220;Eu Creio na Semente&#8221;, de Osmar Coppi, do CD &#8220;Caminho da Vida&#8221;.</p>

<!-- This site is optimized with the Yoast SEO plugin v27.2 - https://yoast.com/product/yoast-seo-wordpress/ -->
<title>Revista de Rádio #144 fala sobre situação indígena no Mato Grosso do Sul - Instituto Cultural Padre Josimo</title>
<meta name="robots" content="index, follow, max-snippet:-1, max-image-preview:large, max-video-preview:-1" />
<link rel="canonical" href="https://padrejosimo.com.br/site/revista_radio/revista-de-radio-144-fala-sobre-situacao-indigena-no-mato-grosso-do-sul/" />
<meta property="og:locale" content="pt_BR" />
<meta property="og:type" content="article" />
<meta property="og:title" content="Revista de Rádio #144 fala sobre situação indígena no Mato Grosso do Sul - Instituto Cultural Padre Josimo" />
<meta property="og:description" content="Destaque para a semana que chega ao fim com o espanto da população quanto aos anúncios do Governo Interino de Michel Temer. Foi o fechamento de todos os Ministérios e Secretarias com status de Ministérios que tratam do cuidado Social e da Cultura. E, ao mesmo tempo seus Ministros anunciam cortes nas áreas da saúdes [&hellip;]" />
<meta property="og:url" content="https://padrejosimo.com.br/site/revista_radio/revista-de-radio-144-fala-sobre-situacao-indigena-no-mato-grosso-do-sul/" />
<meta property="og:site_name" content="Instituto Cultural Padre Josimo" />
<meta property="og:image" content="https://padrejosimo.com.br/site/wp-content/uploads/2025/09/cropped-icon-icpj.png" />
	<meta property="og:image:width" content="512" />
	<meta property="og:image:height" content="512" />
	<meta property="og:image:type" content="image/png" />
<meta name="twitter:card" content="summary_large_image" />
<meta name="twitter:label1" content="Est. tempo de leitura" />
	<meta name="twitter:data1" content="1 minuto" />
<script type="application/ld+json" class="yoast-schema-graph">{"@context":"https://schema.org","@graph":[{"@type":"WebPage","@id":"https://padrejosimo.com.br/site/revista_radio/revista-de-radio-144-fala-sobre-situacao-indigena-no-mato-grosso-do-sul/","url":"https://padrejosimo.com.br/site/revista_radio/revista-de-radio-144-fala-sobre-situacao-indigena-no-mato-grosso-do-sul/","name":"Revista de Rádio #144 fala sobre situação indígena no Mato Grosso do Sul - Instituto Cultural Padre Josimo","isPartOf":{"@id":"https://padrejosimo.com.br/site/#website"},"datePublished":"2017-04-08T19:27:22+00:00","breadcrumb":{"@id":"https://padrejosimo.com.br/site/revista_radio/revista-de-radio-144-fala-sobre-situacao-indigena-no-mato-grosso-do-sul/#breadcrumb"},"inLanguage":"pt-BR","potentialAction":[{"@type":"ReadAction","target":["https://padrejosimo.com.br/site/revista_radio/revista-de-radio-144-fala-sobre-situacao-indigena-no-mato-grosso-do-sul/"]}]},{"@type":"BreadcrumbList","@id":"https://padrejosimo.com.br/site/revista_radio/revista-de-radio-144-fala-sobre-situacao-indigena-no-mato-grosso-do-sul/#breadcrumb","itemListElement":[{"@type":"ListItem","position":1,"name":"Início","item":"https://padrejosimo.com.br/site/"},{"@type":"ListItem","position":2,"name":"Revistas Rádio","item":"https://padrejosimo.com.br/site/revista-radio/"},{"@type":"ListItem","position":3,"name":"Revista de Rádio #144 fala sobre situação indígena no Mato Grosso do Sul"}]},{"@type":"WebSite","@id":"https://padrejosimo.com.br/site/#website","url":"https://padrejosimo.com.br/site/","name":"Instituto Cultural Padre Josimo","description":"Comprometida com a promoção da justiça social, agroecologia e educação popular","publisher":{"@id":"https://padrejosimo.com.br/site/#organization"},"alternateName":"ICPJ","potentialAction":[{"@type":"SearchAction","target":{"@type":"EntryPoint","urlTemplate":"https://padrejosimo.com.br/site/?s={search_term_string}"},"query-input":{"@type":"PropertyValueSpecification","valueRequired":true,"valueName":"search_term_string"}}],"inLanguage":"pt-BR"},{"@type":"Organization","@id":"https://padrejosimo.com.br/site/#organization","name":"Instituto Cultural Padre Josimo","alternateName":"ICPJ","url":"https://padrejosimo.com.br/site/","logo":{"@type":"ImageObject","inLanguage":"pt-BR","@id":"https://padrejosimo.com.br/site/#/schema/logo/image/","url":"https://padrejosimo.com.br/site/wp-content/uploads/2025/09/cropped-icon-icpj.png","contentUrl":"https://padrejosimo.com.br/site/wp-content/uploads/2025/09/cropped-icon-icpj.png","width":512,"height":512,"caption":"Instituto Cultural Padre Josimo"},"image":{"@id":"https://padrejosimo.com.br/site/#/schema/logo/image/"}}]}</script>
<!-- / Yoast SEO plugin. -->

Revista de Rádio #144 fala sobre situação indígena no Mato Grosso do Sul - Instituto Cultural Padre Josimo

Destaque para a semana que chega ao fim com o espanto da população quanto aos anúncios do Governo Interino de Michel Temer. Foi o fechamento de todos os Ministérios e Secretarias com status de Ministérios que tratam do cuidado Social e da Cultura. E, ao mesmo tempo seus Ministros anunciam cortes nas áreas da saúdes [&hellip;]

Início

Revistas Rádio

Comprometida com a promoção da justiça social, agroecologia e educação popular
