{"id":62,"date":"2017-04-08T16:17:35","date_gmt":"2017-04-08T19:17:35","guid":{"rendered":"http:\/\/bagual.com.br\/site\/?post_type=revista_radio&#038;p=62"},"modified":"2017-04-08T16:17:35","modified_gmt":"2017-04-08T19:17:35","slug":"revista-de-radio-135-conversa-com-diretor-de-radio-comunitaria-sobre-importancia-da-comunicacao-popular","status":"publish","type":"revista_radio","link":"https:\/\/padrejosimo.com.br\/site\/revista_radio\/revista-de-radio-135-conversa-com-diretor-de-radio-comunitaria-sobre-importancia-da-comunicacao-popular\/","title":{"rendered":"Revista de R\u00e1dio #135 conversa com diretor de r\u00e1dio comunit\u00e1ria sobre import\u00e2ncia da comunica\u00e7\u00e3o popular"},"content":{"rendered":"<p>Nessa edi\u00e7\u00e3o, a conversa \u00e9 com Rudimar Barea, diretor da R\u00e1dio Comunit\u00e1ria Vida, de Cir\u00edaco (RS). Essa r\u00e1dio foi uma das primeiras transmitir nosso programa, l\u00e1 na Regi\u00e3o de Passo Fundo. O tema \u00e9 a Comunica\u00e7\u00e3o Comunit\u00e1ria, sua import\u00e2ncia para dar voz e vez \u00e0s pessoas das nossas comunidades.<\/p>\n","protected":false},"featured_media":0,"template":"","class_list":["post-62","revista_radio","type-revista_radio","status-publish","hentry"],"acf":[],"yoast_head":"<!-- This site is optimized with the Yoast SEO plugin v27.2 - https:\/\/yoast.com\/product\/yoast-seo-wordpress\/ -->\n<title>Revista de R\u00e1dio #135 conversa com diretor de r\u00e1dio comunit\u00e1ria sobre import\u00e2ncia da comunica\u00e7\u00e3o popular - Instituto Cultural Padre Josimo<\/title>\n<meta name=\"robots\" content=\"index, follow, max-snippet:-1, max-image-preview:large, max-video-preview:-1\" \/>\n<link rel=\"canonical\" href=\"https:\/\/padrejosimo.com.br\/site\/revista_radio\/revista-de-radio-135-conversa-com-diretor-de-radio-comunitaria-sobre-importancia-da-comunicacao-popular\/\" \/>\n<meta property=\"og:locale\" content=\"pt_BR\" \/>\n<meta property=\"og:type\" content=\"article\" \/>\n<meta property=\"og:title\" content=\"Revista de R\u00e1dio #135 conversa com diretor de r\u00e1dio comunit\u00e1ria sobre import\u00e2ncia da comunica\u00e7\u00e3o popular - Instituto Cultural Padre Josimo\" \/>\n<meta property=\"og:description\" content=\"Nessa edi\u00e7\u00e3o, a conversa \u00e9 com Rudimar Barea, diretor da R\u00e1dio Comunit\u00e1ria Vida, de Cir\u00edaco (RS). Essa r\u00e1dio foi uma das primeiras transmitir nosso programa, l\u00e1 na Regi\u00e3o de Passo Fundo. O tema \u00e9 a Comunica\u00e7\u00e3o Comunit\u00e1ria, sua import\u00e2ncia para dar voz e vez \u00e0s pessoas das nossas comunidades.\" \/>\n<meta property=\"og:url\" content=\"https:\/\/padrejosimo.com.br\/site\/revista_radio\/revista-de-radio-135-conversa-com-diretor-de-radio-comunitaria-sobre-importancia-da-comunicacao-popular\/\" \/>\n<meta property=\"og:site_name\" content=\"Instituto Cultural Padre Josimo\" \/>\n<meta property=\"og:image\" content=\"https:\/\/padrejosimo.com.br\/site\/wp-content\/uploads\/2025\/09\/cropped-icon-icpj.png\" \/>\n\t<meta property=\"og:image:width\" content=\"512\" \/>\n\t<meta property=\"og:image:height\" content=\"512\" \/>\n\t<meta property=\"og:image:type\" content=\"image\/png\" \/>\n<meta name=\"twitter:card\" content=\"summary_large_image\" \/>\n<script type=\"application\/ld+json\" class=\"yoast-schema-graph\">{\"@context\":\"https:\/\/schema.org\",\"@graph\":[{\"@type\":\"WebPage\",\"@id\":\"https:\/\/padrejosimo.com.br\/site\/revista_radio\/revista-de-radio-135-conversa-com-diretor-de-radio-comunitaria-sobre-importancia-da-comunicacao-popular\/\",\"url\":\"https:\/\/padrejosimo.com.br\/site\/revista_radio\/revista-de-radio-135-conversa-com-diretor-de-radio-comunitaria-sobre-importancia-da-comunicacao-popular\/\",\"name\":\"Revista de R\u00e1dio #135 conversa com diretor de r\u00e1dio comunit\u00e1ria sobre import\u00e2ncia da comunica\u00e7\u00e3o popular - Instituto Cultural Padre Josimo\",\"isPartOf\":{\"@id\":\"https:\/\/padrejosimo.com.br\/site\/#website\"},\"datePublished\":\"2017-04-08T19:17:35+00:00\",\"breadcrumb\":{\"@id\":\"https:\/\/padrejosimo.com.br\/site\/revista_radio\/revista-de-radio-135-conversa-com-diretor-de-radio-comunitaria-sobre-importancia-da-comunicacao-popular\/#breadcrumb\"},\"inLanguage\":\"pt-BR\",\"potentialAction\":[{\"@type\":\"ReadAction\",\"target\":[\"https:\/\/padrejosimo.com.br\/site\/revista_radio\/revista-de-radio-135-conversa-com-diretor-de-radio-comunitaria-sobre-importancia-da-comunicacao-popular\/\"]}]},{\"@type\":\"BreadcrumbList\",\"@id\":\"https:\/\/padrejosimo.com.br\/site\/revista_radio\/revista-de-radio-135-conversa-com-diretor-de-radio-comunitaria-sobre-importancia-da-comunicacao-popular\/#breadcrumb\",\"itemListElement\":[{\"@type\":\"ListItem\",\"position\":1,\"name\":\"In\u00edcio\",\"item\":\"https:\/\/padrejosimo.com.br\/site\/\"},{\"@type\":\"ListItem\",\"position\":2,\"name\":\"Revistas R\u00e1dio\",\"item\":\"https:\/\/padrejosimo.com.br\/site\/revista-radio\/\"},{\"@type\":\"ListItem\",\"position\":3,\"name\":\"Revista de R\u00e1dio #135 conversa com diretor de r\u00e1dio comunit\u00e1ria sobre import\u00e2ncia da comunica\u00e7\u00e3o popular\"}]},{\"@type\":\"WebSite\",\"@id\":\"https:\/\/padrejosimo.com.br\/site\/#website\",\"url\":\"https:\/\/padrejosimo.com.br\/site\/\",\"name\":\"Instituto Cultural Padre Josimo\",\"description\":\"Comprometida com a promo\u00e7\u00e3o da justi\u00e7a social, agroecologia e educa\u00e7\u00e3o popular\",\"publisher\":{\"@id\":\"https:\/\/padrejosimo.com.br\/site\/#organization\"},\"alternateName\":\"ICPJ\",\"potentialAction\":[{\"@type\":\"SearchAction\",\"target\":{\"@type\":\"EntryPoint\",\"urlTemplate\":\"https:\/\/padrejosimo.com.br\/site\/?s={search_term_string}\"},\"query-input\":{\"@type\":\"PropertyValueSpecification\",\"valueRequired\":true,\"valueName\":\"search_term_string\"}}],\"inLanguage\":\"pt-BR\"},{\"@type\":\"Organization\",\"@id\":\"https:\/\/padrejosimo.com.br\/site\/#organization\",\"name\":\"Instituto Cultural Padre Josimo\",\"alternateName\":\"ICPJ\",\"url\":\"https:\/\/padrejosimo.com.br\/site\/\",\"logo\":{\"@type\":\"ImageObject\",\"inLanguage\":\"pt-BR\",\"@id\":\"https:\/\/padrejosimo.com.br\/site\/#\/schema\/logo\/image\/\",\"url\":\"https:\/\/padrejosimo.com.br\/site\/wp-content\/uploads\/2025\/09\/cropped-icon-icpj.png\",\"contentUrl\":\"https:\/\/padrejosimo.com.br\/site\/wp-content\/uploads\/2025\/09\/cropped-icon-icpj.png\",\"width\":512,\"height\":512,\"caption\":\"Instituto Cultural Padre Josimo\"},\"image\":{\"@id\":\"https:\/\/padrejosimo.com.br\/site\/#\/schema\/logo\/image\/\"}}]}<\/script>\n<!-- \/ Yoast SEO plugin. -->","yoast_head_json":{"title":"Revista de R\u00e1dio #135 conversa com diretor de r\u00e1dio comunit\u00e1ria sobre import\u00e2ncia da comunica\u00e7\u00e3o popular - Instituto Cultural Padre Josimo","robots":{"index":"index","follow":"follow","max-snippet":"max-snippet:-1","max-image-preview":"max-image-preview:large","max-video-preview":"max-video-preview:-1"},"canonical":"https:\/\/padrejosimo.com.br\/site\/revista_radio\/revista-de-radio-135-conversa-com-diretor-de-radio-comunitaria-sobre-importancia-da-comunicacao-popular\/","og_locale":"pt_BR","og_type":"article","og_title":"Revista de R\u00e1dio #135 conversa com diretor de r\u00e1dio comunit\u00e1ria sobre import\u00e2ncia da comunica\u00e7\u00e3o popular - Instituto Cultural Padre Josimo","og_description":"Nessa edi\u00e7\u00e3o, a conversa \u00e9 com Rudimar Barea, diretor da R\u00e1dio Comunit\u00e1ria Vida, de Cir\u00edaco (RS). Essa r\u00e1dio foi uma das primeiras transmitir nosso programa, l\u00e1 na Regi\u00e3o de Passo Fundo. O tema \u00e9 a Comunica\u00e7\u00e3o Comunit\u00e1ria, sua import\u00e2ncia para dar voz e vez \u00e0s pessoas das nossas comunidades.","og_url":"https:\/\/padrejosimo.com.br\/site\/revista_radio\/revista-de-radio-135-conversa-com-diretor-de-radio-comunitaria-sobre-importancia-da-comunicacao-popular\/","og_site_name":"Instituto Cultural Padre Josimo","og_image":[{"width":512,"height":512,"url":"https:\/\/padrejosimo.com.br\/site\/wp-content\/uploads\/2025\/09\/cropped-icon-icpj.png","type":"image\/png"}],"twitter_card":"summary_large_image","schema":{"@context":"https:\/\/schema.org","@graph":[{"@type":"WebPage","@id":"https:\/\/padrejosimo.com.br\/site\/revista_radio\/revista-de-radio-135-conversa-com-diretor-de-radio-comunitaria-sobre-importancia-da-comunicacao-popular\/","url":"https:\/\/padrejosimo.com.br\/site\/revista_radio\/revista-de-radio-135-conversa-com-diretor-de-radio-comunitaria-sobre-importancia-da-comunicacao-popular\/","name":"Revista de R\u00e1dio #135 conversa com diretor de r\u00e1dio comunit\u00e1ria sobre import\u00e2ncia da comunica\u00e7\u00e3o popular - Instituto Cultural Padre Josimo","isPartOf":{"@id":"https:\/\/padrejosimo.com.br\/site\/#website"},"datePublished":"2017-04-08T19:17:35+00:00","breadcrumb":{"@id":"https:\/\/padrejosimo.com.br\/site\/revista_radio\/revista-de-radio-135-conversa-com-diretor-de-radio-comunitaria-sobre-importancia-da-comunicacao-popular\/#breadcrumb"},"inLanguage":"pt-BR","potentialAction":[{"@type":"ReadAction","target":["https:\/\/padrejosimo.com.br\/site\/revista_radio\/revista-de-radio-135-conversa-com-diretor-de-radio-comunitaria-sobre-importancia-da-comunicacao-popular\/"]}]},{"@type":"BreadcrumbList","@id":"https:\/\/padrejosimo.com.br\/site\/revista_radio\/revista-de-radio-135-conversa-com-diretor-de-radio-comunitaria-sobre-importancia-da-comunicacao-popular\/#breadcrumb","itemListElement":[{"@type":"ListItem","position":1,"name":"In\u00edcio","item":"https:\/\/padrejosimo.com.br\/site\/"},{"@type":"ListItem","position":2,"name":"Revistas R\u00e1dio","item":"https:\/\/padrejosimo.com.br\/site\/revista-radio\/"},{"@type":"ListItem","position":3,"name":"Revista de R\u00e1dio #135 conversa com diretor de r\u00e1dio comunit\u00e1ria sobre import\u00e2ncia da comunica\u00e7\u00e3o popular"}]},{"@type":"WebSite","@id":"https:\/\/padrejosimo.com.br\/site\/#website","url":"https:\/\/padrejosimo.com.br\/site\/","name":"Instituto Cultural Padre Josimo","description":"Comprometida com a promo\u00e7\u00e3o da justi\u00e7a social, agroecologia e educa\u00e7\u00e3o popular","publisher":{"@id":"https:\/\/padrejosimo.com.br\/site\/#organization"},"alternateName":"ICPJ","potentialAction":[{"@type":"SearchAction","target":{"@type":"EntryPoint","urlTemplate":"https:\/\/padrejosimo.com.br\/site\/?s={search_term_string}"},"query-input":{"@type":"PropertyValueSpecification","valueRequired":true,"valueName":"search_term_string"}}],"inLanguage":"pt-BR"},{"@type":"Organization","@id":"https:\/\/padrejosimo.com.br\/site\/#organization","name":"Instituto Cultural Padre Josimo","alternateName":"ICPJ","url":"https:\/\/padrejosimo.com.br\/site\/","logo":{"@type":"ImageObject","inLanguage":"pt-BR","@id":"https:\/\/padrejosimo.com.br\/site\/#\/schema\/logo\/image\/","url":"https:\/\/padrejosimo.com.br\/site\/wp-content\/uploads\/2025\/09\/cropped-icon-icpj.png","contentUrl":"https:\/\/padrejosimo.com.br\/site\/wp-content\/uploads\/2025\/09\/cropped-icon-icpj.png","width":512,"height":512,"caption":"Instituto Cultural Padre Josimo"},"image":{"@id":"https:\/\/padrejosimo.com.br\/site\/#\/schema\/logo\/image\/"}}]}},"_links":{"self":[{"href":"https:\/\/padrejosimo.com.br\/site\/wp-json\/wp\/v2\/revista_radio\/62","targetHints":{"allow":["GET"]}}],"collection":[{"href":"https:\/\/padrejosimo.com.br\/site\/wp-json\/wp\/v2\/revista_radio"}],"about":[{"href":"https:\/\/padrejosimo.com.br\/site\/wp-json\/wp\/v2\/types\/revista_radio"}],"wp:attachment":[{"href":"https:\/\/padrejosimo.com.br\/site\/wp-json\/wp\/v2\/media?parent=62"}],"curies":[{"name":"wp","href":"https:\/\/api.w.org\/{rel}","templated":true}]}}

Revista de Rádio #135 conversa com diretor de rádio comunitária sobre importância da comunicação popular

<p>Nessa edição, a conversa é com Rudimar Barea, diretor da Rádio Comunitária Vida, de Ciríaco (RS). Essa rádio foi uma das primeiras transmitir nosso programa, lá na Região de Passo Fundo. O tema é a Comunicação Comunitária, sua importância para dar voz e vez às pessoas das nossas comunidades.</p>

<!-- This site is optimized with the Yoast SEO plugin v27.2 - https://yoast.com/product/yoast-seo-wordpress/ -->
<title>Revista de Rádio #135 conversa com diretor de rádio comunitária sobre importância da comunicação popular - Instituto Cultural Padre Josimo</title>
<meta name="robots" content="index, follow, max-snippet:-1, max-image-preview:large, max-video-preview:-1" />
<link rel="canonical" href="https://padrejosimo.com.br/site/revista_radio/revista-de-radio-135-conversa-com-diretor-de-radio-comunitaria-sobre-importancia-da-comunicacao-popular/" />
<meta property="og:locale" content="pt_BR" />
<meta property="og:type" content="article" />
<meta property="og:title" content="Revista de Rádio #135 conversa com diretor de rádio comunitária sobre importância da comunicação popular - Instituto Cultural Padre Josimo" />
<meta property="og:description" content="Nessa edição, a conversa é com Rudimar Barea, diretor da Rádio Comunitária Vida, de Ciríaco (RS). Essa rádio foi uma das primeiras transmitir nosso programa, lá na Região de Passo Fundo. O tema é a Comunicação Comunitária, sua importância para dar voz e vez às pessoas das nossas comunidades." />
<meta property="og:url" content="https://padrejosimo.com.br/site/revista_radio/revista-de-radio-135-conversa-com-diretor-de-radio-comunitaria-sobre-importancia-da-comunicacao-popular/" />
<meta property="og:site_name" content="Instituto Cultural Padre Josimo" />
<meta property="og:image" content="https://padrejosimo.com.br/site/wp-content/uploads/2025/09/cropped-icon-icpj.png" />
	<meta property="og:image:width" content="512" />
	<meta property="og:image:height" content="512" />
	<meta property="og:image:type" content="image/png" />
<meta name="twitter:card" content="summary_large_image" />
<script type="application/ld+json" class="yoast-schema-graph">{"@context":"https://schema.org","@graph":[{"@type":"WebPage","@id":"https://padrejosimo.com.br/site/revista_radio/revista-de-radio-135-conversa-com-diretor-de-radio-comunitaria-sobre-importancia-da-comunicacao-popular/","url":"https://padrejosimo.com.br/site/revista_radio/revista-de-radio-135-conversa-com-diretor-de-radio-comunitaria-sobre-importancia-da-comunicacao-popular/","name":"Revista de Rádio #135 conversa com diretor de rádio comunitária sobre importância da comunicação popular - Instituto Cultural Padre Josimo","isPartOf":{"@id":"https://padrejosimo.com.br/site/#website"},"datePublished":"2017-04-08T19:17:35+00:00","breadcrumb":{"@id":"https://padrejosimo.com.br/site/revista_radio/revista-de-radio-135-conversa-com-diretor-de-radio-comunitaria-sobre-importancia-da-comunicacao-popular/#breadcrumb"},"inLanguage":"pt-BR","potentialAction":[{"@type":"ReadAction","target":["https://padrejosimo.com.br/site/revista_radio/revista-de-radio-135-conversa-com-diretor-de-radio-comunitaria-sobre-importancia-da-comunicacao-popular/"]}]},{"@type":"BreadcrumbList","@id":"https://padrejosimo.com.br/site/revista_radio/revista-de-radio-135-conversa-com-diretor-de-radio-comunitaria-sobre-importancia-da-comunicacao-popular/#breadcrumb","itemListElement":[{"@type":"ListItem","position":1,"name":"Início","item":"https://padrejosimo.com.br/site/"},{"@type":"ListItem","position":2,"name":"Revistas Rádio","item":"https://padrejosimo.com.br/site/revista-radio/"},{"@type":"ListItem","position":3,"name":"Revista de Rádio #135 conversa com diretor de rádio comunitária sobre importância da comunicação popular"}]},{"@type":"WebSite","@id":"https://padrejosimo.com.br/site/#website","url":"https://padrejosimo.com.br/site/","name":"Instituto Cultural Padre Josimo","description":"Comprometida com a promoção da justiça social, agroecologia e educação popular","publisher":{"@id":"https://padrejosimo.com.br/site/#organization"},"alternateName":"ICPJ","potentialAction":[{"@type":"SearchAction","target":{"@type":"EntryPoint","urlTemplate":"https://padrejosimo.com.br/site/?s={search_term_string}"},"query-input":{"@type":"PropertyValueSpecification","valueRequired":true,"valueName":"search_term_string"}}],"inLanguage":"pt-BR"},{"@type":"Organization","@id":"https://padrejosimo.com.br/site/#organization","name":"Instituto Cultural Padre Josimo","alternateName":"ICPJ","url":"https://padrejosimo.com.br/site/","logo":{"@type":"ImageObject","inLanguage":"pt-BR","@id":"https://padrejosimo.com.br/site/#/schema/logo/image/","url":"https://padrejosimo.com.br/site/wp-content/uploads/2025/09/cropped-icon-icpj.png","contentUrl":"https://padrejosimo.com.br/site/wp-content/uploads/2025/09/cropped-icon-icpj.png","width":512,"height":512,"caption":"Instituto Cultural Padre Josimo"},"image":{"@id":"https://padrejosimo.com.br/site/#/schema/logo/image/"}}]}</script>
<!-- / Yoast SEO plugin. -->

Revista de Rádio #135 conversa com diretor de rádio comunitária sobre importância da comunicação popular - Instituto Cultural Padre Josimo

Nessa edição, a conversa é com Rudimar Barea, diretor da Rádio Comunitária Vida, de Ciríaco (RS). Essa rádio foi uma das primeiras transmitir nosso programa, lá na Região de Passo Fundo. O tema é a Comunicação Comunitária, sua importância para dar voz e vez às pessoas das nossas comunidades.

Início

Revistas Rádio

Comprometida com a promoção da justiça social, agroecologia e educação popular
