{"id":61,"date":"2017-04-08T16:16:39","date_gmt":"2017-04-08T19:16:39","guid":{"rendered":"http:\/\/bagual.com.br\/site\/?post_type=revista_radio&#038;p=61"},"modified":"2017-04-08T16:16:39","modified_gmt":"2017-04-08T19:16:39","slug":"revista-de-radio-134-conversa-com-mulheres-filhas-da-mae-terra-sobre-o-seu-dia","status":"publish","type":"revista_radio","link":"https:\/\/padrejosimo.com.br\/site\/revista_radio\/revista-de-radio-134-conversa-com-mulheres-filhas-da-mae-terra-sobre-o-seu-dia\/","title":{"rendered":"Revista de R\u00e1dio #134 conversa com Mulheres Filhas da M\u00e3e Terra sobre o seu dia"},"content":{"rendered":"<p>Nessa edi\u00e7\u00e3o, o tema de destaque \u00e9 o Dia Internacional das Mulheres. O programa recebe tr\u00eas mulheres pertencentes ao Grupo de Mulheres Filhas da M\u00e3e Terra, ligado ao Movimento das Mulheres Camponesas: Jurema Justo, Rosemeri Carlos Becker e Martinha Benck Becker. Elas moram e trabalham na localidade de Morro Azul, munic\u00edpio de Tr\u00eas Cachoeiras, Diocese de Os\u00f3rio (RS). Com esta entrevista o Revista de R\u00e1dio homenageia as mulheres pela passagem do dia 8 de Mar\u00e7o. <\/p>\n<p>O programa traz ainda, \u00e9 claro, o resumo das not\u00edcias mais comentadas na semana no Brasil e tamb\u00e9m a m\u00fasica &#8220;Amiga&#8221;, de Guto Wirtti, na voz de Clary Costa.<\/p>\n","protected":false},"featured_media":0,"template":"","class_list":["post-61","revista_radio","type-revista_radio","status-publish","hentry"],"acf":[],"yoast_head":"<!-- This site is optimized with the Yoast SEO plugin v27.2 - https:\/\/yoast.com\/product\/yoast-seo-wordpress\/ -->\n<title>Revista de R\u00e1dio #134 conversa com Mulheres Filhas da M\u00e3e Terra sobre o seu dia - Instituto Cultural Padre Josimo<\/title>\n<meta name=\"robots\" content=\"index, follow, max-snippet:-1, max-image-preview:large, max-video-preview:-1\" \/>\n<link rel=\"canonical\" href=\"https:\/\/padrejosimo.com.br\/site\/revista_radio\/revista-de-radio-134-conversa-com-mulheres-filhas-da-mae-terra-sobre-o-seu-dia\/\" \/>\n<meta property=\"og:locale\" content=\"pt_BR\" \/>\n<meta property=\"og:type\" content=\"article\" \/>\n<meta property=\"og:title\" content=\"Revista de R\u00e1dio #134 conversa com Mulheres Filhas da M\u00e3e Terra sobre o seu dia - Instituto Cultural Padre Josimo\" \/>\n<meta property=\"og:description\" content=\"Nessa edi\u00e7\u00e3o, o tema de destaque \u00e9 o Dia Internacional das Mulheres. O programa recebe tr\u00eas mulheres pertencentes ao Grupo de Mulheres Filhas da M\u00e3e Terra, ligado ao Movimento das Mulheres Camponesas: Jurema Justo, Rosemeri Carlos Becker e Martinha Benck Becker. Elas moram e trabalham na localidade de Morro Azul, munic\u00edpio de Tr\u00eas Cachoeiras, Diocese [&hellip;]\" \/>\n<meta property=\"og:url\" content=\"https:\/\/padrejosimo.com.br\/site\/revista_radio\/revista-de-radio-134-conversa-com-mulheres-filhas-da-mae-terra-sobre-o-seu-dia\/\" \/>\n<meta property=\"og:site_name\" content=\"Instituto Cultural Padre Josimo\" \/>\n<meta property=\"og:image\" content=\"https:\/\/padrejosimo.com.br\/site\/wp-content\/uploads\/2025\/09\/cropped-icon-icpj.png\" \/>\n\t<meta property=\"og:image:width\" content=\"512\" \/>\n\t<meta property=\"og:image:height\" content=\"512\" \/>\n\t<meta property=\"og:image:type\" content=\"image\/png\" \/>\n<meta name=\"twitter:card\" content=\"summary_large_image\" \/>\n<meta name=\"twitter:label1\" content=\"Est. tempo de leitura\" \/>\n\t<meta name=\"twitter:data1\" content=\"1 minuto\" \/>\n<script type=\"application\/ld+json\" class=\"yoast-schema-graph\">{\"@context\":\"https:\/\/schema.org\",\"@graph\":[{\"@type\":\"WebPage\",\"@id\":\"https:\/\/padrejosimo.com.br\/site\/revista_radio\/revista-de-radio-134-conversa-com-mulheres-filhas-da-mae-terra-sobre-o-seu-dia\/\",\"url\":\"https:\/\/padrejosimo.com.br\/site\/revista_radio\/revista-de-radio-134-conversa-com-mulheres-filhas-da-mae-terra-sobre-o-seu-dia\/\",\"name\":\"Revista de R\u00e1dio #134 conversa com Mulheres Filhas da M\u00e3e Terra sobre o seu dia - Instituto Cultural Padre Josimo\",\"isPartOf\":{\"@id\":\"https:\/\/padrejosimo.com.br\/site\/#website\"},\"datePublished\":\"2017-04-08T19:16:39+00:00\",\"breadcrumb\":{\"@id\":\"https:\/\/padrejosimo.com.br\/site\/revista_radio\/revista-de-radio-134-conversa-com-mulheres-filhas-da-mae-terra-sobre-o-seu-dia\/#breadcrumb\"},\"inLanguage\":\"pt-BR\",\"potentialAction\":[{\"@type\":\"ReadAction\",\"target\":[\"https:\/\/padrejosimo.com.br\/site\/revista_radio\/revista-de-radio-134-conversa-com-mulheres-filhas-da-mae-terra-sobre-o-seu-dia\/\"]}]},{\"@type\":\"BreadcrumbList\",\"@id\":\"https:\/\/padrejosimo.com.br\/site\/revista_radio\/revista-de-radio-134-conversa-com-mulheres-filhas-da-mae-terra-sobre-o-seu-dia\/#breadcrumb\",\"itemListElement\":[{\"@type\":\"ListItem\",\"position\":1,\"name\":\"In\u00edcio\",\"item\":\"https:\/\/padrejosimo.com.br\/site\/\"},{\"@type\":\"ListItem\",\"position\":2,\"name\":\"Revistas R\u00e1dio\",\"item\":\"https:\/\/padrejosimo.com.br\/site\/revista-radio\/\"},{\"@type\":\"ListItem\",\"position\":3,\"name\":\"Revista de R\u00e1dio #134 conversa com Mulheres Filhas da M\u00e3e Terra sobre o seu dia\"}]},{\"@type\":\"WebSite\",\"@id\":\"https:\/\/padrejosimo.com.br\/site\/#website\",\"url\":\"https:\/\/padrejosimo.com.br\/site\/\",\"name\":\"Instituto Cultural Padre Josimo\",\"description\":\"Comprometida com a promo\u00e7\u00e3o da justi\u00e7a social, agroecologia e educa\u00e7\u00e3o popular\",\"publisher\":{\"@id\":\"https:\/\/padrejosimo.com.br\/site\/#organization\"},\"alternateName\":\"ICPJ\",\"potentialAction\":[{\"@type\":\"SearchAction\",\"target\":{\"@type\":\"EntryPoint\",\"urlTemplate\":\"https:\/\/padrejosimo.com.br\/site\/?s={search_term_string}\"},\"query-input\":{\"@type\":\"PropertyValueSpecification\",\"valueRequired\":true,\"valueName\":\"search_term_string\"}}],\"inLanguage\":\"pt-BR\"},{\"@type\":\"Organization\",\"@id\":\"https:\/\/padrejosimo.com.br\/site\/#organization\",\"name\":\"Instituto Cultural Padre Josimo\",\"alternateName\":\"ICPJ\",\"url\":\"https:\/\/padrejosimo.com.br\/site\/\",\"logo\":{\"@type\":\"ImageObject\",\"inLanguage\":\"pt-BR\",\"@id\":\"https:\/\/padrejosimo.com.br\/site\/#\/schema\/logo\/image\/\",\"url\":\"https:\/\/padrejosimo.com.br\/site\/wp-content\/uploads\/2025\/09\/cropped-icon-icpj.png\",\"contentUrl\":\"https:\/\/padrejosimo.com.br\/site\/wp-content\/uploads\/2025\/09\/cropped-icon-icpj.png\",\"width\":512,\"height\":512,\"caption\":\"Instituto Cultural Padre Josimo\"},\"image\":{\"@id\":\"https:\/\/padrejosimo.com.br\/site\/#\/schema\/logo\/image\/\"}}]}<\/script>\n<!-- \/ Yoast SEO plugin. -->","yoast_head_json":{"title":"Revista de R\u00e1dio #134 conversa com Mulheres Filhas da M\u00e3e Terra sobre o seu dia - Instituto Cultural Padre Josimo","robots":{"index":"index","follow":"follow","max-snippet":"max-snippet:-1","max-image-preview":"max-image-preview:large","max-video-preview":"max-video-preview:-1"},"canonical":"https:\/\/padrejosimo.com.br\/site\/revista_radio\/revista-de-radio-134-conversa-com-mulheres-filhas-da-mae-terra-sobre-o-seu-dia\/","og_locale":"pt_BR","og_type":"article","og_title":"Revista de R\u00e1dio #134 conversa com Mulheres Filhas da M\u00e3e Terra sobre o seu dia - Instituto Cultural Padre Josimo","og_description":"Nessa edi\u00e7\u00e3o, o tema de destaque \u00e9 o Dia Internacional das Mulheres. O programa recebe tr\u00eas mulheres pertencentes ao Grupo de Mulheres Filhas da M\u00e3e Terra, ligado ao Movimento das Mulheres Camponesas: Jurema Justo, Rosemeri Carlos Becker e Martinha Benck Becker. Elas moram e trabalham na localidade de Morro Azul, munic\u00edpio de Tr\u00eas Cachoeiras, Diocese [&hellip;]","og_url":"https:\/\/padrejosimo.com.br\/site\/revista_radio\/revista-de-radio-134-conversa-com-mulheres-filhas-da-mae-terra-sobre-o-seu-dia\/","og_site_name":"Instituto Cultural Padre Josimo","og_image":[{"width":512,"height":512,"url":"https:\/\/padrejosimo.com.br\/site\/wp-content\/uploads\/2025\/09\/cropped-icon-icpj.png","type":"image\/png"}],"twitter_card":"summary_large_image","twitter_misc":{"Est. tempo de leitura":"1 minuto"},"schema":{"@context":"https:\/\/schema.org","@graph":[{"@type":"WebPage","@id":"https:\/\/padrejosimo.com.br\/site\/revista_radio\/revista-de-radio-134-conversa-com-mulheres-filhas-da-mae-terra-sobre-o-seu-dia\/","url":"https:\/\/padrejosimo.com.br\/site\/revista_radio\/revista-de-radio-134-conversa-com-mulheres-filhas-da-mae-terra-sobre-o-seu-dia\/","name":"Revista de R\u00e1dio #134 conversa com Mulheres Filhas da M\u00e3e Terra sobre o seu dia - Instituto Cultural Padre Josimo","isPartOf":{"@id":"https:\/\/padrejosimo.com.br\/site\/#website"},"datePublished":"2017-04-08T19:16:39+00:00","breadcrumb":{"@id":"https:\/\/padrejosimo.com.br\/site\/revista_radio\/revista-de-radio-134-conversa-com-mulheres-filhas-da-mae-terra-sobre-o-seu-dia\/#breadcrumb"},"inLanguage":"pt-BR","potentialAction":[{"@type":"ReadAction","target":["https:\/\/padrejosimo.com.br\/site\/revista_radio\/revista-de-radio-134-conversa-com-mulheres-filhas-da-mae-terra-sobre-o-seu-dia\/"]}]},{"@type":"BreadcrumbList","@id":"https:\/\/padrejosimo.com.br\/site\/revista_radio\/revista-de-radio-134-conversa-com-mulheres-filhas-da-mae-terra-sobre-o-seu-dia\/#breadcrumb","itemListElement":[{"@type":"ListItem","position":1,"name":"In\u00edcio","item":"https:\/\/padrejosimo.com.br\/site\/"},{"@type":"ListItem","position":2,"name":"Revistas R\u00e1dio","item":"https:\/\/padrejosimo.com.br\/site\/revista-radio\/"},{"@type":"ListItem","position":3,"name":"Revista de R\u00e1dio #134 conversa com Mulheres Filhas da M\u00e3e Terra sobre o seu dia"}]},{"@type":"WebSite","@id":"https:\/\/padrejosimo.com.br\/site\/#website","url":"https:\/\/padrejosimo.com.br\/site\/","name":"Instituto Cultural Padre Josimo","description":"Comprometida com a promo\u00e7\u00e3o da justi\u00e7a social, agroecologia e educa\u00e7\u00e3o popular","publisher":{"@id":"https:\/\/padrejosimo.com.br\/site\/#organization"},"alternateName":"ICPJ","potentialAction":[{"@type":"SearchAction","target":{"@type":"EntryPoint","urlTemplate":"https:\/\/padrejosimo.com.br\/site\/?s={search_term_string}"},"query-input":{"@type":"PropertyValueSpecification","valueRequired":true,"valueName":"search_term_string"}}],"inLanguage":"pt-BR"},{"@type":"Organization","@id":"https:\/\/padrejosimo.com.br\/site\/#organization","name":"Instituto Cultural Padre Josimo","alternateName":"ICPJ","url":"https:\/\/padrejosimo.com.br\/site\/","logo":{"@type":"ImageObject","inLanguage":"pt-BR","@id":"https:\/\/padrejosimo.com.br\/site\/#\/schema\/logo\/image\/","url":"https:\/\/padrejosimo.com.br\/site\/wp-content\/uploads\/2025\/09\/cropped-icon-icpj.png","contentUrl":"https:\/\/padrejosimo.com.br\/site\/wp-content\/uploads\/2025\/09\/cropped-icon-icpj.png","width":512,"height":512,"caption":"Instituto Cultural Padre Josimo"},"image":{"@id":"https:\/\/padrejosimo.com.br\/site\/#\/schema\/logo\/image\/"}}]}},"_links":{"self":[{"href":"https:\/\/padrejosimo.com.br\/site\/wp-json\/wp\/v2\/revista_radio\/61","targetHints":{"allow":["GET"]}}],"collection":[{"href":"https:\/\/padrejosimo.com.br\/site\/wp-json\/wp\/v2\/revista_radio"}],"about":[{"href":"https:\/\/padrejosimo.com.br\/site\/wp-json\/wp\/v2\/types\/revista_radio"}],"wp:attachment":[{"href":"https:\/\/padrejosimo.com.br\/site\/wp-json\/wp\/v2\/media?parent=61"}],"curies":[{"name":"wp","href":"https:\/\/api.w.org\/{rel}","templated":true}]}}

Revista de Rádio #134 conversa com Mulheres Filhas da Mãe Terra sobre o seu dia

<p>Nessa edição, o tema de destaque é o Dia Internacional das Mulheres. O programa recebe três mulheres pertencentes ao Grupo de Mulheres Filhas da Mãe Terra, ligado ao Movimento das Mulheres Camponesas: Jurema Justo, Rosemeri Carlos Becker e Martinha Benck Becker. Elas moram e trabalham na localidade de Morro Azul, município de Três Cachoeiras, Diocese de Osório (RS). Com esta entrevista o Revista de Rádio homenageia as mulheres pela passagem do dia 8 de Março. </p>
<p>O programa traz ainda, é claro, o resumo das notícias mais comentadas na semana no Brasil e também a música &#8220;Amiga&#8221;, de Guto Wirtti, na voz de Clary Costa.</p>

<!-- This site is optimized with the Yoast SEO plugin v27.2 - https://yoast.com/product/yoast-seo-wordpress/ -->
<title>Revista de Rádio #134 conversa com Mulheres Filhas da Mãe Terra sobre o seu dia - Instituto Cultural Padre Josimo</title>
<meta name="robots" content="index, follow, max-snippet:-1, max-image-preview:large, max-video-preview:-1" />
<link rel="canonical" href="https://padrejosimo.com.br/site/revista_radio/revista-de-radio-134-conversa-com-mulheres-filhas-da-mae-terra-sobre-o-seu-dia/" />
<meta property="og:locale" content="pt_BR" />
<meta property="og:type" content="article" />
<meta property="og:title" content="Revista de Rádio #134 conversa com Mulheres Filhas da Mãe Terra sobre o seu dia - Instituto Cultural Padre Josimo" />
<meta property="og:description" content="Nessa edição, o tema de destaque é o Dia Internacional das Mulheres. O programa recebe três mulheres pertencentes ao Grupo de Mulheres Filhas da Mãe Terra, ligado ao Movimento das Mulheres Camponesas: Jurema Justo, Rosemeri Carlos Becker e Martinha Benck Becker. Elas moram e trabalham na localidade de Morro Azul, município de Três Cachoeiras, Diocese [&hellip;]" />
<meta property="og:url" content="https://padrejosimo.com.br/site/revista_radio/revista-de-radio-134-conversa-com-mulheres-filhas-da-mae-terra-sobre-o-seu-dia/" />
<meta property="og:site_name" content="Instituto Cultural Padre Josimo" />
<meta property="og:image" content="https://padrejosimo.com.br/site/wp-content/uploads/2025/09/cropped-icon-icpj.png" />
	<meta property="og:image:width" content="512" />
	<meta property="og:image:height" content="512" />
	<meta property="og:image:type" content="image/png" />
<meta name="twitter:card" content="summary_large_image" />
<meta name="twitter:label1" content="Est. tempo de leitura" />
	<meta name="twitter:data1" content="1 minuto" />
<script type="application/ld+json" class="yoast-schema-graph">{"@context":"https://schema.org","@graph":[{"@type":"WebPage","@id":"https://padrejosimo.com.br/site/revista_radio/revista-de-radio-134-conversa-com-mulheres-filhas-da-mae-terra-sobre-o-seu-dia/","url":"https://padrejosimo.com.br/site/revista_radio/revista-de-radio-134-conversa-com-mulheres-filhas-da-mae-terra-sobre-o-seu-dia/","name":"Revista de Rádio #134 conversa com Mulheres Filhas da Mãe Terra sobre o seu dia - Instituto Cultural Padre Josimo","isPartOf":{"@id":"https://padrejosimo.com.br/site/#website"},"datePublished":"2017-04-08T19:16:39+00:00","breadcrumb":{"@id":"https://padrejosimo.com.br/site/revista_radio/revista-de-radio-134-conversa-com-mulheres-filhas-da-mae-terra-sobre-o-seu-dia/#breadcrumb"},"inLanguage":"pt-BR","potentialAction":[{"@type":"ReadAction","target":["https://padrejosimo.com.br/site/revista_radio/revista-de-radio-134-conversa-com-mulheres-filhas-da-mae-terra-sobre-o-seu-dia/"]}]},{"@type":"BreadcrumbList","@id":"https://padrejosimo.com.br/site/revista_radio/revista-de-radio-134-conversa-com-mulheres-filhas-da-mae-terra-sobre-o-seu-dia/#breadcrumb","itemListElement":[{"@type":"ListItem","position":1,"name":"Início","item":"https://padrejosimo.com.br/site/"},{"@type":"ListItem","position":2,"name":"Revistas Rádio","item":"https://padrejosimo.com.br/site/revista-radio/"},{"@type":"ListItem","position":3,"name":"Revista de Rádio #134 conversa com Mulheres Filhas da Mãe Terra sobre o seu dia"}]},{"@type":"WebSite","@id":"https://padrejosimo.com.br/site/#website","url":"https://padrejosimo.com.br/site/","name":"Instituto Cultural Padre Josimo","description":"Comprometida com a promoção da justiça social, agroecologia e educação popular","publisher":{"@id":"https://padrejosimo.com.br/site/#organization"},"alternateName":"ICPJ","potentialAction":[{"@type":"SearchAction","target":{"@type":"EntryPoint","urlTemplate":"https://padrejosimo.com.br/site/?s={search_term_string}"},"query-input":{"@type":"PropertyValueSpecification","valueRequired":true,"valueName":"search_term_string"}}],"inLanguage":"pt-BR"},{"@type":"Organization","@id":"https://padrejosimo.com.br/site/#organization","name":"Instituto Cultural Padre Josimo","alternateName":"ICPJ","url":"https://padrejosimo.com.br/site/","logo":{"@type":"ImageObject","inLanguage":"pt-BR","@id":"https://padrejosimo.com.br/site/#/schema/logo/image/","url":"https://padrejosimo.com.br/site/wp-content/uploads/2025/09/cropped-icon-icpj.png","contentUrl":"https://padrejosimo.com.br/site/wp-content/uploads/2025/09/cropped-icon-icpj.png","width":512,"height":512,"caption":"Instituto Cultural Padre Josimo"},"image":{"@id":"https://padrejosimo.com.br/site/#/schema/logo/image/"}}]}</script>
<!-- / Yoast SEO plugin. -->

Revista de Rádio #134 conversa com Mulheres Filhas da Mãe Terra sobre o seu dia - Instituto Cultural Padre Josimo

Nessa edição, o tema de destaque é o Dia Internacional das Mulheres. O programa recebe três mulheres pertencentes ao Grupo de Mulheres Filhas da Mãe Terra, ligado ao Movimento das Mulheres Camponesas: Jurema Justo, Rosemeri Carlos Becker e Martinha Benck Becker. Elas moram e trabalham na localidade de Morro Azul, município de Três Cachoeiras, Diocese [&hellip;]

Início

Revistas Rádio

Comprometida com a promoção da justiça social, agroecologia e educação popular
