{"id":59,"date":"2017-04-08T16:14:46","date_gmt":"2017-04-08T19:14:46","guid":{"rendered":"http:\/\/bagual.com.br\/site\/?post_type=revista_radio&#038;p=59"},"modified":"2017-04-08T16:14:46","modified_gmt":"2017-04-08T19:14:46","slug":"revista-de-radio-132-fala-de-cooperativismo-como-alternativa-economica-para-trabalhadores","status":"publish","type":"revista_radio","link":"https:\/\/padrejosimo.com.br\/site\/revista_radio\/revista-de-radio-132-fala-de-cooperativismo-como-alternativa-economica-para-trabalhadores\/","title":{"rendered":"Revista de R\u00e1dio #132 fala de cooperativismo como alternativa econ\u00f4mica para trabalhadores"},"content":{"rendered":"<p>Nesta 132\u00aa edi\u00e7\u00e3o, a conversa \u00e9 com Emerson Capelesso, assentado da Reforma Agr\u00e1ria, membro de cooperativas e estudante de Gest\u00e3o Cooperativa, de Hulha Negra (RS). O tema tratado \u00e9 assunto esquecido pelos grandes meios de comunica\u00e7\u00e3o, o cooperativismo. Cooperativismo que n\u00e3o \u00e9 valorizado no mundo capitalista\/liberal, em que se incentiva o individualismo e a competi\u00e7\u00e3o. O programa d\u00e1 destaque para algumas experi\u00eancias de Cooperativas bem sucedidas no meio rural, especialmente nos Assentamentos da Reforma Agr\u00e1ria na Regi\u00e3o da Campanha, aqui no RS.<\/p>\n","protected":false},"featured_media":0,"template":"","class_list":["post-59","revista_radio","type-revista_radio","status-publish","hentry"],"acf":[],"yoast_head":"<!-- This site is optimized with the Yoast SEO plugin v27.2 - https:\/\/yoast.com\/product\/yoast-seo-wordpress\/ -->\n<title>Revista de R\u00e1dio #132 fala de cooperativismo como alternativa econ\u00f4mica para trabalhadores - Instituto Cultural Padre Josimo<\/title>\n<meta name=\"robots\" content=\"index, follow, max-snippet:-1, max-image-preview:large, max-video-preview:-1\" \/>\n<link rel=\"canonical\" href=\"https:\/\/padrejosimo.com.br\/site\/revista_radio\/revista-de-radio-132-fala-de-cooperativismo-como-alternativa-economica-para-trabalhadores\/\" \/>\n<meta property=\"og:locale\" content=\"pt_BR\" \/>\n<meta property=\"og:type\" content=\"article\" \/>\n<meta property=\"og:title\" content=\"Revista de R\u00e1dio #132 fala de cooperativismo como alternativa econ\u00f4mica para trabalhadores - Instituto Cultural Padre Josimo\" \/>\n<meta property=\"og:description\" content=\"Nesta 132\u00aa edi\u00e7\u00e3o, a conversa \u00e9 com Emerson Capelesso, assentado da Reforma Agr\u00e1ria, membro de cooperativas e estudante de Gest\u00e3o Cooperativa, de Hulha Negra (RS). O tema tratado \u00e9 assunto esquecido pelos grandes meios de comunica\u00e7\u00e3o, o cooperativismo. Cooperativismo que n\u00e3o \u00e9 valorizado no mundo capitalista\/liberal, em que se incentiva o individualismo e a competi\u00e7\u00e3o. [&hellip;]\" \/>\n<meta property=\"og:url\" content=\"https:\/\/padrejosimo.com.br\/site\/revista_radio\/revista-de-radio-132-fala-de-cooperativismo-como-alternativa-economica-para-trabalhadores\/\" \/>\n<meta property=\"og:site_name\" content=\"Instituto Cultural Padre Josimo\" \/>\n<meta property=\"og:image\" content=\"https:\/\/padrejosimo.com.br\/site\/wp-content\/uploads\/2025\/09\/cropped-icon-icpj.png\" \/>\n\t<meta property=\"og:image:width\" content=\"512\" \/>\n\t<meta property=\"og:image:height\" content=\"512\" \/>\n\t<meta property=\"og:image:type\" content=\"image\/png\" \/>\n<meta name=\"twitter:card\" content=\"summary_large_image\" \/>\n<script type=\"application\/ld+json\" class=\"yoast-schema-graph\">{\"@context\":\"https:\/\/schema.org\",\"@graph\":[{\"@type\":\"WebPage\",\"@id\":\"https:\/\/padrejosimo.com.br\/site\/revista_radio\/revista-de-radio-132-fala-de-cooperativismo-como-alternativa-economica-para-trabalhadores\/\",\"url\":\"https:\/\/padrejosimo.com.br\/site\/revista_radio\/revista-de-radio-132-fala-de-cooperativismo-como-alternativa-economica-para-trabalhadores\/\",\"name\":\"Revista de R\u00e1dio #132 fala de cooperativismo como alternativa econ\u00f4mica para trabalhadores - Instituto Cultural Padre Josimo\",\"isPartOf\":{\"@id\":\"https:\/\/padrejosimo.com.br\/site\/#website\"},\"datePublished\":\"2017-04-08T19:14:46+00:00\",\"breadcrumb\":{\"@id\":\"https:\/\/padrejosimo.com.br\/site\/revista_radio\/revista-de-radio-132-fala-de-cooperativismo-como-alternativa-economica-para-trabalhadores\/#breadcrumb\"},\"inLanguage\":\"pt-BR\",\"potentialAction\":[{\"@type\":\"ReadAction\",\"target\":[\"https:\/\/padrejosimo.com.br\/site\/revista_radio\/revista-de-radio-132-fala-de-cooperativismo-como-alternativa-economica-para-trabalhadores\/\"]}]},{\"@type\":\"BreadcrumbList\",\"@id\":\"https:\/\/padrejosimo.com.br\/site\/revista_radio\/revista-de-radio-132-fala-de-cooperativismo-como-alternativa-economica-para-trabalhadores\/#breadcrumb\",\"itemListElement\":[{\"@type\":\"ListItem\",\"position\":1,\"name\":\"In\u00edcio\",\"item\":\"https:\/\/padrejosimo.com.br\/site\/\"},{\"@type\":\"ListItem\",\"position\":2,\"name\":\"Revistas R\u00e1dio\",\"item\":\"https:\/\/padrejosimo.com.br\/site\/revista-radio\/\"},{\"@type\":\"ListItem\",\"position\":3,\"name\":\"Revista de R\u00e1dio #132 fala de cooperativismo como alternativa econ\u00f4mica para trabalhadores\"}]},{\"@type\":\"WebSite\",\"@id\":\"https:\/\/padrejosimo.com.br\/site\/#website\",\"url\":\"https:\/\/padrejosimo.com.br\/site\/\",\"name\":\"Instituto Cultural Padre Josimo\",\"description\":\"Comprometida com a promo\u00e7\u00e3o da justi\u00e7a social, agroecologia e educa\u00e7\u00e3o popular\",\"publisher\":{\"@id\":\"https:\/\/padrejosimo.com.br\/site\/#organization\"},\"alternateName\":\"ICPJ\",\"potentialAction\":[{\"@type\":\"SearchAction\",\"target\":{\"@type\":\"EntryPoint\",\"urlTemplate\":\"https:\/\/padrejosimo.com.br\/site\/?s={search_term_string}\"},\"query-input\":{\"@type\":\"PropertyValueSpecification\",\"valueRequired\":true,\"valueName\":\"search_term_string\"}}],\"inLanguage\":\"pt-BR\"},{\"@type\":\"Organization\",\"@id\":\"https:\/\/padrejosimo.com.br\/site\/#organization\",\"name\":\"Instituto Cultural Padre Josimo\",\"alternateName\":\"ICPJ\",\"url\":\"https:\/\/padrejosimo.com.br\/site\/\",\"logo\":{\"@type\":\"ImageObject\",\"inLanguage\":\"pt-BR\",\"@id\":\"https:\/\/padrejosimo.com.br\/site\/#\/schema\/logo\/image\/\",\"url\":\"https:\/\/padrejosimo.com.br\/site\/wp-content\/uploads\/2025\/09\/cropped-icon-icpj.png\",\"contentUrl\":\"https:\/\/padrejosimo.com.br\/site\/wp-content\/uploads\/2025\/09\/cropped-icon-icpj.png\",\"width\":512,\"height\":512,\"caption\":\"Instituto Cultural Padre Josimo\"},\"image\":{\"@id\":\"https:\/\/padrejosimo.com.br\/site\/#\/schema\/logo\/image\/\"}}]}<\/script>\n<!-- \/ Yoast SEO plugin. -->","yoast_head_json":{"title":"Revista de R\u00e1dio #132 fala de cooperativismo como alternativa econ\u00f4mica para trabalhadores - Instituto Cultural Padre Josimo","robots":{"index":"index","follow":"follow","max-snippet":"max-snippet:-1","max-image-preview":"max-image-preview:large","max-video-preview":"max-video-preview:-1"},"canonical":"https:\/\/padrejosimo.com.br\/site\/revista_radio\/revista-de-radio-132-fala-de-cooperativismo-como-alternativa-economica-para-trabalhadores\/","og_locale":"pt_BR","og_type":"article","og_title":"Revista de R\u00e1dio #132 fala de cooperativismo como alternativa econ\u00f4mica para trabalhadores - Instituto Cultural Padre Josimo","og_description":"Nesta 132\u00aa edi\u00e7\u00e3o, a conversa \u00e9 com Emerson Capelesso, assentado da Reforma Agr\u00e1ria, membro de cooperativas e estudante de Gest\u00e3o Cooperativa, de Hulha Negra (RS). O tema tratado \u00e9 assunto esquecido pelos grandes meios de comunica\u00e7\u00e3o, o cooperativismo. Cooperativismo que n\u00e3o \u00e9 valorizado no mundo capitalista\/liberal, em que se incentiva o individualismo e a competi\u00e7\u00e3o. [&hellip;]","og_url":"https:\/\/padrejosimo.com.br\/site\/revista_radio\/revista-de-radio-132-fala-de-cooperativismo-como-alternativa-economica-para-trabalhadores\/","og_site_name":"Instituto Cultural Padre Josimo","og_image":[{"width":512,"height":512,"url":"https:\/\/padrejosimo.com.br\/site\/wp-content\/uploads\/2025\/09\/cropped-icon-icpj.png","type":"image\/png"}],"twitter_card":"summary_large_image","schema":{"@context":"https:\/\/schema.org","@graph":[{"@type":"WebPage","@id":"https:\/\/padrejosimo.com.br\/site\/revista_radio\/revista-de-radio-132-fala-de-cooperativismo-como-alternativa-economica-para-trabalhadores\/","url":"https:\/\/padrejosimo.com.br\/site\/revista_radio\/revista-de-radio-132-fala-de-cooperativismo-como-alternativa-economica-para-trabalhadores\/","name":"Revista de R\u00e1dio #132 fala de cooperativismo como alternativa econ\u00f4mica para trabalhadores - Instituto Cultural Padre Josimo","isPartOf":{"@id":"https:\/\/padrejosimo.com.br\/site\/#website"},"datePublished":"2017-04-08T19:14:46+00:00","breadcrumb":{"@id":"https:\/\/padrejosimo.com.br\/site\/revista_radio\/revista-de-radio-132-fala-de-cooperativismo-como-alternativa-economica-para-trabalhadores\/#breadcrumb"},"inLanguage":"pt-BR","potentialAction":[{"@type":"ReadAction","target":["https:\/\/padrejosimo.com.br\/site\/revista_radio\/revista-de-radio-132-fala-de-cooperativismo-como-alternativa-economica-para-trabalhadores\/"]}]},{"@type":"BreadcrumbList","@id":"https:\/\/padrejosimo.com.br\/site\/revista_radio\/revista-de-radio-132-fala-de-cooperativismo-como-alternativa-economica-para-trabalhadores\/#breadcrumb","itemListElement":[{"@type":"ListItem","position":1,"name":"In\u00edcio","item":"https:\/\/padrejosimo.com.br\/site\/"},{"@type":"ListItem","position":2,"name":"Revistas R\u00e1dio","item":"https:\/\/padrejosimo.com.br\/site\/revista-radio\/"},{"@type":"ListItem","position":3,"name":"Revista de R\u00e1dio #132 fala de cooperativismo como alternativa econ\u00f4mica para trabalhadores"}]},{"@type":"WebSite","@id":"https:\/\/padrejosimo.com.br\/site\/#website","url":"https:\/\/padrejosimo.com.br\/site\/","name":"Instituto Cultural Padre Josimo","description":"Comprometida com a promo\u00e7\u00e3o da justi\u00e7a social, agroecologia e educa\u00e7\u00e3o popular","publisher":{"@id":"https:\/\/padrejosimo.com.br\/site\/#organization"},"alternateName":"ICPJ","potentialAction":[{"@type":"SearchAction","target":{"@type":"EntryPoint","urlTemplate":"https:\/\/padrejosimo.com.br\/site\/?s={search_term_string}"},"query-input":{"@type":"PropertyValueSpecification","valueRequired":true,"valueName":"search_term_string"}}],"inLanguage":"pt-BR"},{"@type":"Organization","@id":"https:\/\/padrejosimo.com.br\/site\/#organization","name":"Instituto Cultural Padre Josimo","alternateName":"ICPJ","url":"https:\/\/padrejosimo.com.br\/site\/","logo":{"@type":"ImageObject","inLanguage":"pt-BR","@id":"https:\/\/padrejosimo.com.br\/site\/#\/schema\/logo\/image\/","url":"https:\/\/padrejosimo.com.br\/site\/wp-content\/uploads\/2025\/09\/cropped-icon-icpj.png","contentUrl":"https:\/\/padrejosimo.com.br\/site\/wp-content\/uploads\/2025\/09\/cropped-icon-icpj.png","width":512,"height":512,"caption":"Instituto Cultural Padre Josimo"},"image":{"@id":"https:\/\/padrejosimo.com.br\/site\/#\/schema\/logo\/image\/"}}]}},"_links":{"self":[{"href":"https:\/\/padrejosimo.com.br\/site\/wp-json\/wp\/v2\/revista_radio\/59","targetHints":{"allow":["GET"]}}],"collection":[{"href":"https:\/\/padrejosimo.com.br\/site\/wp-json\/wp\/v2\/revista_radio"}],"about":[{"href":"https:\/\/padrejosimo.com.br\/site\/wp-json\/wp\/v2\/types\/revista_radio"}],"wp:attachment":[{"href":"https:\/\/padrejosimo.com.br\/site\/wp-json\/wp\/v2\/media?parent=59"}],"curies":[{"name":"wp","href":"https:\/\/api.w.org\/{rel}","templated":true}]}}

Revista de Rádio #132 fala de cooperativismo como alternativa econômica para trabalhadores

<p>Nesta 132ª edição, a conversa é com Emerson Capelesso, assentado da Reforma Agrária, membro de cooperativas e estudante de Gestão Cooperativa, de Hulha Negra (RS). O tema tratado é assunto esquecido pelos grandes meios de comunicação, o cooperativismo. Cooperativismo que não é valorizado no mundo capitalista/liberal, em que se incentiva o individualismo e a competição. O programa dá destaque para algumas experiências de Cooperativas bem sucedidas no meio rural, especialmente nos Assentamentos da Reforma Agrária na Região da Campanha, aqui no RS.</p>

<!-- This site is optimized with the Yoast SEO plugin v27.2 - https://yoast.com/product/yoast-seo-wordpress/ -->
<title>Revista de Rádio #132 fala de cooperativismo como alternativa econômica para trabalhadores - Instituto Cultural Padre Josimo</title>
<meta name="robots" content="index, follow, max-snippet:-1, max-image-preview:large, max-video-preview:-1" />
<link rel="canonical" href="https://padrejosimo.com.br/site/revista_radio/revista-de-radio-132-fala-de-cooperativismo-como-alternativa-economica-para-trabalhadores/" />
<meta property="og:locale" content="pt_BR" />
<meta property="og:type" content="article" />
<meta property="og:title" content="Revista de Rádio #132 fala de cooperativismo como alternativa econômica para trabalhadores - Instituto Cultural Padre Josimo" />
<meta property="og:description" content="Nesta 132ª edição, a conversa é com Emerson Capelesso, assentado da Reforma Agrária, membro de cooperativas e estudante de Gestão Cooperativa, de Hulha Negra (RS). O tema tratado é assunto esquecido pelos grandes meios de comunicação, o cooperativismo. Cooperativismo que não é valorizado no mundo capitalista/liberal, em que se incentiva o individualismo e a competição. [&hellip;]" />
<meta property="og:url" content="https://padrejosimo.com.br/site/revista_radio/revista-de-radio-132-fala-de-cooperativismo-como-alternativa-economica-para-trabalhadores/" />
<meta property="og:site_name" content="Instituto Cultural Padre Josimo" />
<meta property="og:image" content="https://padrejosimo.com.br/site/wp-content/uploads/2025/09/cropped-icon-icpj.png" />
	<meta property="og:image:width" content="512" />
	<meta property="og:image:height" content="512" />
	<meta property="og:image:type" content="image/png" />
<meta name="twitter:card" content="summary_large_image" />
<script type="application/ld+json" class="yoast-schema-graph">{"@context":"https://schema.org","@graph":[{"@type":"WebPage","@id":"https://padrejosimo.com.br/site/revista_radio/revista-de-radio-132-fala-de-cooperativismo-como-alternativa-economica-para-trabalhadores/","url":"https://padrejosimo.com.br/site/revista_radio/revista-de-radio-132-fala-de-cooperativismo-como-alternativa-economica-para-trabalhadores/","name":"Revista de Rádio #132 fala de cooperativismo como alternativa econômica para trabalhadores - Instituto Cultural Padre Josimo","isPartOf":{"@id":"https://padrejosimo.com.br/site/#website"},"datePublished":"2017-04-08T19:14:46+00:00","breadcrumb":{"@id":"https://padrejosimo.com.br/site/revista_radio/revista-de-radio-132-fala-de-cooperativismo-como-alternativa-economica-para-trabalhadores/#breadcrumb"},"inLanguage":"pt-BR","potentialAction":[{"@type":"ReadAction","target":["https://padrejosimo.com.br/site/revista_radio/revista-de-radio-132-fala-de-cooperativismo-como-alternativa-economica-para-trabalhadores/"]}]},{"@type":"BreadcrumbList","@id":"https://padrejosimo.com.br/site/revista_radio/revista-de-radio-132-fala-de-cooperativismo-como-alternativa-economica-para-trabalhadores/#breadcrumb","itemListElement":[{"@type":"ListItem","position":1,"name":"Início","item":"https://padrejosimo.com.br/site/"},{"@type":"ListItem","position":2,"name":"Revistas Rádio","item":"https://padrejosimo.com.br/site/revista-radio/"},{"@type":"ListItem","position":3,"name":"Revista de Rádio #132 fala de cooperativismo como alternativa econômica para trabalhadores"}]},{"@type":"WebSite","@id":"https://padrejosimo.com.br/site/#website","url":"https://padrejosimo.com.br/site/","name":"Instituto Cultural Padre Josimo","description":"Comprometida com a promoção da justiça social, agroecologia e educação popular","publisher":{"@id":"https://padrejosimo.com.br/site/#organization"},"alternateName":"ICPJ","potentialAction":[{"@type":"SearchAction","target":{"@type":"EntryPoint","urlTemplate":"https://padrejosimo.com.br/site/?s={search_term_string}"},"query-input":{"@type":"PropertyValueSpecification","valueRequired":true,"valueName":"search_term_string"}}],"inLanguage":"pt-BR"},{"@type":"Organization","@id":"https://padrejosimo.com.br/site/#organization","name":"Instituto Cultural Padre Josimo","alternateName":"ICPJ","url":"https://padrejosimo.com.br/site/","logo":{"@type":"ImageObject","inLanguage":"pt-BR","@id":"https://padrejosimo.com.br/site/#/schema/logo/image/","url":"https://padrejosimo.com.br/site/wp-content/uploads/2025/09/cropped-icon-icpj.png","contentUrl":"https://padrejosimo.com.br/site/wp-content/uploads/2025/09/cropped-icon-icpj.png","width":512,"height":512,"caption":"Instituto Cultural Padre Josimo"},"image":{"@id":"https://padrejosimo.com.br/site/#/schema/logo/image/"}}]}</script>
<!-- / Yoast SEO plugin. -->

Revista de Rádio #132 fala de cooperativismo como alternativa econômica para trabalhadores - Instituto Cultural Padre Josimo

Nesta 132ª edição, a conversa é com Emerson Capelesso, assentado da Reforma Agrária, membro de cooperativas e estudante de Gestão Cooperativa, de Hulha Negra (RS). O tema tratado é assunto esquecido pelos grandes meios de comunicação, o cooperativismo. Cooperativismo que não é valorizado no mundo capitalista/liberal, em que se incentiva o individualismo e a competição. [&hellip;]

Início

Revistas Rádio

Comprometida com a promoção da justiça social, agroecologia e educação popular
