{"id":257,"date":"2017-05-12T11:57:23","date_gmt":"2017-05-12T14:57:23","guid":{"rendered":"http:\/\/www.padrejosimo.com.br\/?post_type=revista_radio&#038;p=257"},"modified":"2017-05-12T11:57:23","modified_gmt":"2017-05-12T14:57:23","slug":"pgm-195-serie-de-programas-entrevistando-musicos-clary-costa-parte-2","status":"publish","type":"revista_radio","link":"https:\/\/padrejosimo.com.br\/site\/revista_radio\/pgm-195-serie-de-programas-entrevistando-musicos-clary-costa-parte-2\/","title":{"rendered":"PGM #195: S\u00e9rie de programas entrevistando m\u00fasicos (Clary Costa &#8211; parte 2)"},"content":{"rendered":"<p><b>Temas da Semana:\u00a0<\/b>Nesta semana o que dominou as manchetes da grande m\u00eddia foi a t\u00e3o esperada por eles audi\u00eancia de Lula com o juiz Sergio Moro na Rep\u00fablica de Curitiba. S\u00f3 que para a frustra\u00e7\u00e3o dos \u201cBar\u00f5es da M\u00eddia\u201d Lula saiu de l\u00e1 maior que chegou. Por isso hoje nas capas dos jornais o tema est\u00e1 desfocado: dizem que Lula Culpou sua falecida esposa pelos neg\u00f3cios sobre o Triplex. Pura desfa\u00e7atez, desvio de foco e m\u00e1 vontade. Foi gigantesca a concentra\u00e7\u00e3o de apoiadores de Lula em Curitiba vindos de todo o Pa\u00eds. Enquanto isso as Centrais Sindicais j\u00e1 come\u00e7am a mobiliza\u00e7\u00e3o para um \u201cOcupa Bras\u00edlia\u201d por ocasi\u00e3o das vota\u00e7\u00f5es no Congresso das tais reformas.<\/p>\n<p><b>Entrevista de hoje:\u00a0<\/b>Na entrevista de hoje continuamos a s\u00e9rie de programas musicais. Vamos apresentar a segunda entrevista com Clary Marcon Costa que \u00e9 natural de Tapejara, RS, mas que j\u00e1 reside em Porto Alegre h\u00e1 muitos anos. Ela \u00e9 Assistente Social por\u00e9m ganhou sua vida, criou seus filhos com recursos provindos da m\u00fasica. Ela nos fala da import\u00e2ncia da m\u00fasica para a forma\u00e7\u00e3o da personalidade e da cidadania. Ela que n\u00e3o usa a arte para ganhar dinheiro ou ser famosa, mas para colaborar com os movimentos Sociais e a forma\u00e7\u00e3o de crian\u00e7as adolescentes e jovens.<\/p>\n<p><b>M\u00fasica:<\/b> <i>Canto ao Rio Uruguai e \u00daltima Lembran\u00e7a <\/i>com<b> Clary Costa<\/b><i>.<\/i><\/p>\n","protected":false},"featured_media":198,"template":"","class_list":["post-257","revista_radio","type-revista_radio","status-publish","has-post-thumbnail","hentry"],"acf":[],"yoast_head":"<!-- This site is optimized with the Yoast SEO plugin v27.2 - https:\/\/yoast.com\/product\/yoast-seo-wordpress\/ -->\n<title>PGM #195: S\u00e9rie de programas entrevistando m\u00fasicos (Clary Costa - parte 2) - Instituto Cultural Padre Josimo<\/title>\n<meta name=\"robots\" content=\"index, follow, max-snippet:-1, max-image-preview:large, max-video-preview:-1\" \/>\n<link rel=\"canonical\" href=\"https:\/\/padrejosimo.com.br\/site\/revista_radio\/pgm-195-serie-de-programas-entrevistando-musicos-clary-costa-parte-2\/\" \/>\n<meta property=\"og:locale\" content=\"pt_BR\" \/>\n<meta property=\"og:type\" content=\"article\" \/>\n<meta property=\"og:title\" content=\"PGM #195: S\u00e9rie de programas entrevistando m\u00fasicos (Clary Costa - parte 2) - Instituto Cultural Padre Josimo\" \/>\n<meta property=\"og:description\" content=\"Temas da Semana:\u00a0Nesta semana o que dominou as manchetes da grande m\u00eddia foi a t\u00e3o esperada por eles audi\u00eancia de Lula com o juiz Sergio Moro na Rep\u00fablica de Curitiba. S\u00f3 que para a frustra\u00e7\u00e3o dos \u201cBar\u00f5es da M\u00eddia\u201d Lula saiu de l\u00e1 maior que chegou. Por isso hoje nas capas dos jornais o tema [&hellip;]\" \/>\n<meta property=\"og:url\" content=\"https:\/\/padrejosimo.com.br\/site\/revista_radio\/pgm-195-serie-de-programas-entrevistando-musicos-clary-costa-parte-2\/\" \/>\n<meta property=\"og:site_name\" content=\"Instituto Cultural Padre Josimo\" \/>\n<meta property=\"og:image\" content=\"https:\/\/padrejosimo.com.br\/site\/wp-content\/uploads\/2017\/04\/revista-de-radio-capa.jpg\" \/>\n\t<meta property=\"og:image:width\" content=\"550\" \/>\n\t<meta property=\"og:image:height\" content=\"161\" \/>\n\t<meta property=\"og:image:type\" content=\"image\/jpeg\" \/>\n<meta name=\"twitter:card\" content=\"summary_large_image\" \/>\n<meta name=\"twitter:label1\" content=\"Est. tempo de leitura\" \/>\n\t<meta name=\"twitter:data1\" content=\"1 minuto\" \/>\n<script type=\"application\/ld+json\" class=\"yoast-schema-graph\">{\"@context\":\"https:\/\/schema.org\",\"@graph\":[{\"@type\":\"WebPage\",\"@id\":\"https:\/\/padrejosimo.com.br\/site\/revista_radio\/pgm-195-serie-de-programas-entrevistando-musicos-clary-costa-parte-2\/\",\"url\":\"https:\/\/padrejosimo.com.br\/site\/revista_radio\/pgm-195-serie-de-programas-entrevistando-musicos-clary-costa-parte-2\/\",\"name\":\"PGM #195: S\u00e9rie de programas entrevistando m\u00fasicos (Clary Costa - parte 2) - Instituto Cultural Padre Josimo\",\"isPartOf\":{\"@id\":\"https:\/\/padrejosimo.com.br\/site\/#website\"},\"primaryImageOfPage\":{\"@id\":\"https:\/\/padrejosimo.com.br\/site\/revista_radio\/pgm-195-serie-de-programas-entrevistando-musicos-clary-costa-parte-2\/#primaryimage\"},\"image\":{\"@id\":\"https:\/\/padrejosimo.com.br\/site\/revista_radio\/pgm-195-serie-de-programas-entrevistando-musicos-clary-costa-parte-2\/#primaryimage\"},\"thumbnailUrl\":\"https:\/\/padrejosimo.com.br\/site\/wp-content\/uploads\/2017\/04\/revista-de-radio-capa.jpg\",\"datePublished\":\"2017-05-12T14:57:23+00:00\",\"breadcrumb\":{\"@id\":\"https:\/\/padrejosimo.com.br\/site\/revista_radio\/pgm-195-serie-de-programas-entrevistando-musicos-clary-costa-parte-2\/#breadcrumb\"},\"inLanguage\":\"pt-BR\",\"potentialAction\":[{\"@type\":\"ReadAction\",\"target\":[\"https:\/\/padrejosimo.com.br\/site\/revista_radio\/pgm-195-serie-de-programas-entrevistando-musicos-clary-costa-parte-2\/\"]}]},{\"@type\":\"ImageObject\",\"inLanguage\":\"pt-BR\",\"@id\":\"https:\/\/padrejosimo.com.br\/site\/revista_radio\/pgm-195-serie-de-programas-entrevistando-musicos-clary-costa-parte-2\/#primaryimage\",\"url\":\"https:\/\/padrejosimo.com.br\/site\/wp-content\/uploads\/2017\/04\/revista-de-radio-capa.jpg\",\"contentUrl\":\"https:\/\/padrejosimo.com.br\/site\/wp-content\/uploads\/2017\/04\/revista-de-radio-capa.jpg\",\"width\":550,\"height\":161},{\"@type\":\"BreadcrumbList\",\"@id\":\"https:\/\/padrejosimo.com.br\/site\/revista_radio\/pgm-195-serie-de-programas-entrevistando-musicos-clary-costa-parte-2\/#breadcrumb\",\"itemListElement\":[{\"@type\":\"ListItem\",\"position\":1,\"name\":\"In\u00edcio\",\"item\":\"https:\/\/padrejosimo.com.br\/site\/\"},{\"@type\":\"ListItem\",\"position\":2,\"name\":\"Revistas R\u00e1dio\",\"item\":\"https:\/\/padrejosimo.com.br\/site\/revista-radio\/\"},{\"@type\":\"ListItem\",\"position\":3,\"name\":\"PGM #195: S\u00e9rie de programas entrevistando m\u00fasicos (Clary Costa &#8211; parte 2)\"}]},{\"@type\":\"WebSite\",\"@id\":\"https:\/\/padrejosimo.com.br\/site\/#website\",\"url\":\"https:\/\/padrejosimo.com.br\/site\/\",\"name\":\"Instituto Cultural Padre Josimo\",\"description\":\"Comprometida com a promo\u00e7\u00e3o da justi\u00e7a social, agroecologia e educa\u00e7\u00e3o popular\",\"publisher\":{\"@id\":\"https:\/\/padrejosimo.com.br\/site\/#organization\"},\"alternateName\":\"ICPJ\",\"potentialAction\":[{\"@type\":\"SearchAction\",\"target\":{\"@type\":\"EntryPoint\",\"urlTemplate\":\"https:\/\/padrejosimo.com.br\/site\/?s={search_term_string}\"},\"query-input\":{\"@type\":\"PropertyValueSpecification\",\"valueRequired\":true,\"valueName\":\"search_term_string\"}}],\"inLanguage\":\"pt-BR\"},{\"@type\":\"Organization\",\"@id\":\"https:\/\/padrejosimo.com.br\/site\/#organization\",\"name\":\"Instituto Cultural Padre Josimo\",\"alternateName\":\"ICPJ\",\"url\":\"https:\/\/padrejosimo.com.br\/site\/\",\"logo\":{\"@type\":\"ImageObject\",\"inLanguage\":\"pt-BR\",\"@id\":\"https:\/\/padrejosimo.com.br\/site\/#\/schema\/logo\/image\/\",\"url\":\"https:\/\/padrejosimo.com.br\/site\/wp-content\/uploads\/2025\/09\/cropped-icon-icpj.png\",\"contentUrl\":\"https:\/\/padrejosimo.com.br\/site\/wp-content\/uploads\/2025\/09\/cropped-icon-icpj.png\",\"width\":512,\"height\":512,\"caption\":\"Instituto Cultural Padre Josimo\"},\"image\":{\"@id\":\"https:\/\/padrejosimo.com.br\/site\/#\/schema\/logo\/image\/\"}}]}<\/script>\n<!-- \/ Yoast SEO plugin. -->","yoast_head_json":{"title":"PGM #195: S\u00e9rie de programas entrevistando m\u00fasicos (Clary Costa - parte 2) - Instituto Cultural Padre Josimo","robots":{"index":"index","follow":"follow","max-snippet":"max-snippet:-1","max-image-preview":"max-image-preview:large","max-video-preview":"max-video-preview:-1"},"canonical":"https:\/\/padrejosimo.com.br\/site\/revista_radio\/pgm-195-serie-de-programas-entrevistando-musicos-clary-costa-parte-2\/","og_locale":"pt_BR","og_type":"article","og_title":"PGM #195: S\u00e9rie de programas entrevistando m\u00fasicos (Clary Costa - parte 2) - Instituto Cultural Padre Josimo","og_description":"Temas da Semana:\u00a0Nesta semana o que dominou as manchetes da grande m\u00eddia foi a t\u00e3o esperada por eles audi\u00eancia de Lula com o juiz Sergio Moro na Rep\u00fablica de Curitiba. S\u00f3 que para a frustra\u00e7\u00e3o dos \u201cBar\u00f5es da M\u00eddia\u201d Lula saiu de l\u00e1 maior que chegou. Por isso hoje nas capas dos jornais o tema [&hellip;]","og_url":"https:\/\/padrejosimo.com.br\/site\/revista_radio\/pgm-195-serie-de-programas-entrevistando-musicos-clary-costa-parte-2\/","og_site_name":"Instituto Cultural Padre Josimo","og_image":[{"width":550,"height":161,"url":"https:\/\/padrejosimo.com.br\/site\/wp-content\/uploads\/2017\/04\/revista-de-radio-capa.jpg","type":"image\/jpeg"}],"twitter_card":"summary_large_image","twitter_misc":{"Est. tempo de leitura":"1 minuto"},"schema":{"@context":"https:\/\/schema.org","@graph":[{"@type":"WebPage","@id":"https:\/\/padrejosimo.com.br\/site\/revista_radio\/pgm-195-serie-de-programas-entrevistando-musicos-clary-costa-parte-2\/","url":"https:\/\/padrejosimo.com.br\/site\/revista_radio\/pgm-195-serie-de-programas-entrevistando-musicos-clary-costa-parte-2\/","name":"PGM #195: S\u00e9rie de programas entrevistando m\u00fasicos (Clary Costa - parte 2) - Instituto Cultural Padre Josimo","isPartOf":{"@id":"https:\/\/padrejosimo.com.br\/site\/#website"},"primaryImageOfPage":{"@id":"https:\/\/padrejosimo.com.br\/site\/revista_radio\/pgm-195-serie-de-programas-entrevistando-musicos-clary-costa-parte-2\/#primaryimage"},"image":{"@id":"https:\/\/padrejosimo.com.br\/site\/revista_radio\/pgm-195-serie-de-programas-entrevistando-musicos-clary-costa-parte-2\/#primaryimage"},"thumbnailUrl":"https:\/\/padrejosimo.com.br\/site\/wp-content\/uploads\/2017\/04\/revista-de-radio-capa.jpg","datePublished":"2017-05-12T14:57:23+00:00","breadcrumb":{"@id":"https:\/\/padrejosimo.com.br\/site\/revista_radio\/pgm-195-serie-de-programas-entrevistando-musicos-clary-costa-parte-2\/#breadcrumb"},"inLanguage":"pt-BR","potentialAction":[{"@type":"ReadAction","target":["https:\/\/padrejosimo.com.br\/site\/revista_radio\/pgm-195-serie-de-programas-entrevistando-musicos-clary-costa-parte-2\/"]}]},{"@type":"ImageObject","inLanguage":"pt-BR","@id":"https:\/\/padrejosimo.com.br\/site\/revista_radio\/pgm-195-serie-de-programas-entrevistando-musicos-clary-costa-parte-2\/#primaryimage","url":"https:\/\/padrejosimo.com.br\/site\/wp-content\/uploads\/2017\/04\/revista-de-radio-capa.jpg","contentUrl":"https:\/\/padrejosimo.com.br\/site\/wp-content\/uploads\/2017\/04\/revista-de-radio-capa.jpg","width":550,"height":161},{"@type":"BreadcrumbList","@id":"https:\/\/padrejosimo.com.br\/site\/revista_radio\/pgm-195-serie-de-programas-entrevistando-musicos-clary-costa-parte-2\/#breadcrumb","itemListElement":[{"@type":"ListItem","position":1,"name":"In\u00edcio","item":"https:\/\/padrejosimo.com.br\/site\/"},{"@type":"ListItem","position":2,"name":"Revistas R\u00e1dio","item":"https:\/\/padrejosimo.com.br\/site\/revista-radio\/"},{"@type":"ListItem","position":3,"name":"PGM #195: S\u00e9rie de programas entrevistando m\u00fasicos (Clary Costa &#8211; parte 2)"}]},{"@type":"WebSite","@id":"https:\/\/padrejosimo.com.br\/site\/#website","url":"https:\/\/padrejosimo.com.br\/site\/","name":"Instituto Cultural Padre Josimo","description":"Comprometida com a promo\u00e7\u00e3o da justi\u00e7a social, agroecologia e educa\u00e7\u00e3o popular","publisher":{"@id":"https:\/\/padrejosimo.com.br\/site\/#organization"},"alternateName":"ICPJ","potentialAction":[{"@type":"SearchAction","target":{"@type":"EntryPoint","urlTemplate":"https:\/\/padrejosimo.com.br\/site\/?s={search_term_string}"},"query-input":{"@type":"PropertyValueSpecification","valueRequired":true,"valueName":"search_term_string"}}],"inLanguage":"pt-BR"},{"@type":"Organization","@id":"https:\/\/padrejosimo.com.br\/site\/#organization","name":"Instituto Cultural Padre Josimo","alternateName":"ICPJ","url":"https:\/\/padrejosimo.com.br\/site\/","logo":{"@type":"ImageObject","inLanguage":"pt-BR","@id":"https:\/\/padrejosimo.com.br\/site\/#\/schema\/logo\/image\/","url":"https:\/\/padrejosimo.com.br\/site\/wp-content\/uploads\/2025\/09\/cropped-icon-icpj.png","contentUrl":"https:\/\/padrejosimo.com.br\/site\/wp-content\/uploads\/2025\/09\/cropped-icon-icpj.png","width":512,"height":512,"caption":"Instituto Cultural Padre Josimo"},"image":{"@id":"https:\/\/padrejosimo.com.br\/site\/#\/schema\/logo\/image\/"}}]}},"_links":{"self":[{"href":"https:\/\/padrejosimo.com.br\/site\/wp-json\/wp\/v2\/revista_radio\/257","targetHints":{"allow":["GET"]}}],"collection":[{"href":"https:\/\/padrejosimo.com.br\/site\/wp-json\/wp\/v2\/revista_radio"}],"about":[{"href":"https:\/\/padrejosimo.com.br\/site\/wp-json\/wp\/v2\/types\/revista_radio"}],"wp:featuredmedia":[{"embeddable":true,"href":"https:\/\/padrejosimo.com.br\/site\/wp-json\/wp\/v2\/media\/198"}],"wp:attachment":[{"href":"https:\/\/padrejosimo.com.br\/site\/wp-json\/wp\/v2\/media?parent=257"}],"curies":[{"name":"wp","href":"https:\/\/api.w.org\/{rel}","templated":true}]}}

PGM #195: Série de programas entrevistando músicos (Clary Costa &#8211; parte 2)

<p><b>Temas da Semana: </b>Nesta semana o que dominou as manchetes da grande mídia foi a tão esperada por eles audiência de Lula com o juiz Sergio Moro na República de Curitiba. Só que para a frustração dos “Barões da Mídia” Lula saiu de lá maior que chegou. Por isso hoje nas capas dos jornais o tema está desfocado: dizem que Lula Culpou sua falecida esposa pelos negócios sobre o Triplex. Pura desfaçatez, desvio de foco e má vontade. Foi gigantesca a concentração de apoiadores de Lula em Curitiba vindos de todo o País. Enquanto isso as Centrais Sindicais já começam a mobilização para um “Ocupa Brasília” por ocasião das votações no Congresso das tais reformas.</p>
<p><b>Entrevista de hoje: </b>Na entrevista de hoje continuamos a série de programas musicais. Vamos apresentar a segunda entrevista com Clary Marcon Costa que é natural de Tapejara, RS, mas que já reside em Porto Alegre há muitos anos. Ela é Assistente Social porém ganhou sua vida, criou seus filhos com recursos provindos da música. Ela nos fala da importância da música para a formação da personalidade e da cidadania. Ela que não usa a arte para ganhar dinheiro ou ser famosa, mas para colaborar com os movimentos Sociais e a formação de crianças adolescentes e jovens.</p>
<p><b>Música:</b> <i>Canto ao Rio Uruguai e Última Lembrança </i>com<b> Clary Costa</b><i>.</i></p>

<!-- This site is optimized with the Yoast SEO plugin v27.2 - https://yoast.com/product/yoast-seo-wordpress/ -->
<title>PGM #195: Série de programas entrevistando músicos (Clary Costa - parte 2) - Instituto Cultural Padre Josimo</title>
<meta name="robots" content="index, follow, max-snippet:-1, max-image-preview:large, max-video-preview:-1" />
<link rel="canonical" href="https://padrejosimo.com.br/site/revista_radio/pgm-195-serie-de-programas-entrevistando-musicos-clary-costa-parte-2/" />
<meta property="og:locale" content="pt_BR" />
<meta property="og:type" content="article" />
<meta property="og:title" content="PGM #195: Série de programas entrevistando músicos (Clary Costa - parte 2) - Instituto Cultural Padre Josimo" />
<meta property="og:description" content="Temas da Semana: Nesta semana o que dominou as manchetes da grande mídia foi a tão esperada por eles audiência de Lula com o juiz Sergio Moro na República de Curitiba. Só que para a frustração dos “Barões da Mídia” Lula saiu de lá maior que chegou. Por isso hoje nas capas dos jornais o tema [&hellip;]" />
<meta property="og:url" content="https://padrejosimo.com.br/site/revista_radio/pgm-195-serie-de-programas-entrevistando-musicos-clary-costa-parte-2/" />
<meta property="og:site_name" content="Instituto Cultural Padre Josimo" />
<meta property="og:image" content="https://padrejosimo.com.br/site/wp-content/uploads/2017/04/revista-de-radio-capa.jpg" />
	<meta property="og:image:width" content="550" />
	<meta property="og:image:height" content="161" />
	<meta property="og:image:type" content="image/jpeg" />
<meta name="twitter:card" content="summary_large_image" />
<meta name="twitter:label1" content="Est. tempo de leitura" />
	<meta name="twitter:data1" content="1 minuto" />
<script type="application/ld+json" class="yoast-schema-graph">{"@context":"https://schema.org","@graph":[{"@type":"WebPage","@id":"https://padrejosimo.com.br/site/revista_radio/pgm-195-serie-de-programas-entrevistando-musicos-clary-costa-parte-2/","url":"https://padrejosimo.com.br/site/revista_radio/pgm-195-serie-de-programas-entrevistando-musicos-clary-costa-parte-2/","name":"PGM #195: Série de programas entrevistando músicos (Clary Costa - parte 2) - Instituto Cultural Padre Josimo","isPartOf":{"@id":"https://padrejosimo.com.br/site/#website"},"primaryImageOfPage":{"@id":"https://padrejosimo.com.br/site/revista_radio/pgm-195-serie-de-programas-entrevistando-musicos-clary-costa-parte-2/#primaryimage"},"image":{"@id":"https://padrejosimo.com.br/site/revista_radio/pgm-195-serie-de-programas-entrevistando-musicos-clary-costa-parte-2/#primaryimage"},"thumbnailUrl":"https://padrejosimo.com.br/site/wp-content/uploads/2017/04/revista-de-radio-capa.jpg","datePublished":"2017-05-12T14:57:23+00:00","breadcrumb":{"@id":"https://padrejosimo.com.br/site/revista_radio/pgm-195-serie-de-programas-entrevistando-musicos-clary-costa-parte-2/#breadcrumb"},"inLanguage":"pt-BR","potentialAction":[{"@type":"ReadAction","target":["https://padrejosimo.com.br/site/revista_radio/pgm-195-serie-de-programas-entrevistando-musicos-clary-costa-parte-2/"]}]},{"@type":"ImageObject","inLanguage":"pt-BR","@id":"https://padrejosimo.com.br/site/revista_radio/pgm-195-serie-de-programas-entrevistando-musicos-clary-costa-parte-2/#primaryimage","url":"https://padrejosimo.com.br/site/wp-content/uploads/2017/04/revista-de-radio-capa.jpg","contentUrl":"https://padrejosimo.com.br/site/wp-content/uploads/2017/04/revista-de-radio-capa.jpg","width":550,"height":161},{"@type":"BreadcrumbList","@id":"https://padrejosimo.com.br/site/revista_radio/pgm-195-serie-de-programas-entrevistando-musicos-clary-costa-parte-2/#breadcrumb","itemListElement":[{"@type":"ListItem","position":1,"name":"Início","item":"https://padrejosimo.com.br/site/"},{"@type":"ListItem","position":2,"name":"Revistas Rádio","item":"https://padrejosimo.com.br/site/revista-radio/"},{"@type":"ListItem","position":3,"name":"PGM #195: Série de programas entrevistando músicos (Clary Costa &#8211; parte 2)"}]},{"@type":"WebSite","@id":"https://padrejosimo.com.br/site/#website","url":"https://padrejosimo.com.br/site/","name":"Instituto Cultural Padre Josimo","description":"Comprometida com a promoção da justiça social, agroecologia e educação popular","publisher":{"@id":"https://padrejosimo.com.br/site/#organization"},"alternateName":"ICPJ","potentialAction":[{"@type":"SearchAction","target":{"@type":"EntryPoint","urlTemplate":"https://padrejosimo.com.br/site/?s={search_term_string}"},"query-input":{"@type":"PropertyValueSpecification","valueRequired":true,"valueName":"search_term_string"}}],"inLanguage":"pt-BR"},{"@type":"Organization","@id":"https://padrejosimo.com.br/site/#organization","name":"Instituto Cultural Padre Josimo","alternateName":"ICPJ","url":"https://padrejosimo.com.br/site/","logo":{"@type":"ImageObject","inLanguage":"pt-BR","@id":"https://padrejosimo.com.br/site/#/schema/logo/image/","url":"https://padrejosimo.com.br/site/wp-content/uploads/2025/09/cropped-icon-icpj.png","contentUrl":"https://padrejosimo.com.br/site/wp-content/uploads/2025/09/cropped-icon-icpj.png","width":512,"height":512,"caption":"Instituto Cultural Padre Josimo"},"image":{"@id":"https://padrejosimo.com.br/site/#/schema/logo/image/"}}]}</script>
<!-- / Yoast SEO plugin. -->

PGM #195: Série de programas entrevistando músicos (Clary Costa - parte 2) - Instituto Cultural Padre Josimo

Temas da Semana: Nesta semana o que dominou as manchetes da grande mídia foi a tão esperada por eles audiência de Lula com o juiz Sergio Moro na República de Curitiba. Só que para a frustração dos “Barões da Mídia” Lula saiu de lá maior que chegou. Por isso hoje nas capas dos jornais o tema [&hellip;]

Início

Revistas Rádio

Comprometida com a promoção da justiça social, agroecologia e educação popular
