{"id":2320,"date":"2019-10-11T18:19:29","date_gmt":"2019-10-11T21:19:29","guid":{"rendered":"https:\/\/padrejosimo.com.br\/site\/?post_type=revista_radio&#038;p=2320"},"modified":"2019-10-11T18:19:29","modified_gmt":"2019-10-11T21:19:29","slug":"programa-revista-de-radio-321-10-10-2019","status":"publish","type":"revista_radio","link":"https:\/\/padrejosimo.com.br\/site\/revista_radio\/programa-revista-de-radio-321-10-10-2019\/","title":{"rendered":"Programa Revista de R\u00e1dio #321 \u2013 10\/10\/2019"},"content":{"rendered":"<p><b>321\u00ba programa: <\/b><span style=\"font-weight: 400;\">10 de outubro de 2019:<\/span><\/p>\n<p><b>1- Resenha: <\/b><span style=\"font-weight: 400;\">A Semana foi marcada pelas controv\u00e9rsias em torno da realiza\u00e7\u00e3o na Cidade do Vaticano em Roma, na It\u00e1lia do S\u00ednodo Para a Amaz\u00f4nia, convocado pelo Papa Francisco, que re\u00fane centenas de pessoas lideran\u00e7as da Igreja Cat\u00f3lica e peritos em assuntos relativos ao bioma Amaz\u00f4nico e \u00e0 vida dos povos daquela regi\u00e3o, que abrange parte do territ\u00f3rio de 09 pa\u00edses sul americanos, dentre eles o Brasil que tem a maior parte da Amaz\u00f4nia Legal em 08 de seus Estados. O S\u00ednodo vai at\u00e9 dia 26 deste m\u00eas est\u00e1 debatendo temas pol\u00eamicos, tanto para dentro da pr\u00f3pria Igreja Cat\u00f3lica como o Celibato obrigat\u00f3rio para a ordena\u00e7\u00e3o sacerdotal e ordena\u00e7\u00e3o de mulheres, bem como para a Sociedade como um todo, pois debate e busca formas alternativas ao modelo capitalista que visa destruir a floresta para cultivos de monocultura, bem como para a explora\u00e7\u00e3o mineral. Internamente no Brasil continua o bate cabe\u00e7a dentro do Governo Federal que n\u00e3o tem propostas para tirar o pa\u00eds da crise e est\u00e1 envolto em graves den\u00fancias de caixa 2 na campanha eleitoral do ano passado.<\/span><\/p>\n<p><b>2- Entrevista:<\/b><span style=\"font-weight: 400;\"> Na entrevista de hoje vamos conversar com Francisco Geovane de Souza que \u00e9 natural de Fortaleza, CE mas que vive e trabalha no Bairro Lomba do Pinheiro, em Porto Alegre h\u00e1 quase 30 anos. Ele \u00e9 formado em Assist\u00eancia Social e \u00e9 l\u00edder comunit\u00e1rio reconhecido no seu Bairro, na sua Cidade e no Estado do RS. Na entrevista de hoje ele nos fala especialmente da hist\u00f3ria do Conselho Tutelar no Brasil, de suas origens, de seu funcionamento e da sua import\u00e2ncia na prote\u00e7\u00e3o de Crian\u00e7as e adolescentes. Nos fala com autoridade pois j\u00e1 foi conselheiro Tutelar por tr\u00eas mandatos e \u00e9 1\u00ba suplente atualmente. Foi eleito no domingo passado para mais um mandato de 4 anos.<\/span><\/p>\n<p><b>3- M\u00fasica: <\/b><span style=\"font-weight: 400;\">O Vento com os Monarcas.<\/span><\/p>\n<p><b>4- Foto da internet: <\/b><span style=\"font-weight: 400;\">Francisco Geovane de Souza<\/span><\/p>\n<p><img fetchpriority=\"high\" decoding=\"async\" src=\"https:\/\/padrejosimo.com.br\/site\/wp-content\/uploads\/2019\/10\/MG_8301.jpg\" alt=\"\" width=\"680\" height=\"453\" \/><\/p>\n","protected":false},"featured_media":198,"template":"","class_list":["post-2320","revista_radio","type-revista_radio","status-publish","has-post-thumbnail","hentry"],"acf":[],"yoast_head":"<!-- This site is optimized with the Yoast SEO plugin v27.2 - https:\/\/yoast.com\/product\/yoast-seo-wordpress\/ -->\n<title>Programa Revista de R\u00e1dio #321 \u2013 10\/10\/2019 - Instituto Cultural Padre Josimo<\/title>\n<meta name=\"robots\" content=\"index, follow, max-snippet:-1, max-image-preview:large, max-video-preview:-1\" \/>\n<link rel=\"canonical\" href=\"https:\/\/padrejosimo.com.br\/site\/revista_radio\/programa-revista-de-radio-321-10-10-2019\/\" \/>\n<meta property=\"og:locale\" content=\"pt_BR\" \/>\n<meta property=\"og:type\" content=\"article\" \/>\n<meta property=\"og:title\" content=\"Programa Revista de R\u00e1dio #321 \u2013 10\/10\/2019 - Instituto Cultural Padre Josimo\" \/>\n<meta property=\"og:description\" content=\"321\u00ba programa: 10 de outubro de 2019: 1- Resenha: A Semana foi marcada pelas controv\u00e9rsias em torno da realiza\u00e7\u00e3o na Cidade do Vaticano em Roma, na It\u00e1lia do S\u00ednodo Para a Amaz\u00f4nia, convocado pelo Papa Francisco, que re\u00fane centenas de pessoas lideran\u00e7as da Igreja Cat\u00f3lica e peritos em assuntos relativos ao bioma Amaz\u00f4nico e \u00e0 [&hellip;]\" \/>\n<meta property=\"og:url\" content=\"https:\/\/padrejosimo.com.br\/site\/revista_radio\/programa-revista-de-radio-321-10-10-2019\/\" \/>\n<meta property=\"og:site_name\" content=\"Instituto Cultural Padre Josimo\" \/>\n<meta property=\"og:image\" content=\"https:\/\/padrejosimo.com.br\/site\/wp-content\/uploads\/2017\/04\/revista-de-radio-capa.jpg\" \/>\n\t<meta property=\"og:image:width\" content=\"550\" \/>\n\t<meta property=\"og:image:height\" content=\"161\" \/>\n\t<meta property=\"og:image:type\" content=\"image\/jpeg\" \/>\n<meta name=\"twitter:card\" content=\"summary_large_image\" \/>\n<meta name=\"twitter:label1\" content=\"Est. tempo de leitura\" \/>\n\t<meta name=\"twitter:data1\" content=\"2 minutos\" \/>\n<script type=\"application\/ld+json\" class=\"yoast-schema-graph\">{\"@context\":\"https:\/\/schema.org\",\"@graph\":[{\"@type\":\"WebPage\",\"@id\":\"https:\/\/padrejosimo.com.br\/site\/revista_radio\/programa-revista-de-radio-321-10-10-2019\/\",\"url\":\"https:\/\/padrejosimo.com.br\/site\/revista_radio\/programa-revista-de-radio-321-10-10-2019\/\",\"name\":\"Programa Revista de R\u00e1dio #321 \u2013 10\/10\/2019 - Instituto Cultural Padre Josimo\",\"isPartOf\":{\"@id\":\"https:\/\/padrejosimo.com.br\/site\/#website\"},\"primaryImageOfPage\":{\"@id\":\"https:\/\/padrejosimo.com.br\/site\/revista_radio\/programa-revista-de-radio-321-10-10-2019\/#primaryimage\"},\"image\":{\"@id\":\"https:\/\/padrejosimo.com.br\/site\/revista_radio\/programa-revista-de-radio-321-10-10-2019\/#primaryimage\"},\"thumbnailUrl\":\"https:\/\/padrejosimo.com.br\/site\/wp-content\/uploads\/2017\/04\/revista-de-radio-capa.jpg\",\"datePublished\":\"2019-10-11T21:19:29+00:00\",\"breadcrumb\":{\"@id\":\"https:\/\/padrejosimo.com.br\/site\/revista_radio\/programa-revista-de-radio-321-10-10-2019\/#breadcrumb\"},\"inLanguage\":\"pt-BR\",\"potentialAction\":[{\"@type\":\"ReadAction\",\"target\":[\"https:\/\/padrejosimo.com.br\/site\/revista_radio\/programa-revista-de-radio-321-10-10-2019\/\"]}]},{\"@type\":\"ImageObject\",\"inLanguage\":\"pt-BR\",\"@id\":\"https:\/\/padrejosimo.com.br\/site\/revista_radio\/programa-revista-de-radio-321-10-10-2019\/#primaryimage\",\"url\":\"https:\/\/padrejosimo.com.br\/site\/wp-content\/uploads\/2017\/04\/revista-de-radio-capa.jpg\",\"contentUrl\":\"https:\/\/padrejosimo.com.br\/site\/wp-content\/uploads\/2017\/04\/revista-de-radio-capa.jpg\",\"width\":550,\"height\":161},{\"@type\":\"BreadcrumbList\",\"@id\":\"https:\/\/padrejosimo.com.br\/site\/revista_radio\/programa-revista-de-radio-321-10-10-2019\/#breadcrumb\",\"itemListElement\":[{\"@type\":\"ListItem\",\"position\":1,\"name\":\"In\u00edcio\",\"item\":\"https:\/\/padrejosimo.com.br\/site\/\"},{\"@type\":\"ListItem\",\"position\":2,\"name\":\"Revistas R\u00e1dio\",\"item\":\"https:\/\/padrejosimo.com.br\/site\/revista-radio\/\"},{\"@type\":\"ListItem\",\"position\":3,\"name\":\"Programa Revista de R\u00e1dio #321 \u2013 10\/10\/2019\"}]},{\"@type\":\"WebSite\",\"@id\":\"https:\/\/padrejosimo.com.br\/site\/#website\",\"url\":\"https:\/\/padrejosimo.com.br\/site\/\",\"name\":\"Instituto Cultural Padre Josimo\",\"description\":\"Comprometida com a promo\u00e7\u00e3o da justi\u00e7a social, agroecologia e educa\u00e7\u00e3o popular\",\"publisher\":{\"@id\":\"https:\/\/padrejosimo.com.br\/site\/#organization\"},\"alternateName\":\"ICPJ\",\"potentialAction\":[{\"@type\":\"SearchAction\",\"target\":{\"@type\":\"EntryPoint\",\"urlTemplate\":\"https:\/\/padrejosimo.com.br\/site\/?s={search_term_string}\"},\"query-input\":{\"@type\":\"PropertyValueSpecification\",\"valueRequired\":true,\"valueName\":\"search_term_string\"}}],\"inLanguage\":\"pt-BR\"},{\"@type\":\"Organization\",\"@id\":\"https:\/\/padrejosimo.com.br\/site\/#organization\",\"name\":\"Instituto Cultural Padre Josimo\",\"alternateName\":\"ICPJ\",\"url\":\"https:\/\/padrejosimo.com.br\/site\/\",\"logo\":{\"@type\":\"ImageObject\",\"inLanguage\":\"pt-BR\",\"@id\":\"https:\/\/padrejosimo.com.br\/site\/#\/schema\/logo\/image\/\",\"url\":\"https:\/\/padrejosimo.com.br\/site\/wp-content\/uploads\/2025\/09\/cropped-icon-icpj.png\",\"contentUrl\":\"https:\/\/padrejosimo.com.br\/site\/wp-content\/uploads\/2025\/09\/cropped-icon-icpj.png\",\"width\":512,\"height\":512,\"caption\":\"Instituto Cultural Padre Josimo\"},\"image\":{\"@id\":\"https:\/\/padrejosimo.com.br\/site\/#\/schema\/logo\/image\/\"}}]}<\/script>\n<!-- \/ Yoast SEO plugin. -->","yoast_head_json":{"title":"Programa Revista de R\u00e1dio #321 \u2013 10\/10\/2019 - Instituto Cultural Padre Josimo","robots":{"index":"index","follow":"follow","max-snippet":"max-snippet:-1","max-image-preview":"max-image-preview:large","max-video-preview":"max-video-preview:-1"},"canonical":"https:\/\/padrejosimo.com.br\/site\/revista_radio\/programa-revista-de-radio-321-10-10-2019\/","og_locale":"pt_BR","og_type":"article","og_title":"Programa Revista de R\u00e1dio #321 \u2013 10\/10\/2019 - Instituto Cultural Padre Josimo","og_description":"321\u00ba programa: 10 de outubro de 2019: 1- Resenha: A Semana foi marcada pelas controv\u00e9rsias em torno da realiza\u00e7\u00e3o na Cidade do Vaticano em Roma, na It\u00e1lia do S\u00ednodo Para a Amaz\u00f4nia, convocado pelo Papa Francisco, que re\u00fane centenas de pessoas lideran\u00e7as da Igreja Cat\u00f3lica e peritos em assuntos relativos ao bioma Amaz\u00f4nico e \u00e0 [&hellip;]","og_url":"https:\/\/padrejosimo.com.br\/site\/revista_radio\/programa-revista-de-radio-321-10-10-2019\/","og_site_name":"Instituto Cultural Padre Josimo","og_image":[{"width":550,"height":161,"url":"https:\/\/padrejosimo.com.br\/site\/wp-content\/uploads\/2017\/04\/revista-de-radio-capa.jpg","type":"image\/jpeg"}],"twitter_card":"summary_large_image","twitter_misc":{"Est. tempo de leitura":"2 minutos"},"schema":{"@context":"https:\/\/schema.org","@graph":[{"@type":"WebPage","@id":"https:\/\/padrejosimo.com.br\/site\/revista_radio\/programa-revista-de-radio-321-10-10-2019\/","url":"https:\/\/padrejosimo.com.br\/site\/revista_radio\/programa-revista-de-radio-321-10-10-2019\/","name":"Programa Revista de R\u00e1dio #321 \u2013 10\/10\/2019 - Instituto Cultural Padre Josimo","isPartOf":{"@id":"https:\/\/padrejosimo.com.br\/site\/#website"},"primaryImageOfPage":{"@id":"https:\/\/padrejosimo.com.br\/site\/revista_radio\/programa-revista-de-radio-321-10-10-2019\/#primaryimage"},"image":{"@id":"https:\/\/padrejosimo.com.br\/site\/revista_radio\/programa-revista-de-radio-321-10-10-2019\/#primaryimage"},"thumbnailUrl":"https:\/\/padrejosimo.com.br\/site\/wp-content\/uploads\/2017\/04\/revista-de-radio-capa.jpg","datePublished":"2019-10-11T21:19:29+00:00","breadcrumb":{"@id":"https:\/\/padrejosimo.com.br\/site\/revista_radio\/programa-revista-de-radio-321-10-10-2019\/#breadcrumb"},"inLanguage":"pt-BR","potentialAction":[{"@type":"ReadAction","target":["https:\/\/padrejosimo.com.br\/site\/revista_radio\/programa-revista-de-radio-321-10-10-2019\/"]}]},{"@type":"ImageObject","inLanguage":"pt-BR","@id":"https:\/\/padrejosimo.com.br\/site\/revista_radio\/programa-revista-de-radio-321-10-10-2019\/#primaryimage","url":"https:\/\/padrejosimo.com.br\/site\/wp-content\/uploads\/2017\/04\/revista-de-radio-capa.jpg","contentUrl":"https:\/\/padrejosimo.com.br\/site\/wp-content\/uploads\/2017\/04\/revista-de-radio-capa.jpg","width":550,"height":161},{"@type":"BreadcrumbList","@id":"https:\/\/padrejosimo.com.br\/site\/revista_radio\/programa-revista-de-radio-321-10-10-2019\/#breadcrumb","itemListElement":[{"@type":"ListItem","position":1,"name":"In\u00edcio","item":"https:\/\/padrejosimo.com.br\/site\/"},{"@type":"ListItem","position":2,"name":"Revistas R\u00e1dio","item":"https:\/\/padrejosimo.com.br\/site\/revista-radio\/"},{"@type":"ListItem","position":3,"name":"Programa Revista de R\u00e1dio #321 \u2013 10\/10\/2019"}]},{"@type":"WebSite","@id":"https:\/\/padrejosimo.com.br\/site\/#website","url":"https:\/\/padrejosimo.com.br\/site\/","name":"Instituto Cultural Padre Josimo","description":"Comprometida com a promo\u00e7\u00e3o da justi\u00e7a social, agroecologia e educa\u00e7\u00e3o popular","publisher":{"@id":"https:\/\/padrejosimo.com.br\/site\/#organization"},"alternateName":"ICPJ","potentialAction":[{"@type":"SearchAction","target":{"@type":"EntryPoint","urlTemplate":"https:\/\/padrejosimo.com.br\/site\/?s={search_term_string}"},"query-input":{"@type":"PropertyValueSpecification","valueRequired":true,"valueName":"search_term_string"}}],"inLanguage":"pt-BR"},{"@type":"Organization","@id":"https:\/\/padrejosimo.com.br\/site\/#organization","name":"Instituto Cultural Padre Josimo","alternateName":"ICPJ","url":"https:\/\/padrejosimo.com.br\/site\/","logo":{"@type":"ImageObject","inLanguage":"pt-BR","@id":"https:\/\/padrejosimo.com.br\/site\/#\/schema\/logo\/image\/","url":"https:\/\/padrejosimo.com.br\/site\/wp-content\/uploads\/2025\/09\/cropped-icon-icpj.png","contentUrl":"https:\/\/padrejosimo.com.br\/site\/wp-content\/uploads\/2025\/09\/cropped-icon-icpj.png","width":512,"height":512,"caption":"Instituto Cultural Padre Josimo"},"image":{"@id":"https:\/\/padrejosimo.com.br\/site\/#\/schema\/logo\/image\/"}}]}},"_links":{"self":[{"href":"https:\/\/padrejosimo.com.br\/site\/wp-json\/wp\/v2\/revista_radio\/2320","targetHints":{"allow":["GET"]}}],"collection":[{"href":"https:\/\/padrejosimo.com.br\/site\/wp-json\/wp\/v2\/revista_radio"}],"about":[{"href":"https:\/\/padrejosimo.com.br\/site\/wp-json\/wp\/v2\/types\/revista_radio"}],"wp:featuredmedia":[{"embeddable":true,"href":"https:\/\/padrejosimo.com.br\/site\/wp-json\/wp\/v2\/media\/198"}],"wp:attachment":[{"href":"https:\/\/padrejosimo.com.br\/site\/wp-json\/wp\/v2\/media?parent=2320"}],"curies":[{"name":"wp","href":"https:\/\/api.w.org\/{rel}","templated":true}]}}

Programa Revista de Rádio #321 – 10/10/2019

<p><b>321º programa: </b><span style="font-weight: 400;">10 de outubro de 2019:</span></p>
<p><b>1- Resenha: </b><span style="font-weight: 400;">A Semana foi marcada pelas controvérsias em torno da realização na Cidade do Vaticano em Roma, na Itália do Sínodo Para a Amazônia, convocado pelo Papa Francisco, que reúne centenas de pessoas lideranças da Igreja Católica e peritos em assuntos relativos ao bioma Amazônico e à vida dos povos daquela região, que abrange parte do território de 09 países sul americanos, dentre eles o Brasil que tem a maior parte da Amazônia Legal em 08 de seus Estados. O Sínodo vai até dia 26 deste mês está debatendo temas polêmicos, tanto para dentro da própria Igreja Católica como o Celibato obrigatório para a ordenação sacerdotal e ordenação de mulheres, bem como para a Sociedade como um todo, pois debate e busca formas alternativas ao modelo capitalista que visa destruir a floresta para cultivos de monocultura, bem como para a exploração mineral. Internamente no Brasil continua o bate cabeça dentro do Governo Federal que não tem propostas para tirar o país da crise e está envolto em graves denúncias de caixa 2 na campanha eleitoral do ano passado.</span></p>
<p><b>2- Entrevista:</b><span style="font-weight: 400;"> Na entrevista de hoje vamos conversar com Francisco Geovane de Souza que é natural de Fortaleza, CE mas que vive e trabalha no Bairro Lomba do Pinheiro, em Porto Alegre há quase 30 anos. Ele é formado em Assistência Social e é líder comunitário reconhecido no seu Bairro, na sua Cidade e no Estado do RS. Na entrevista de hoje ele nos fala especialmente da história do Conselho Tutelar no Brasil, de suas origens, de seu funcionamento e da sua importância na proteção de Crianças e adolescentes. Nos fala com autoridade pois já foi conselheiro Tutelar por três mandatos e é 1º suplente atualmente. Foi eleito no domingo passado para mais um mandato de 4 anos.</span></p>
<p><b>3- Música: </b><span style="font-weight: 400;">O Vento com os Monarcas.</span></p>
<p><b>4- Foto da internet: </b><span style="font-weight: 400;">Francisco Geovane de Souza</span></p>
<p><img fetchpriority="high" decoding="async" src="https://padrejosimo.com.br/site/wp-content/uploads/2019/10/MG_8301.jpg" alt="" width="680" height="453" /></p>

<!-- This site is optimized with the Yoast SEO plugin v27.2 - https://yoast.com/product/yoast-seo-wordpress/ -->
<title>Programa Revista de Rádio #321 – 10/10/2019 - Instituto Cultural Padre Josimo</title>
<meta name="robots" content="index, follow, max-snippet:-1, max-image-preview:large, max-video-preview:-1" />
<link rel="canonical" href="https://padrejosimo.com.br/site/revista_radio/programa-revista-de-radio-321-10-10-2019/" />
<meta property="og:locale" content="pt_BR" />
<meta property="og:type" content="article" />
<meta property="og:title" content="Programa Revista de Rádio #321 – 10/10/2019 - Instituto Cultural Padre Josimo" />
<meta property="og:description" content="321º programa: 10 de outubro de 2019: 1- Resenha: A Semana foi marcada pelas controvérsias em torno da realização na Cidade do Vaticano em Roma, na Itália do Sínodo Para a Amazônia, convocado pelo Papa Francisco, que reúne centenas de pessoas lideranças da Igreja Católica e peritos em assuntos relativos ao bioma Amazônico e à [&hellip;]" />
<meta property="og:url" content="https://padrejosimo.com.br/site/revista_radio/programa-revista-de-radio-321-10-10-2019/" />
<meta property="og:site_name" content="Instituto Cultural Padre Josimo" />
<meta property="og:image" content="https://padrejosimo.com.br/site/wp-content/uploads/2017/04/revista-de-radio-capa.jpg" />
	<meta property="og:image:width" content="550" />
	<meta property="og:image:height" content="161" />
	<meta property="og:image:type" content="image/jpeg" />
<meta name="twitter:card" content="summary_large_image" />
<meta name="twitter:label1" content="Est. tempo de leitura" />
	<meta name="twitter:data1" content="2 minutos" />
<script type="application/ld+json" class="yoast-schema-graph">{"@context":"https://schema.org","@graph":[{"@type":"WebPage","@id":"https://padrejosimo.com.br/site/revista_radio/programa-revista-de-radio-321-10-10-2019/","url":"https://padrejosimo.com.br/site/revista_radio/programa-revista-de-radio-321-10-10-2019/","name":"Programa Revista de Rádio #321 – 10/10/2019 - Instituto Cultural Padre Josimo","isPartOf":{"@id":"https://padrejosimo.com.br/site/#website"},"primaryImageOfPage":{"@id":"https://padrejosimo.com.br/site/revista_radio/programa-revista-de-radio-321-10-10-2019/#primaryimage"},"image":{"@id":"https://padrejosimo.com.br/site/revista_radio/programa-revista-de-radio-321-10-10-2019/#primaryimage"},"thumbnailUrl":"https://padrejosimo.com.br/site/wp-content/uploads/2017/04/revista-de-radio-capa.jpg","datePublished":"2019-10-11T21:19:29+00:00","breadcrumb":{"@id":"https://padrejosimo.com.br/site/revista_radio/programa-revista-de-radio-321-10-10-2019/#breadcrumb"},"inLanguage":"pt-BR","potentialAction":[{"@type":"ReadAction","target":["https://padrejosimo.com.br/site/revista_radio/programa-revista-de-radio-321-10-10-2019/"]}]},{"@type":"ImageObject","inLanguage":"pt-BR","@id":"https://padrejosimo.com.br/site/revista_radio/programa-revista-de-radio-321-10-10-2019/#primaryimage","url":"https://padrejosimo.com.br/site/wp-content/uploads/2017/04/revista-de-radio-capa.jpg","contentUrl":"https://padrejosimo.com.br/site/wp-content/uploads/2017/04/revista-de-radio-capa.jpg","width":550,"height":161},{"@type":"BreadcrumbList","@id":"https://padrejosimo.com.br/site/revista_radio/programa-revista-de-radio-321-10-10-2019/#breadcrumb","itemListElement":[{"@type":"ListItem","position":1,"name":"Início","item":"https://padrejosimo.com.br/site/"},{"@type":"ListItem","position":2,"name":"Revistas Rádio","item":"https://padrejosimo.com.br/site/revista-radio/"},{"@type":"ListItem","position":3,"name":"Programa Revista de Rádio #321 – 10/10/2019"}]},{"@type":"WebSite","@id":"https://padrejosimo.com.br/site/#website","url":"https://padrejosimo.com.br/site/","name":"Instituto Cultural Padre Josimo","description":"Comprometida com a promoção da justiça social, agroecologia e educação popular","publisher":{"@id":"https://padrejosimo.com.br/site/#organization"},"alternateName":"ICPJ","potentialAction":[{"@type":"SearchAction","target":{"@type":"EntryPoint","urlTemplate":"https://padrejosimo.com.br/site/?s={search_term_string}"},"query-input":{"@type":"PropertyValueSpecification","valueRequired":true,"valueName":"search_term_string"}}],"inLanguage":"pt-BR"},{"@type":"Organization","@id":"https://padrejosimo.com.br/site/#organization","name":"Instituto Cultural Padre Josimo","alternateName":"ICPJ","url":"https://padrejosimo.com.br/site/","logo":{"@type":"ImageObject","inLanguage":"pt-BR","@id":"https://padrejosimo.com.br/site/#/schema/logo/image/","url":"https://padrejosimo.com.br/site/wp-content/uploads/2025/09/cropped-icon-icpj.png","contentUrl":"https://padrejosimo.com.br/site/wp-content/uploads/2025/09/cropped-icon-icpj.png","width":512,"height":512,"caption":"Instituto Cultural Padre Josimo"},"image":{"@id":"https://padrejosimo.com.br/site/#/schema/logo/image/"}}]}</script>
<!-- / Yoast SEO plugin. -->

Programa Revista de Rádio #321 – 10/10/2019 - Instituto Cultural Padre Josimo

321º programa: 10 de outubro de 2019: 1- Resenha: A Semana foi marcada pelas controvérsias em torno da realização na Cidade do Vaticano em Roma, na Itália do Sínodo Para a Amazônia, convocado pelo Papa Francisco, que reúne centenas de pessoas lideranças da Igreja Católica e peritos em assuntos relativos ao bioma Amazônico e à [&hellip;]

Início

Revistas Rádio

Comprometida com a promoção da justiça social, agroecologia e educação popular
