{"id":208,"date":"2017-05-05T11:58:55","date_gmt":"2017-05-05T14:58:55","guid":{"rendered":"http:\/\/bagual.com.br\/site\/?post_type=revista_radio&#038;p=208"},"modified":"2017-05-05T11:58:55","modified_gmt":"2017-05-05T14:58:55","slug":"pgm-194-serie-de-programas-entrevistando-musicos-clary-costa","status":"publish","type":"revista_radio","link":"https:\/\/padrejosimo.com.br\/site\/revista_radio\/pgm-194-serie-de-programas-entrevistando-musicos-clary-costa\/","title":{"rendered":"PGM #194: S\u00e9rie de programas entrevistando m\u00fasicos (Clary Costa)"},"content":{"rendered":"<p><strong>Temas da semana: <\/strong>Nesta semana, o que dominou as manchetes da grande m\u00eddia foram not\u00edcias negativas em rela\u00e7\u00e3o ao ex-presidente Lula e seus aliados. N\u00e3o apareceu nas capas de jornais o resultado da nova pesquisa Datafolha onde o ex-presidente lidera as inten\u00e7\u00f5es de votos para presidente em 2018, em todos os cen\u00e1rios, variando de 28 a 31%. Outras coisas que a m\u00eddia tenta esconder s\u00e3o a grande Greve Geral do dia 28 de abril e as manifesta\u00e7\u00f5es de 1\u00ba de maio contra as reformas em andamento, que retiram direitos dos trabalhadores e das camadas mais vulner\u00e1veis da Sociedade. As Centrais Sindicais j\u00e1 come\u00e7am a mobiliza\u00e7\u00e3o para um \u201cOcupa Bras\u00edlia\u201d, por ocasi\u00e3o das vota\u00e7\u00f5es no Congresso das tais reformas.<\/p>\n<p><strong>Entrevista: <\/strong>Na entrevista da edi\u00e7\u00e3o, continuamos a s\u00e9rie de programas musicais. Vamos apresentar a primeira entrevista com Clary Marcon Costa, que \u00e9 natural de Tapejara (RS), mas que j\u00e1 reside em Porto Alegre h\u00e1 muitos anos. Ela \u00e9 Assistente Social, por\u00e9m ganhou sua vida e criou seus filhos com recursos provindos da m\u00fasica. Ela nos fala de sua hist\u00f3ria pessoal, de sua fam\u00edlia de origem, bem como de sua fam\u00edlia constitu\u00edda e vivida em um ambiente musical.<\/p>\n<p><strong>M\u00fasica da edi\u00e7\u00e3o<\/strong>: Fronteira que n\u00e3o faz Fronteira e Missioneira com Clary Costa<\/p>\n","protected":false},"featured_media":198,"template":"","class_list":["post-208","revista_radio","type-revista_radio","status-publish","has-post-thumbnail","hentry"],"acf":[],"yoast_head":"<!-- This site is optimized with the Yoast SEO plugin v27.2 - https:\/\/yoast.com\/product\/yoast-seo-wordpress\/ -->\n<title>PGM #194: S\u00e9rie de programas entrevistando m\u00fasicos (Clary Costa) - Instituto Cultural Padre Josimo<\/title>\n<meta name=\"robots\" content=\"index, follow, max-snippet:-1, max-image-preview:large, max-video-preview:-1\" \/>\n<link rel=\"canonical\" href=\"https:\/\/padrejosimo.com.br\/site\/revista_radio\/pgm-194-serie-de-programas-entrevistando-musicos-clary-costa\/\" \/>\n<meta property=\"og:locale\" content=\"pt_BR\" \/>\n<meta property=\"og:type\" content=\"article\" \/>\n<meta property=\"og:title\" content=\"PGM #194: S\u00e9rie de programas entrevistando m\u00fasicos (Clary Costa) - Instituto Cultural Padre Josimo\" \/>\n<meta property=\"og:description\" content=\"Temas da semana: Nesta semana, o que dominou as manchetes da grande m\u00eddia foram not\u00edcias negativas em rela\u00e7\u00e3o ao ex-presidente Lula e seus aliados. N\u00e3o apareceu nas capas de jornais o resultado da nova pesquisa Datafolha onde o ex-presidente lidera as inten\u00e7\u00f5es de votos para presidente em 2018, em todos os cen\u00e1rios, variando de 28 [&hellip;]\" \/>\n<meta property=\"og:url\" content=\"https:\/\/padrejosimo.com.br\/site\/revista_radio\/pgm-194-serie-de-programas-entrevistando-musicos-clary-costa\/\" \/>\n<meta property=\"og:site_name\" content=\"Instituto Cultural Padre Josimo\" \/>\n<meta property=\"og:image\" content=\"https:\/\/padrejosimo.com.br\/site\/wp-content\/uploads\/2017\/04\/revista-de-radio-capa.jpg\" \/>\n\t<meta property=\"og:image:width\" content=\"550\" \/>\n\t<meta property=\"og:image:height\" content=\"161\" \/>\n\t<meta property=\"og:image:type\" content=\"image\/jpeg\" \/>\n<meta name=\"twitter:card\" content=\"summary_large_image\" \/>\n<meta name=\"twitter:label1\" content=\"Est. tempo de leitura\" \/>\n\t<meta name=\"twitter:data1\" content=\"1 minuto\" \/>\n<script type=\"application\/ld+json\" class=\"yoast-schema-graph\">{\"@context\":\"https:\/\/schema.org\",\"@graph\":[{\"@type\":\"WebPage\",\"@id\":\"https:\/\/padrejosimo.com.br\/site\/revista_radio\/pgm-194-serie-de-programas-entrevistando-musicos-clary-costa\/\",\"url\":\"https:\/\/padrejosimo.com.br\/site\/revista_radio\/pgm-194-serie-de-programas-entrevistando-musicos-clary-costa\/\",\"name\":\"PGM #194: S\u00e9rie de programas entrevistando m\u00fasicos (Clary Costa) - Instituto Cultural Padre Josimo\",\"isPartOf\":{\"@id\":\"https:\/\/padrejosimo.com.br\/site\/#website\"},\"primaryImageOfPage\":{\"@id\":\"https:\/\/padrejosimo.com.br\/site\/revista_radio\/pgm-194-serie-de-programas-entrevistando-musicos-clary-costa\/#primaryimage\"},\"image\":{\"@id\":\"https:\/\/padrejosimo.com.br\/site\/revista_radio\/pgm-194-serie-de-programas-entrevistando-musicos-clary-costa\/#primaryimage\"},\"thumbnailUrl\":\"https:\/\/padrejosimo.com.br\/site\/wp-content\/uploads\/2017\/04\/revista-de-radio-capa.jpg\",\"datePublished\":\"2017-05-05T14:58:55+00:00\",\"breadcrumb\":{\"@id\":\"https:\/\/padrejosimo.com.br\/site\/revista_radio\/pgm-194-serie-de-programas-entrevistando-musicos-clary-costa\/#breadcrumb\"},\"inLanguage\":\"pt-BR\",\"potentialAction\":[{\"@type\":\"ReadAction\",\"target\":[\"https:\/\/padrejosimo.com.br\/site\/revista_radio\/pgm-194-serie-de-programas-entrevistando-musicos-clary-costa\/\"]}]},{\"@type\":\"ImageObject\",\"inLanguage\":\"pt-BR\",\"@id\":\"https:\/\/padrejosimo.com.br\/site\/revista_radio\/pgm-194-serie-de-programas-entrevistando-musicos-clary-costa\/#primaryimage\",\"url\":\"https:\/\/padrejosimo.com.br\/site\/wp-content\/uploads\/2017\/04\/revista-de-radio-capa.jpg\",\"contentUrl\":\"https:\/\/padrejosimo.com.br\/site\/wp-content\/uploads\/2017\/04\/revista-de-radio-capa.jpg\",\"width\":550,\"height\":161},{\"@type\":\"BreadcrumbList\",\"@id\":\"https:\/\/padrejosimo.com.br\/site\/revista_radio\/pgm-194-serie-de-programas-entrevistando-musicos-clary-costa\/#breadcrumb\",\"itemListElement\":[{\"@type\":\"ListItem\",\"position\":1,\"name\":\"In\u00edcio\",\"item\":\"https:\/\/padrejosimo.com.br\/site\/\"},{\"@type\":\"ListItem\",\"position\":2,\"name\":\"Revistas R\u00e1dio\",\"item\":\"https:\/\/padrejosimo.com.br\/site\/revista-radio\/\"},{\"@type\":\"ListItem\",\"position\":3,\"name\":\"PGM #194: S\u00e9rie de programas entrevistando m\u00fasicos (Clary Costa)\"}]},{\"@type\":\"WebSite\",\"@id\":\"https:\/\/padrejosimo.com.br\/site\/#website\",\"url\":\"https:\/\/padrejosimo.com.br\/site\/\",\"name\":\"Instituto Cultural Padre Josimo\",\"description\":\"Comprometida com a promo\u00e7\u00e3o da justi\u00e7a social, agroecologia e educa\u00e7\u00e3o popular\",\"publisher\":{\"@id\":\"https:\/\/padrejosimo.com.br\/site\/#organization\"},\"alternateName\":\"ICPJ\",\"potentialAction\":[{\"@type\":\"SearchAction\",\"target\":{\"@type\":\"EntryPoint\",\"urlTemplate\":\"https:\/\/padrejosimo.com.br\/site\/?s={search_term_string}\"},\"query-input\":{\"@type\":\"PropertyValueSpecification\",\"valueRequired\":true,\"valueName\":\"search_term_string\"}}],\"inLanguage\":\"pt-BR\"},{\"@type\":\"Organization\",\"@id\":\"https:\/\/padrejosimo.com.br\/site\/#organization\",\"name\":\"Instituto Cultural Padre Josimo\",\"alternateName\":\"ICPJ\",\"url\":\"https:\/\/padrejosimo.com.br\/site\/\",\"logo\":{\"@type\":\"ImageObject\",\"inLanguage\":\"pt-BR\",\"@id\":\"https:\/\/padrejosimo.com.br\/site\/#\/schema\/logo\/image\/\",\"url\":\"https:\/\/padrejosimo.com.br\/site\/wp-content\/uploads\/2025\/09\/cropped-icon-icpj.png\",\"contentUrl\":\"https:\/\/padrejosimo.com.br\/site\/wp-content\/uploads\/2025\/09\/cropped-icon-icpj.png\",\"width\":512,\"height\":512,\"caption\":\"Instituto Cultural Padre Josimo\"},\"image\":{\"@id\":\"https:\/\/padrejosimo.com.br\/site\/#\/schema\/logo\/image\/\"}}]}<\/script>\n<!-- \/ Yoast SEO plugin. -->","yoast_head_json":{"title":"PGM #194: S\u00e9rie de programas entrevistando m\u00fasicos (Clary Costa) - Instituto Cultural Padre Josimo","robots":{"index":"index","follow":"follow","max-snippet":"max-snippet:-1","max-image-preview":"max-image-preview:large","max-video-preview":"max-video-preview:-1"},"canonical":"https:\/\/padrejosimo.com.br\/site\/revista_radio\/pgm-194-serie-de-programas-entrevistando-musicos-clary-costa\/","og_locale":"pt_BR","og_type":"article","og_title":"PGM #194: S\u00e9rie de programas entrevistando m\u00fasicos (Clary Costa) - Instituto Cultural Padre Josimo","og_description":"Temas da semana: Nesta semana, o que dominou as manchetes da grande m\u00eddia foram not\u00edcias negativas em rela\u00e7\u00e3o ao ex-presidente Lula e seus aliados. N\u00e3o apareceu nas capas de jornais o resultado da nova pesquisa Datafolha onde o ex-presidente lidera as inten\u00e7\u00f5es de votos para presidente em 2018, em todos os cen\u00e1rios, variando de 28 [&hellip;]","og_url":"https:\/\/padrejosimo.com.br\/site\/revista_radio\/pgm-194-serie-de-programas-entrevistando-musicos-clary-costa\/","og_site_name":"Instituto Cultural Padre Josimo","og_image":[{"width":550,"height":161,"url":"https:\/\/padrejosimo.com.br\/site\/wp-content\/uploads\/2017\/04\/revista-de-radio-capa.jpg","type":"image\/jpeg"}],"twitter_card":"summary_large_image","twitter_misc":{"Est. tempo de leitura":"1 minuto"},"schema":{"@context":"https:\/\/schema.org","@graph":[{"@type":"WebPage","@id":"https:\/\/padrejosimo.com.br\/site\/revista_radio\/pgm-194-serie-de-programas-entrevistando-musicos-clary-costa\/","url":"https:\/\/padrejosimo.com.br\/site\/revista_radio\/pgm-194-serie-de-programas-entrevistando-musicos-clary-costa\/","name":"PGM #194: S\u00e9rie de programas entrevistando m\u00fasicos (Clary Costa) - Instituto Cultural Padre Josimo","isPartOf":{"@id":"https:\/\/padrejosimo.com.br\/site\/#website"},"primaryImageOfPage":{"@id":"https:\/\/padrejosimo.com.br\/site\/revista_radio\/pgm-194-serie-de-programas-entrevistando-musicos-clary-costa\/#primaryimage"},"image":{"@id":"https:\/\/padrejosimo.com.br\/site\/revista_radio\/pgm-194-serie-de-programas-entrevistando-musicos-clary-costa\/#primaryimage"},"thumbnailUrl":"https:\/\/padrejosimo.com.br\/site\/wp-content\/uploads\/2017\/04\/revista-de-radio-capa.jpg","datePublished":"2017-05-05T14:58:55+00:00","breadcrumb":{"@id":"https:\/\/padrejosimo.com.br\/site\/revista_radio\/pgm-194-serie-de-programas-entrevistando-musicos-clary-costa\/#breadcrumb"},"inLanguage":"pt-BR","potentialAction":[{"@type":"ReadAction","target":["https:\/\/padrejosimo.com.br\/site\/revista_radio\/pgm-194-serie-de-programas-entrevistando-musicos-clary-costa\/"]}]},{"@type":"ImageObject","inLanguage":"pt-BR","@id":"https:\/\/padrejosimo.com.br\/site\/revista_radio\/pgm-194-serie-de-programas-entrevistando-musicos-clary-costa\/#primaryimage","url":"https:\/\/padrejosimo.com.br\/site\/wp-content\/uploads\/2017\/04\/revista-de-radio-capa.jpg","contentUrl":"https:\/\/padrejosimo.com.br\/site\/wp-content\/uploads\/2017\/04\/revista-de-radio-capa.jpg","width":550,"height":161},{"@type":"BreadcrumbList","@id":"https:\/\/padrejosimo.com.br\/site\/revista_radio\/pgm-194-serie-de-programas-entrevistando-musicos-clary-costa\/#breadcrumb","itemListElement":[{"@type":"ListItem","position":1,"name":"In\u00edcio","item":"https:\/\/padrejosimo.com.br\/site\/"},{"@type":"ListItem","position":2,"name":"Revistas R\u00e1dio","item":"https:\/\/padrejosimo.com.br\/site\/revista-radio\/"},{"@type":"ListItem","position":3,"name":"PGM #194: S\u00e9rie de programas entrevistando m\u00fasicos (Clary Costa)"}]},{"@type":"WebSite","@id":"https:\/\/padrejosimo.com.br\/site\/#website","url":"https:\/\/padrejosimo.com.br\/site\/","name":"Instituto Cultural Padre Josimo","description":"Comprometida com a promo\u00e7\u00e3o da justi\u00e7a social, agroecologia e educa\u00e7\u00e3o popular","publisher":{"@id":"https:\/\/padrejosimo.com.br\/site\/#organization"},"alternateName":"ICPJ","potentialAction":[{"@type":"SearchAction","target":{"@type":"EntryPoint","urlTemplate":"https:\/\/padrejosimo.com.br\/site\/?s={search_term_string}"},"query-input":{"@type":"PropertyValueSpecification","valueRequired":true,"valueName":"search_term_string"}}],"inLanguage":"pt-BR"},{"@type":"Organization","@id":"https:\/\/padrejosimo.com.br\/site\/#organization","name":"Instituto Cultural Padre Josimo","alternateName":"ICPJ","url":"https:\/\/padrejosimo.com.br\/site\/","logo":{"@type":"ImageObject","inLanguage":"pt-BR","@id":"https:\/\/padrejosimo.com.br\/site\/#\/schema\/logo\/image\/","url":"https:\/\/padrejosimo.com.br\/site\/wp-content\/uploads\/2025\/09\/cropped-icon-icpj.png","contentUrl":"https:\/\/padrejosimo.com.br\/site\/wp-content\/uploads\/2025\/09\/cropped-icon-icpj.png","width":512,"height":512,"caption":"Instituto Cultural Padre Josimo"},"image":{"@id":"https:\/\/padrejosimo.com.br\/site\/#\/schema\/logo\/image\/"}}]}},"_links":{"self":[{"href":"https:\/\/padrejosimo.com.br\/site\/wp-json\/wp\/v2\/revista_radio\/208","targetHints":{"allow":["GET"]}}],"collection":[{"href":"https:\/\/padrejosimo.com.br\/site\/wp-json\/wp\/v2\/revista_radio"}],"about":[{"href":"https:\/\/padrejosimo.com.br\/site\/wp-json\/wp\/v2\/types\/revista_radio"}],"wp:featuredmedia":[{"embeddable":true,"href":"https:\/\/padrejosimo.com.br\/site\/wp-json\/wp\/v2\/media\/198"}],"wp:attachment":[{"href":"https:\/\/padrejosimo.com.br\/site\/wp-json\/wp\/v2\/media?parent=208"}],"curies":[{"name":"wp","href":"https:\/\/api.w.org\/{rel}","templated":true}]}}

PGM #194: Série de programas entrevistando músicos (Clary Costa)

<p><strong>Temas da semana: </strong>Nesta semana, o que dominou as manchetes da grande mídia foram notícias negativas em relação ao ex-presidente Lula e seus aliados. Não apareceu nas capas de jornais o resultado da nova pesquisa Datafolha onde o ex-presidente lidera as intenções de votos para presidente em 2018, em todos os cenários, variando de 28 a 31%. Outras coisas que a mídia tenta esconder são a grande Greve Geral do dia 28 de abril e as manifestações de 1º de maio contra as reformas em andamento, que retiram direitos dos trabalhadores e das camadas mais vulneráveis da Sociedade. As Centrais Sindicais já começam a mobilização para um “Ocupa Brasília”, por ocasião das votações no Congresso das tais reformas.</p>
<p><strong>Entrevista: </strong>Na entrevista da edição, continuamos a série de programas musicais. Vamos apresentar a primeira entrevista com Clary Marcon Costa, que é natural de Tapejara (RS), mas que já reside em Porto Alegre há muitos anos. Ela é Assistente Social, porém ganhou sua vida e criou seus filhos com recursos provindos da música. Ela nos fala de sua história pessoal, de sua família de origem, bem como de sua família constituída e vivida em um ambiente musical.</p>
<p><strong>Música da edição</strong>: Fronteira que não faz Fronteira e Missioneira com Clary Costa</p>

<!-- This site is optimized with the Yoast SEO plugin v27.2 - https://yoast.com/product/yoast-seo-wordpress/ -->
<title>PGM #194: Série de programas entrevistando músicos (Clary Costa) - Instituto Cultural Padre Josimo</title>
<meta name="robots" content="index, follow, max-snippet:-1, max-image-preview:large, max-video-preview:-1" />
<link rel="canonical" href="https://padrejosimo.com.br/site/revista_radio/pgm-194-serie-de-programas-entrevistando-musicos-clary-costa/" />
<meta property="og:locale" content="pt_BR" />
<meta property="og:type" content="article" />
<meta property="og:title" content="PGM #194: Série de programas entrevistando músicos (Clary Costa) - Instituto Cultural Padre Josimo" />
<meta property="og:description" content="Temas da semana: Nesta semana, o que dominou as manchetes da grande mídia foram notícias negativas em relação ao ex-presidente Lula e seus aliados. Não apareceu nas capas de jornais o resultado da nova pesquisa Datafolha onde o ex-presidente lidera as intenções de votos para presidente em 2018, em todos os cenários, variando de 28 [&hellip;]" />
<meta property="og:url" content="https://padrejosimo.com.br/site/revista_radio/pgm-194-serie-de-programas-entrevistando-musicos-clary-costa/" />
<meta property="og:site_name" content="Instituto Cultural Padre Josimo" />
<meta property="og:image" content="https://padrejosimo.com.br/site/wp-content/uploads/2017/04/revista-de-radio-capa.jpg" />
	<meta property="og:image:width" content="550" />
	<meta property="og:image:height" content="161" />
	<meta property="og:image:type" content="image/jpeg" />
<meta name="twitter:card" content="summary_large_image" />
<meta name="twitter:label1" content="Est. tempo de leitura" />
	<meta name="twitter:data1" content="1 minuto" />
<script type="application/ld+json" class="yoast-schema-graph">{"@context":"https://schema.org","@graph":[{"@type":"WebPage","@id":"https://padrejosimo.com.br/site/revista_radio/pgm-194-serie-de-programas-entrevistando-musicos-clary-costa/","url":"https://padrejosimo.com.br/site/revista_radio/pgm-194-serie-de-programas-entrevistando-musicos-clary-costa/","name":"PGM #194: Série de programas entrevistando músicos (Clary Costa) - Instituto Cultural Padre Josimo","isPartOf":{"@id":"https://padrejosimo.com.br/site/#website"},"primaryImageOfPage":{"@id":"https://padrejosimo.com.br/site/revista_radio/pgm-194-serie-de-programas-entrevistando-musicos-clary-costa/#primaryimage"},"image":{"@id":"https://padrejosimo.com.br/site/revista_radio/pgm-194-serie-de-programas-entrevistando-musicos-clary-costa/#primaryimage"},"thumbnailUrl":"https://padrejosimo.com.br/site/wp-content/uploads/2017/04/revista-de-radio-capa.jpg","datePublished":"2017-05-05T14:58:55+00:00","breadcrumb":{"@id":"https://padrejosimo.com.br/site/revista_radio/pgm-194-serie-de-programas-entrevistando-musicos-clary-costa/#breadcrumb"},"inLanguage":"pt-BR","potentialAction":[{"@type":"ReadAction","target":["https://padrejosimo.com.br/site/revista_radio/pgm-194-serie-de-programas-entrevistando-musicos-clary-costa/"]}]},{"@type":"ImageObject","inLanguage":"pt-BR","@id":"https://padrejosimo.com.br/site/revista_radio/pgm-194-serie-de-programas-entrevistando-musicos-clary-costa/#primaryimage","url":"https://padrejosimo.com.br/site/wp-content/uploads/2017/04/revista-de-radio-capa.jpg","contentUrl":"https://padrejosimo.com.br/site/wp-content/uploads/2017/04/revista-de-radio-capa.jpg","width":550,"height":161},{"@type":"BreadcrumbList","@id":"https://padrejosimo.com.br/site/revista_radio/pgm-194-serie-de-programas-entrevistando-musicos-clary-costa/#breadcrumb","itemListElement":[{"@type":"ListItem","position":1,"name":"Início","item":"https://padrejosimo.com.br/site/"},{"@type":"ListItem","position":2,"name":"Revistas Rádio","item":"https://padrejosimo.com.br/site/revista-radio/"},{"@type":"ListItem","position":3,"name":"PGM #194: Série de programas entrevistando músicos (Clary Costa)"}]},{"@type":"WebSite","@id":"https://padrejosimo.com.br/site/#website","url":"https://padrejosimo.com.br/site/","name":"Instituto Cultural Padre Josimo","description":"Comprometida com a promoção da justiça social, agroecologia e educação popular","publisher":{"@id":"https://padrejosimo.com.br/site/#organization"},"alternateName":"ICPJ","potentialAction":[{"@type":"SearchAction","target":{"@type":"EntryPoint","urlTemplate":"https://padrejosimo.com.br/site/?s={search_term_string}"},"query-input":{"@type":"PropertyValueSpecification","valueRequired":true,"valueName":"search_term_string"}}],"inLanguage":"pt-BR"},{"@type":"Organization","@id":"https://padrejosimo.com.br/site/#organization","name":"Instituto Cultural Padre Josimo","alternateName":"ICPJ","url":"https://padrejosimo.com.br/site/","logo":{"@type":"ImageObject","inLanguage":"pt-BR","@id":"https://padrejosimo.com.br/site/#/schema/logo/image/","url":"https://padrejosimo.com.br/site/wp-content/uploads/2025/09/cropped-icon-icpj.png","contentUrl":"https://padrejosimo.com.br/site/wp-content/uploads/2025/09/cropped-icon-icpj.png","width":512,"height":512,"caption":"Instituto Cultural Padre Josimo"},"image":{"@id":"https://padrejosimo.com.br/site/#/schema/logo/image/"}}]}</script>
<!-- / Yoast SEO plugin. -->

PGM #194: Série de programas entrevistando músicos (Clary Costa) - Instituto Cultural Padre Josimo

Temas da semana: Nesta semana, o que dominou as manchetes da grande mídia foram notícias negativas em relação ao ex-presidente Lula e seus aliados. Não apareceu nas capas de jornais o resultado da nova pesquisa Datafolha onde o ex-presidente lidera as intenções de votos para presidente em 2018, em todos os cenários, variando de 28 [&hellip;]

Início

Revistas Rádio

Comprometida com a promoção da justiça social, agroecologia e educação popular
