{"id":205,"date":"2017-04-15T11:49:47","date_gmt":"2017-04-15T14:49:47","guid":{"rendered":"http:\/\/bagual.com.br\/site\/?post_type=revista_radio&#038;p=205"},"modified":"2017-05-05T11:54:49","modified_gmt":"2017-05-05T14:54:49","slug":"pgm-191-serie-de-programas-entrevistando-musicos-elmer-fagundes-parte-2","status":"publish","type":"revista_radio","link":"https:\/\/padrejosimo.com.br\/site\/revista_radio\/pgm-191-serie-de-programas-entrevistando-musicos-elmer-fagundes-parte-2\/","title":{"rendered":"PGM #191: S\u00e9rie de programas entrevistando m\u00fasicos (Elmer Fagundes parte 2)"},"content":{"rendered":"<p><b>Temas da Semana:\u00a0<\/b>Nesta semana, veio \u00e0 luz uma das mais aguardadas listas de pol\u00edticos e outras pessoas envolvidas com a Lava Jato: a Lista do Janot. S\u00e3o centenas de pessoas envolvidas, entre indiciadas e apenas citadas pelos delatores. N\u00e3o tem como n\u00e3o falar desse assunto, \u00e9 o que ocupa as reda\u00e7\u00f5es dos jornais, telejornais, r\u00e1dios e internet. O questionamento que fa\u00e7o \u00e9 sobre a forma como se divulga tais fatos. Outro assunto da semana \u00e9 a quest\u00e3o da viol\u00eancia contra a mulher, pois vieram a p\u00fablico v\u00e1rios casos de viol\u00eancia envolvendo gente gra\u00fada. A Plimm Plimm foi duramente atingida. Vou publicar aqui o que disse uma ju\u00edza federal sobre a programa\u00e7\u00e3o da referida emissora.<\/p>\n<p><b>Entrevista de hoje:\u00a0<\/b>Na entrevista de hoje, segue a s\u00e9rie de programas musicais, que conversa com artistas e apresenta suas m\u00fasicas, uma em cada parte do programa. Nesta edi\u00e7\u00e3o, vai a segunda entrevista com Elmer Fagundes, gaiteiro e professor de m\u00fasica, natural e residente em Porto Alegre. Ele nos fala um pouco de sua atua\u00e7\u00e3o nas a\u00e7\u00f5es comunit\u00e1rias, especialmente no Centro de Promo\u00e7\u00e3o da Crian\u00e7a e do Adolescente CPCA de Porto Alegre.<\/p>\n<p>\n <b>M\u00fasica:<\/b> Mercedita CPCA e Passaporte de Gaiteiro, com Elmer Fagundes e alunos.<\/p>\n","protected":false},"featured_media":198,"template":"","class_list":["post-205","revista_radio","type-revista_radio","status-publish","has-post-thumbnail","hentry"],"acf":[],"yoast_head":"<!-- This site is optimized with the Yoast SEO plugin v27.2 - https:\/\/yoast.com\/product\/yoast-seo-wordpress\/ -->\n<title>PGM #191: S\u00e9rie de programas entrevistando m\u00fasicos (Elmer Fagundes parte 2) - Instituto Cultural Padre Josimo<\/title>\n<meta name=\"robots\" content=\"index, follow, max-snippet:-1, max-image-preview:large, max-video-preview:-1\" \/>\n<link rel=\"canonical\" href=\"https:\/\/padrejosimo.com.br\/site\/revista_radio\/pgm-191-serie-de-programas-entrevistando-musicos-elmer-fagundes-parte-2\/\" \/>\n<meta property=\"og:locale\" content=\"pt_BR\" \/>\n<meta property=\"og:type\" content=\"article\" \/>\n<meta property=\"og:title\" content=\"PGM #191: S\u00e9rie de programas entrevistando m\u00fasicos (Elmer Fagundes parte 2) - Instituto Cultural Padre Josimo\" \/>\n<meta property=\"og:description\" content=\"Temas da Semana:\u00a0Nesta semana, veio \u00e0 luz uma das mais aguardadas listas de pol\u00edticos e outras pessoas envolvidas com a Lava Jato: a Lista do Janot. S\u00e3o centenas de pessoas envolvidas, entre indiciadas e apenas citadas pelos delatores. N\u00e3o tem como n\u00e3o falar desse assunto, \u00e9 o que ocupa as reda\u00e7\u00f5es dos jornais, telejornais, r\u00e1dios [&hellip;]\" \/>\n<meta property=\"og:url\" content=\"https:\/\/padrejosimo.com.br\/site\/revista_radio\/pgm-191-serie-de-programas-entrevistando-musicos-elmer-fagundes-parte-2\/\" \/>\n<meta property=\"og:site_name\" content=\"Instituto Cultural Padre Josimo\" \/>\n<meta property=\"article:modified_time\" content=\"2017-05-05T14:54:49+00:00\" \/>\n<meta property=\"og:image\" content=\"https:\/\/padrejosimo.com.br\/site\/wp-content\/uploads\/2017\/04\/revista-de-radio-capa.jpg\" \/>\n\t<meta property=\"og:image:width\" content=\"550\" \/>\n\t<meta property=\"og:image:height\" content=\"161\" \/>\n\t<meta property=\"og:image:type\" content=\"image\/jpeg\" \/>\n<meta name=\"twitter:card\" content=\"summary_large_image\" \/>\n<meta name=\"twitter:label1\" content=\"Est. tempo de leitura\" \/>\n\t<meta name=\"twitter:data1\" content=\"1 minuto\" \/>\n<script type=\"application\/ld+json\" class=\"yoast-schema-graph\">{\"@context\":\"https:\/\/schema.org\",\"@graph\":[{\"@type\":\"WebPage\",\"@id\":\"https:\/\/padrejosimo.com.br\/site\/revista_radio\/pgm-191-serie-de-programas-entrevistando-musicos-elmer-fagundes-parte-2\/\",\"url\":\"https:\/\/padrejosimo.com.br\/site\/revista_radio\/pgm-191-serie-de-programas-entrevistando-musicos-elmer-fagundes-parte-2\/\",\"name\":\"PGM #191: S\u00e9rie de programas entrevistando m\u00fasicos (Elmer Fagundes parte 2) - Instituto Cultural Padre Josimo\",\"isPartOf\":{\"@id\":\"https:\/\/padrejosimo.com.br\/site\/#website\"},\"primaryImageOfPage\":{\"@id\":\"https:\/\/padrejosimo.com.br\/site\/revista_radio\/pgm-191-serie-de-programas-entrevistando-musicos-elmer-fagundes-parte-2\/#primaryimage\"},\"image\":{\"@id\":\"https:\/\/padrejosimo.com.br\/site\/revista_radio\/pgm-191-serie-de-programas-entrevistando-musicos-elmer-fagundes-parte-2\/#primaryimage\"},\"thumbnailUrl\":\"https:\/\/padrejosimo.com.br\/site\/wp-content\/uploads\/2017\/04\/revista-de-radio-capa.jpg\",\"datePublished\":\"2017-04-15T14:49:47+00:00\",\"dateModified\":\"2017-05-05T14:54:49+00:00\",\"breadcrumb\":{\"@id\":\"https:\/\/padrejosimo.com.br\/site\/revista_radio\/pgm-191-serie-de-programas-entrevistando-musicos-elmer-fagundes-parte-2\/#breadcrumb\"},\"inLanguage\":\"pt-BR\",\"potentialAction\":[{\"@type\":\"ReadAction\",\"target\":[\"https:\/\/padrejosimo.com.br\/site\/revista_radio\/pgm-191-serie-de-programas-entrevistando-musicos-elmer-fagundes-parte-2\/\"]}]},{\"@type\":\"ImageObject\",\"inLanguage\":\"pt-BR\",\"@id\":\"https:\/\/padrejosimo.com.br\/site\/revista_radio\/pgm-191-serie-de-programas-entrevistando-musicos-elmer-fagundes-parte-2\/#primaryimage\",\"url\":\"https:\/\/padrejosimo.com.br\/site\/wp-content\/uploads\/2017\/04\/revista-de-radio-capa.jpg\",\"contentUrl\":\"https:\/\/padrejosimo.com.br\/site\/wp-content\/uploads\/2017\/04\/revista-de-radio-capa.jpg\",\"width\":550,\"height\":161},{\"@type\":\"BreadcrumbList\",\"@id\":\"https:\/\/padrejosimo.com.br\/site\/revista_radio\/pgm-191-serie-de-programas-entrevistando-musicos-elmer-fagundes-parte-2\/#breadcrumb\",\"itemListElement\":[{\"@type\":\"ListItem\",\"position\":1,\"name\":\"In\u00edcio\",\"item\":\"https:\/\/padrejosimo.com.br\/site\/\"},{\"@type\":\"ListItem\",\"position\":2,\"name\":\"Revistas R\u00e1dio\",\"item\":\"https:\/\/padrejosimo.com.br\/site\/revista-radio\/\"},{\"@type\":\"ListItem\",\"position\":3,\"name\":\"PGM #191: S\u00e9rie de programas entrevistando m\u00fasicos (Elmer Fagundes parte 2)\"}]},{\"@type\":\"WebSite\",\"@id\":\"https:\/\/padrejosimo.com.br\/site\/#website\",\"url\":\"https:\/\/padrejosimo.com.br\/site\/\",\"name\":\"Instituto Cultural Padre Josimo\",\"description\":\"Comprometida com a promo\u00e7\u00e3o da justi\u00e7a social, agroecologia e educa\u00e7\u00e3o popular\",\"publisher\":{\"@id\":\"https:\/\/padrejosimo.com.br\/site\/#organization\"},\"alternateName\":\"ICPJ\",\"potentialAction\":[{\"@type\":\"SearchAction\",\"target\":{\"@type\":\"EntryPoint\",\"urlTemplate\":\"https:\/\/padrejosimo.com.br\/site\/?s={search_term_string}\"},\"query-input\":{\"@type\":\"PropertyValueSpecification\",\"valueRequired\":true,\"valueName\":\"search_term_string\"}}],\"inLanguage\":\"pt-BR\"},{\"@type\":\"Organization\",\"@id\":\"https:\/\/padrejosimo.com.br\/site\/#organization\",\"name\":\"Instituto Cultural Padre Josimo\",\"alternateName\":\"ICPJ\",\"url\":\"https:\/\/padrejosimo.com.br\/site\/\",\"logo\":{\"@type\":\"ImageObject\",\"inLanguage\":\"pt-BR\",\"@id\":\"https:\/\/padrejosimo.com.br\/site\/#\/schema\/logo\/image\/\",\"url\":\"https:\/\/padrejosimo.com.br\/site\/wp-content\/uploads\/2025\/09\/cropped-icon-icpj.png\",\"contentUrl\":\"https:\/\/padrejosimo.com.br\/site\/wp-content\/uploads\/2025\/09\/cropped-icon-icpj.png\",\"width\":512,\"height\":512,\"caption\":\"Instituto Cultural Padre Josimo\"},\"image\":{\"@id\":\"https:\/\/padrejosimo.com.br\/site\/#\/schema\/logo\/image\/\"}}]}<\/script>\n<!-- \/ Yoast SEO plugin. -->","yoast_head_json":{"title":"PGM #191: S\u00e9rie de programas entrevistando m\u00fasicos (Elmer Fagundes parte 2) - Instituto Cultural Padre Josimo","robots":{"index":"index","follow":"follow","max-snippet":"max-snippet:-1","max-image-preview":"max-image-preview:large","max-video-preview":"max-video-preview:-1"},"canonical":"https:\/\/padrejosimo.com.br\/site\/revista_radio\/pgm-191-serie-de-programas-entrevistando-musicos-elmer-fagundes-parte-2\/","og_locale":"pt_BR","og_type":"article","og_title":"PGM #191: S\u00e9rie de programas entrevistando m\u00fasicos (Elmer Fagundes parte 2) - Instituto Cultural Padre Josimo","og_description":"Temas da Semana:\u00a0Nesta semana, veio \u00e0 luz uma das mais aguardadas listas de pol\u00edticos e outras pessoas envolvidas com a Lava Jato: a Lista do Janot. S\u00e3o centenas de pessoas envolvidas, entre indiciadas e apenas citadas pelos delatores. N\u00e3o tem como n\u00e3o falar desse assunto, \u00e9 o que ocupa as reda\u00e7\u00f5es dos jornais, telejornais, r\u00e1dios [&hellip;]","og_url":"https:\/\/padrejosimo.com.br\/site\/revista_radio\/pgm-191-serie-de-programas-entrevistando-musicos-elmer-fagundes-parte-2\/","og_site_name":"Instituto Cultural Padre Josimo","article_modified_time":"2017-05-05T14:54:49+00:00","og_image":[{"width":550,"height":161,"url":"https:\/\/padrejosimo.com.br\/site\/wp-content\/uploads\/2017\/04\/revista-de-radio-capa.jpg","type":"image\/jpeg"}],"twitter_card":"summary_large_image","twitter_misc":{"Est. tempo de leitura":"1 minuto"},"schema":{"@context":"https:\/\/schema.org","@graph":[{"@type":"WebPage","@id":"https:\/\/padrejosimo.com.br\/site\/revista_radio\/pgm-191-serie-de-programas-entrevistando-musicos-elmer-fagundes-parte-2\/","url":"https:\/\/padrejosimo.com.br\/site\/revista_radio\/pgm-191-serie-de-programas-entrevistando-musicos-elmer-fagundes-parte-2\/","name":"PGM #191: S\u00e9rie de programas entrevistando m\u00fasicos (Elmer Fagundes parte 2) - Instituto Cultural Padre Josimo","isPartOf":{"@id":"https:\/\/padrejosimo.com.br\/site\/#website"},"primaryImageOfPage":{"@id":"https:\/\/padrejosimo.com.br\/site\/revista_radio\/pgm-191-serie-de-programas-entrevistando-musicos-elmer-fagundes-parte-2\/#primaryimage"},"image":{"@id":"https:\/\/padrejosimo.com.br\/site\/revista_radio\/pgm-191-serie-de-programas-entrevistando-musicos-elmer-fagundes-parte-2\/#primaryimage"},"thumbnailUrl":"https:\/\/padrejosimo.com.br\/site\/wp-content\/uploads\/2017\/04\/revista-de-radio-capa.jpg","datePublished":"2017-04-15T14:49:47+00:00","dateModified":"2017-05-05T14:54:49+00:00","breadcrumb":{"@id":"https:\/\/padrejosimo.com.br\/site\/revista_radio\/pgm-191-serie-de-programas-entrevistando-musicos-elmer-fagundes-parte-2\/#breadcrumb"},"inLanguage":"pt-BR","potentialAction":[{"@type":"ReadAction","target":["https:\/\/padrejosimo.com.br\/site\/revista_radio\/pgm-191-serie-de-programas-entrevistando-musicos-elmer-fagundes-parte-2\/"]}]},{"@type":"ImageObject","inLanguage":"pt-BR","@id":"https:\/\/padrejosimo.com.br\/site\/revista_radio\/pgm-191-serie-de-programas-entrevistando-musicos-elmer-fagundes-parte-2\/#primaryimage","url":"https:\/\/padrejosimo.com.br\/site\/wp-content\/uploads\/2017\/04\/revista-de-radio-capa.jpg","contentUrl":"https:\/\/padrejosimo.com.br\/site\/wp-content\/uploads\/2017\/04\/revista-de-radio-capa.jpg","width":550,"height":161},{"@type":"BreadcrumbList","@id":"https:\/\/padrejosimo.com.br\/site\/revista_radio\/pgm-191-serie-de-programas-entrevistando-musicos-elmer-fagundes-parte-2\/#breadcrumb","itemListElement":[{"@type":"ListItem","position":1,"name":"In\u00edcio","item":"https:\/\/padrejosimo.com.br\/site\/"},{"@type":"ListItem","position":2,"name":"Revistas R\u00e1dio","item":"https:\/\/padrejosimo.com.br\/site\/revista-radio\/"},{"@type":"ListItem","position":3,"name":"PGM #191: S\u00e9rie de programas entrevistando m\u00fasicos (Elmer Fagundes parte 2)"}]},{"@type":"WebSite","@id":"https:\/\/padrejosimo.com.br\/site\/#website","url":"https:\/\/padrejosimo.com.br\/site\/","name":"Instituto Cultural Padre Josimo","description":"Comprometida com a promo\u00e7\u00e3o da justi\u00e7a social, agroecologia e educa\u00e7\u00e3o popular","publisher":{"@id":"https:\/\/padrejosimo.com.br\/site\/#organization"},"alternateName":"ICPJ","potentialAction":[{"@type":"SearchAction","target":{"@type":"EntryPoint","urlTemplate":"https:\/\/padrejosimo.com.br\/site\/?s={search_term_string}"},"query-input":{"@type":"PropertyValueSpecification","valueRequired":true,"valueName":"search_term_string"}}],"inLanguage":"pt-BR"},{"@type":"Organization","@id":"https:\/\/padrejosimo.com.br\/site\/#organization","name":"Instituto Cultural Padre Josimo","alternateName":"ICPJ","url":"https:\/\/padrejosimo.com.br\/site\/","logo":{"@type":"ImageObject","inLanguage":"pt-BR","@id":"https:\/\/padrejosimo.com.br\/site\/#\/schema\/logo\/image\/","url":"https:\/\/padrejosimo.com.br\/site\/wp-content\/uploads\/2025\/09\/cropped-icon-icpj.png","contentUrl":"https:\/\/padrejosimo.com.br\/site\/wp-content\/uploads\/2025\/09\/cropped-icon-icpj.png","width":512,"height":512,"caption":"Instituto Cultural Padre Josimo"},"image":{"@id":"https:\/\/padrejosimo.com.br\/site\/#\/schema\/logo\/image\/"}}]}},"_links":{"self":[{"href":"https:\/\/padrejosimo.com.br\/site\/wp-json\/wp\/v2\/revista_radio\/205","targetHints":{"allow":["GET"]}}],"collection":[{"href":"https:\/\/padrejosimo.com.br\/site\/wp-json\/wp\/v2\/revista_radio"}],"about":[{"href":"https:\/\/padrejosimo.com.br\/site\/wp-json\/wp\/v2\/types\/revista_radio"}],"wp:featuredmedia":[{"embeddable":true,"href":"https:\/\/padrejosimo.com.br\/site\/wp-json\/wp\/v2\/media\/198"}],"wp:attachment":[{"href":"https:\/\/padrejosimo.com.br\/site\/wp-json\/wp\/v2\/media?parent=205"}],"curies":[{"name":"wp","href":"https:\/\/api.w.org\/{rel}","templated":true}]}}

PGM #191: Série de programas entrevistando músicos (Elmer Fagundes parte 2)

<p><b>Temas da Semana: </b>Nesta semana, veio à luz uma das mais aguardadas listas de políticos e outras pessoas envolvidas com a Lava Jato: a Lista do Janot. São centenas de pessoas envolvidas, entre indiciadas e apenas citadas pelos delatores. Não tem como não falar desse assunto, é o que ocupa as redações dos jornais, telejornais, rádios e internet. O questionamento que faço é sobre a forma como se divulga tais fatos. Outro assunto da semana é a questão da violência contra a mulher, pois vieram a público vários casos de violência envolvendo gente graúda. A Plimm Plimm foi duramente atingida. Vou publicar aqui o que disse uma juíza federal sobre a programação da referida emissora.</p>
<p><b>Entrevista de hoje: </b>Na entrevista de hoje, segue a série de programas musicais, que conversa com artistas e apresenta suas músicas, uma em cada parte do programa. Nesta edição, vai a segunda entrevista com Elmer Fagundes, gaiteiro e professor de música, natural e residente em Porto Alegre. Ele nos fala um pouco de sua atuação nas ações comunitárias, especialmente no Centro de Promoção da Criança e do Adolescente CPCA de Porto Alegre.</p>
<p>
 <b>Música:</b> Mercedita CPCA e Passaporte de Gaiteiro, com Elmer Fagundes e alunos.</p>

<!-- This site is optimized with the Yoast SEO plugin v27.2 - https://yoast.com/product/yoast-seo-wordpress/ -->
<title>PGM #191: Série de programas entrevistando músicos (Elmer Fagundes parte 2) - Instituto Cultural Padre Josimo</title>
<meta name="robots" content="index, follow, max-snippet:-1, max-image-preview:large, max-video-preview:-1" />
<link rel="canonical" href="https://padrejosimo.com.br/site/revista_radio/pgm-191-serie-de-programas-entrevistando-musicos-elmer-fagundes-parte-2/" />
<meta property="og:locale" content="pt_BR" />
<meta property="og:type" content="article" />
<meta property="og:title" content="PGM #191: Série de programas entrevistando músicos (Elmer Fagundes parte 2) - Instituto Cultural Padre Josimo" />
<meta property="og:description" content="Temas da Semana: Nesta semana, veio à luz uma das mais aguardadas listas de políticos e outras pessoas envolvidas com a Lava Jato: a Lista do Janot. São centenas de pessoas envolvidas, entre indiciadas e apenas citadas pelos delatores. Não tem como não falar desse assunto, é o que ocupa as redações dos jornais, telejornais, rádios [&hellip;]" />
<meta property="og:url" content="https://padrejosimo.com.br/site/revista_radio/pgm-191-serie-de-programas-entrevistando-musicos-elmer-fagundes-parte-2/" />
<meta property="og:site_name" content="Instituto Cultural Padre Josimo" />
<meta property="article:modified_time" content="2017-05-05T14:54:49+00:00" />
<meta property="og:image" content="https://padrejosimo.com.br/site/wp-content/uploads/2017/04/revista-de-radio-capa.jpg" />
	<meta property="og:image:width" content="550" />
	<meta property="og:image:height" content="161" />
	<meta property="og:image:type" content="image/jpeg" />
<meta name="twitter:card" content="summary_large_image" />
<meta name="twitter:label1" content="Est. tempo de leitura" />
	<meta name="twitter:data1" content="1 minuto" />
<script type="application/ld+json" class="yoast-schema-graph">{"@context":"https://schema.org","@graph":[{"@type":"WebPage","@id":"https://padrejosimo.com.br/site/revista_radio/pgm-191-serie-de-programas-entrevistando-musicos-elmer-fagundes-parte-2/","url":"https://padrejosimo.com.br/site/revista_radio/pgm-191-serie-de-programas-entrevistando-musicos-elmer-fagundes-parte-2/","name":"PGM #191: Série de programas entrevistando músicos (Elmer Fagundes parte 2) - Instituto Cultural Padre Josimo","isPartOf":{"@id":"https://padrejosimo.com.br/site/#website"},"primaryImageOfPage":{"@id":"https://padrejosimo.com.br/site/revista_radio/pgm-191-serie-de-programas-entrevistando-musicos-elmer-fagundes-parte-2/#primaryimage"},"image":{"@id":"https://padrejosimo.com.br/site/revista_radio/pgm-191-serie-de-programas-entrevistando-musicos-elmer-fagundes-parte-2/#primaryimage"},"thumbnailUrl":"https://padrejosimo.com.br/site/wp-content/uploads/2017/04/revista-de-radio-capa.jpg","datePublished":"2017-04-15T14:49:47+00:00","dateModified":"2017-05-05T14:54:49+00:00","breadcrumb":{"@id":"https://padrejosimo.com.br/site/revista_radio/pgm-191-serie-de-programas-entrevistando-musicos-elmer-fagundes-parte-2/#breadcrumb"},"inLanguage":"pt-BR","potentialAction":[{"@type":"ReadAction","target":["https://padrejosimo.com.br/site/revista_radio/pgm-191-serie-de-programas-entrevistando-musicos-elmer-fagundes-parte-2/"]}]},{"@type":"ImageObject","inLanguage":"pt-BR","@id":"https://padrejosimo.com.br/site/revista_radio/pgm-191-serie-de-programas-entrevistando-musicos-elmer-fagundes-parte-2/#primaryimage","url":"https://padrejosimo.com.br/site/wp-content/uploads/2017/04/revista-de-radio-capa.jpg","contentUrl":"https://padrejosimo.com.br/site/wp-content/uploads/2017/04/revista-de-radio-capa.jpg","width":550,"height":161},{"@type":"BreadcrumbList","@id":"https://padrejosimo.com.br/site/revista_radio/pgm-191-serie-de-programas-entrevistando-musicos-elmer-fagundes-parte-2/#breadcrumb","itemListElement":[{"@type":"ListItem","position":1,"name":"Início","item":"https://padrejosimo.com.br/site/"},{"@type":"ListItem","position":2,"name":"Revistas Rádio","item":"https://padrejosimo.com.br/site/revista-radio/"},{"@type":"ListItem","position":3,"name":"PGM #191: Série de programas entrevistando músicos (Elmer Fagundes parte 2)"}]},{"@type":"WebSite","@id":"https://padrejosimo.com.br/site/#website","url":"https://padrejosimo.com.br/site/","name":"Instituto Cultural Padre Josimo","description":"Comprometida com a promoção da justiça social, agroecologia e educação popular","publisher":{"@id":"https://padrejosimo.com.br/site/#organization"},"alternateName":"ICPJ","potentialAction":[{"@type":"SearchAction","target":{"@type":"EntryPoint","urlTemplate":"https://padrejosimo.com.br/site/?s={search_term_string}"},"query-input":{"@type":"PropertyValueSpecification","valueRequired":true,"valueName":"search_term_string"}}],"inLanguage":"pt-BR"},{"@type":"Organization","@id":"https://padrejosimo.com.br/site/#organization","name":"Instituto Cultural Padre Josimo","alternateName":"ICPJ","url":"https://padrejosimo.com.br/site/","logo":{"@type":"ImageObject","inLanguage":"pt-BR","@id":"https://padrejosimo.com.br/site/#/schema/logo/image/","url":"https://padrejosimo.com.br/site/wp-content/uploads/2025/09/cropped-icon-icpj.png","contentUrl":"https://padrejosimo.com.br/site/wp-content/uploads/2025/09/cropped-icon-icpj.png","width":512,"height":512,"caption":"Instituto Cultural Padre Josimo"},"image":{"@id":"https://padrejosimo.com.br/site/#/schema/logo/image/"}}]}</script>
<!-- / Yoast SEO plugin. -->

PGM #191: Série de programas entrevistando músicos (Elmer Fagundes parte 2) - Instituto Cultural Padre Josimo

Temas da Semana: Nesta semana, veio à luz uma das mais aguardadas listas de políticos e outras pessoas envolvidas com a Lava Jato: a Lista do Janot. São centenas de pessoas envolvidas, entre indiciadas e apenas citadas pelos delatores. Não tem como não falar desse assunto, é o que ocupa as redações dos jornais, telejornais, rádios [&hellip;]

Início

Revistas Rádio

Comprometida com a promoção da justiça social, agroecologia e educação popular
