{"id":122,"date":"2017-04-08T17:18:05","date_gmt":"2017-04-08T20:18:05","guid":{"rendered":"http:\/\/bagual.com.br\/site\/?post_type=revista_radio&#038;p=122"},"modified":"2017-05-05T15:21:29","modified_gmt":"2017-05-05T18:21:29","slug":"revista-de-radio-190-serie-de-programas-entrevistando-musicos-parte-1","status":"publish","type":"revista_radio","link":"https:\/\/padrejosimo.com.br\/site\/revista_radio\/revista-de-radio-190-serie-de-programas-entrevistando-musicos-parte-1\/","title":{"rendered":"PGM #190: S\u00e9rie de programas entrevistando m\u00fasicos (parte 1)"},"content":{"rendered":"<p><b>Temas da Semana:<\/b><\/p>\n<p><span style=\"font-weight: 400;\">Nesta semana os destaques continuam por conta do andamento na Justi\u00e7a Eleitoral do processo de cassa\u00e7\u00e3o da chapa Dilma-Temer. E agora Jos\u00e9? Enquanto isso os Movimentos Sociais, as Centrais sindicais, as Pastorais Sociais e as for\u00e7as vivas da Sociedade de um modo geral est\u00e3o se movimentando e buscando unidade no enfrentamento ao desmonte do Estado Brasileiro, especialmente das Pol\u00edticas P\u00fablicas. O desemprego e a recess\u00e3o tem se acentuado, ligando o sinal de alerta da popula\u00e7\u00e3o que continua muito iludida pelo espet\u00e1culo da M\u00eddia que defende o Golpe, o desmonte do Estado fazendo reportagens e mat\u00e9rias falsas e mentirosas.<\/span><\/p>\n<p><b>Entrevista de hoje: <\/b><\/p>\n<p><span style=\"font-weight: 400;\">Na entrevista de hoje damos in\u00edcio a uma s\u00e9rie de programas musicais. Isto \u00e9, vamos entrevistar os artistas e apresentar suas m\u00fasicas, uma em cada Parte do Programa. Iniciamos com Elmer Fagundes, gaiteiro e professor de m\u00fasica, natural e residente em Porto Alegre. Hoje ele nos fala um pouco de sua trajet\u00f3ria pessoal enquanto artista popular.<\/span><br \/>\n<b>M\u00fasica:<\/b> <i><span style=\"font-weight: 400;\">F\u00e1brica de gaiteiros &nbsp;CPCA<\/span><\/i><span style=\"font-weight: 400;\">, com <\/span><i><span style=\"font-weight: 400;\">Elmer Fagundes e alunos.<\/span><\/i><\/p>\n","protected":false},"featured_media":198,"template":"","class_list":["post-122","revista_radio","type-revista_radio","status-publish","has-post-thumbnail","hentry"],"acf":[],"yoast_head":"<!-- This site is optimized with the Yoast SEO plugin v27.2 - https:\/\/yoast.com\/product\/yoast-seo-wordpress\/ -->\n<title>PGM #190: S\u00e9rie de programas entrevistando m\u00fasicos (parte 1) - Instituto Cultural Padre Josimo<\/title>\n<meta name=\"robots\" content=\"index, follow, max-snippet:-1, max-image-preview:large, max-video-preview:-1\" \/>\n<link rel=\"canonical\" href=\"https:\/\/padrejosimo.com.br\/site\/revista_radio\/revista-de-radio-190-serie-de-programas-entrevistando-musicos-parte-1\/\" \/>\n<meta property=\"og:locale\" content=\"pt_BR\" \/>\n<meta property=\"og:type\" content=\"article\" \/>\n<meta property=\"og:title\" content=\"PGM #190: S\u00e9rie de programas entrevistando m\u00fasicos (parte 1) - Instituto Cultural Padre Josimo\" \/>\n<meta property=\"og:description\" content=\"Temas da Semana: Nesta semana os destaques continuam por conta do andamento na Justi\u00e7a Eleitoral do processo de cassa\u00e7\u00e3o da chapa Dilma-Temer. E agora Jos\u00e9? Enquanto isso os Movimentos Sociais, as Centrais sindicais, as Pastorais Sociais e as for\u00e7as vivas da Sociedade de um modo geral est\u00e3o se movimentando e buscando unidade no enfrentamento ao [&hellip;]\" \/>\n<meta property=\"og:url\" content=\"https:\/\/padrejosimo.com.br\/site\/revista_radio\/revista-de-radio-190-serie-de-programas-entrevistando-musicos-parte-1\/\" \/>\n<meta property=\"og:site_name\" content=\"Instituto Cultural Padre Josimo\" \/>\n<meta property=\"article:modified_time\" content=\"2017-05-05T18:21:29+00:00\" \/>\n<meta property=\"og:image\" content=\"https:\/\/padrejosimo.com.br\/site\/wp-content\/uploads\/2017\/04\/revista-de-radio-capa.jpg\" \/>\n\t<meta property=\"og:image:width\" content=\"550\" \/>\n\t<meta property=\"og:image:height\" content=\"161\" \/>\n\t<meta property=\"og:image:type\" content=\"image\/jpeg\" \/>\n<meta name=\"twitter:card\" content=\"summary_large_image\" \/>\n<meta name=\"twitter:label1\" content=\"Est. tempo de leitura\" \/>\n\t<meta name=\"twitter:data1\" content=\"1 minuto\" \/>\n<script type=\"application\/ld+json\" class=\"yoast-schema-graph\">{\"@context\":\"https:\/\/schema.org\",\"@graph\":[{\"@type\":\"WebPage\",\"@id\":\"https:\/\/padrejosimo.com.br\/site\/revista_radio\/revista-de-radio-190-serie-de-programas-entrevistando-musicos-parte-1\/\",\"url\":\"https:\/\/padrejosimo.com.br\/site\/revista_radio\/revista-de-radio-190-serie-de-programas-entrevistando-musicos-parte-1\/\",\"name\":\"PGM #190: S\u00e9rie de programas entrevistando m\u00fasicos (parte 1) - Instituto Cultural Padre Josimo\",\"isPartOf\":{\"@id\":\"https:\/\/padrejosimo.com.br\/site\/#website\"},\"primaryImageOfPage\":{\"@id\":\"https:\/\/padrejosimo.com.br\/site\/revista_radio\/revista-de-radio-190-serie-de-programas-entrevistando-musicos-parte-1\/#primaryimage\"},\"image\":{\"@id\":\"https:\/\/padrejosimo.com.br\/site\/revista_radio\/revista-de-radio-190-serie-de-programas-entrevistando-musicos-parte-1\/#primaryimage\"},\"thumbnailUrl\":\"https:\/\/padrejosimo.com.br\/site\/wp-content\/uploads\/2017\/04\/revista-de-radio-capa.jpg\",\"datePublished\":\"2017-04-08T20:18:05+00:00\",\"dateModified\":\"2017-05-05T18:21:29+00:00\",\"breadcrumb\":{\"@id\":\"https:\/\/padrejosimo.com.br\/site\/revista_radio\/revista-de-radio-190-serie-de-programas-entrevistando-musicos-parte-1\/#breadcrumb\"},\"inLanguage\":\"pt-BR\",\"potentialAction\":[{\"@type\":\"ReadAction\",\"target\":[\"https:\/\/padrejosimo.com.br\/site\/revista_radio\/revista-de-radio-190-serie-de-programas-entrevistando-musicos-parte-1\/\"]}]},{\"@type\":\"ImageObject\",\"inLanguage\":\"pt-BR\",\"@id\":\"https:\/\/padrejosimo.com.br\/site\/revista_radio\/revista-de-radio-190-serie-de-programas-entrevistando-musicos-parte-1\/#primaryimage\",\"url\":\"https:\/\/padrejosimo.com.br\/site\/wp-content\/uploads\/2017\/04\/revista-de-radio-capa.jpg\",\"contentUrl\":\"https:\/\/padrejosimo.com.br\/site\/wp-content\/uploads\/2017\/04\/revista-de-radio-capa.jpg\",\"width\":550,\"height\":161},{\"@type\":\"BreadcrumbList\",\"@id\":\"https:\/\/padrejosimo.com.br\/site\/revista_radio\/revista-de-radio-190-serie-de-programas-entrevistando-musicos-parte-1\/#breadcrumb\",\"itemListElement\":[{\"@type\":\"ListItem\",\"position\":1,\"name\":\"In\u00edcio\",\"item\":\"https:\/\/padrejosimo.com.br\/site\/\"},{\"@type\":\"ListItem\",\"position\":2,\"name\":\"Revistas R\u00e1dio\",\"item\":\"https:\/\/padrejosimo.com.br\/site\/revista-radio\/\"},{\"@type\":\"ListItem\",\"position\":3,\"name\":\"PGM #190: S\u00e9rie de programas entrevistando m\u00fasicos (parte 1)\"}]},{\"@type\":\"WebSite\",\"@id\":\"https:\/\/padrejosimo.com.br\/site\/#website\",\"url\":\"https:\/\/padrejosimo.com.br\/site\/\",\"name\":\"Instituto Cultural Padre Josimo\",\"description\":\"Comprometida com a promo\u00e7\u00e3o da justi\u00e7a social, agroecologia e educa\u00e7\u00e3o popular\",\"publisher\":{\"@id\":\"https:\/\/padrejosimo.com.br\/site\/#organization\"},\"alternateName\":\"ICPJ\",\"potentialAction\":[{\"@type\":\"SearchAction\",\"target\":{\"@type\":\"EntryPoint\",\"urlTemplate\":\"https:\/\/padrejosimo.com.br\/site\/?s={search_term_string}\"},\"query-input\":{\"@type\":\"PropertyValueSpecification\",\"valueRequired\":true,\"valueName\":\"search_term_string\"}}],\"inLanguage\":\"pt-BR\"},{\"@type\":\"Organization\",\"@id\":\"https:\/\/padrejosimo.com.br\/site\/#organization\",\"name\":\"Instituto Cultural Padre Josimo\",\"alternateName\":\"ICPJ\",\"url\":\"https:\/\/padrejosimo.com.br\/site\/\",\"logo\":{\"@type\":\"ImageObject\",\"inLanguage\":\"pt-BR\",\"@id\":\"https:\/\/padrejosimo.com.br\/site\/#\/schema\/logo\/image\/\",\"url\":\"https:\/\/padrejosimo.com.br\/site\/wp-content\/uploads\/2025\/09\/cropped-icon-icpj.png\",\"contentUrl\":\"https:\/\/padrejosimo.com.br\/site\/wp-content\/uploads\/2025\/09\/cropped-icon-icpj.png\",\"width\":512,\"height\":512,\"caption\":\"Instituto Cultural Padre Josimo\"},\"image\":{\"@id\":\"https:\/\/padrejosimo.com.br\/site\/#\/schema\/logo\/image\/\"}}]}<\/script>\n<!-- \/ Yoast SEO plugin. -->","yoast_head_json":{"title":"PGM #190: S\u00e9rie de programas entrevistando m\u00fasicos (parte 1) - Instituto Cultural Padre Josimo","robots":{"index":"index","follow":"follow","max-snippet":"max-snippet:-1","max-image-preview":"max-image-preview:large","max-video-preview":"max-video-preview:-1"},"canonical":"https:\/\/padrejosimo.com.br\/site\/revista_radio\/revista-de-radio-190-serie-de-programas-entrevistando-musicos-parte-1\/","og_locale":"pt_BR","og_type":"article","og_title":"PGM #190: S\u00e9rie de programas entrevistando m\u00fasicos (parte 1) - Instituto Cultural Padre Josimo","og_description":"Temas da Semana: Nesta semana os destaques continuam por conta do andamento na Justi\u00e7a Eleitoral do processo de cassa\u00e7\u00e3o da chapa Dilma-Temer. E agora Jos\u00e9? Enquanto isso os Movimentos Sociais, as Centrais sindicais, as Pastorais Sociais e as for\u00e7as vivas da Sociedade de um modo geral est\u00e3o se movimentando e buscando unidade no enfrentamento ao [&hellip;]","og_url":"https:\/\/padrejosimo.com.br\/site\/revista_radio\/revista-de-radio-190-serie-de-programas-entrevistando-musicos-parte-1\/","og_site_name":"Instituto Cultural Padre Josimo","article_modified_time":"2017-05-05T18:21:29+00:00","og_image":[{"width":550,"height":161,"url":"https:\/\/padrejosimo.com.br\/site\/wp-content\/uploads\/2017\/04\/revista-de-radio-capa.jpg","type":"image\/jpeg"}],"twitter_card":"summary_large_image","twitter_misc":{"Est. tempo de leitura":"1 minuto"},"schema":{"@context":"https:\/\/schema.org","@graph":[{"@type":"WebPage","@id":"https:\/\/padrejosimo.com.br\/site\/revista_radio\/revista-de-radio-190-serie-de-programas-entrevistando-musicos-parte-1\/","url":"https:\/\/padrejosimo.com.br\/site\/revista_radio\/revista-de-radio-190-serie-de-programas-entrevistando-musicos-parte-1\/","name":"PGM #190: S\u00e9rie de programas entrevistando m\u00fasicos (parte 1) - Instituto Cultural Padre Josimo","isPartOf":{"@id":"https:\/\/padrejosimo.com.br\/site\/#website"},"primaryImageOfPage":{"@id":"https:\/\/padrejosimo.com.br\/site\/revista_radio\/revista-de-radio-190-serie-de-programas-entrevistando-musicos-parte-1\/#primaryimage"},"image":{"@id":"https:\/\/padrejosimo.com.br\/site\/revista_radio\/revista-de-radio-190-serie-de-programas-entrevistando-musicos-parte-1\/#primaryimage"},"thumbnailUrl":"https:\/\/padrejosimo.com.br\/site\/wp-content\/uploads\/2017\/04\/revista-de-radio-capa.jpg","datePublished":"2017-04-08T20:18:05+00:00","dateModified":"2017-05-05T18:21:29+00:00","breadcrumb":{"@id":"https:\/\/padrejosimo.com.br\/site\/revista_radio\/revista-de-radio-190-serie-de-programas-entrevistando-musicos-parte-1\/#breadcrumb"},"inLanguage":"pt-BR","potentialAction":[{"@type":"ReadAction","target":["https:\/\/padrejosimo.com.br\/site\/revista_radio\/revista-de-radio-190-serie-de-programas-entrevistando-musicos-parte-1\/"]}]},{"@type":"ImageObject","inLanguage":"pt-BR","@id":"https:\/\/padrejosimo.com.br\/site\/revista_radio\/revista-de-radio-190-serie-de-programas-entrevistando-musicos-parte-1\/#primaryimage","url":"https:\/\/padrejosimo.com.br\/site\/wp-content\/uploads\/2017\/04\/revista-de-radio-capa.jpg","contentUrl":"https:\/\/padrejosimo.com.br\/site\/wp-content\/uploads\/2017\/04\/revista-de-radio-capa.jpg","width":550,"height":161},{"@type":"BreadcrumbList","@id":"https:\/\/padrejosimo.com.br\/site\/revista_radio\/revista-de-radio-190-serie-de-programas-entrevistando-musicos-parte-1\/#breadcrumb","itemListElement":[{"@type":"ListItem","position":1,"name":"In\u00edcio","item":"https:\/\/padrejosimo.com.br\/site\/"},{"@type":"ListItem","position":2,"name":"Revistas R\u00e1dio","item":"https:\/\/padrejosimo.com.br\/site\/revista-radio\/"},{"@type":"ListItem","position":3,"name":"PGM #190: S\u00e9rie de programas entrevistando m\u00fasicos (parte 1)"}]},{"@type":"WebSite","@id":"https:\/\/padrejosimo.com.br\/site\/#website","url":"https:\/\/padrejosimo.com.br\/site\/","name":"Instituto Cultural Padre Josimo","description":"Comprometida com a promo\u00e7\u00e3o da justi\u00e7a social, agroecologia e educa\u00e7\u00e3o popular","publisher":{"@id":"https:\/\/padrejosimo.com.br\/site\/#organization"},"alternateName":"ICPJ","potentialAction":[{"@type":"SearchAction","target":{"@type":"EntryPoint","urlTemplate":"https:\/\/padrejosimo.com.br\/site\/?s={search_term_string}"},"query-input":{"@type":"PropertyValueSpecification","valueRequired":true,"valueName":"search_term_string"}}],"inLanguage":"pt-BR"},{"@type":"Organization","@id":"https:\/\/padrejosimo.com.br\/site\/#organization","name":"Instituto Cultural Padre Josimo","alternateName":"ICPJ","url":"https:\/\/padrejosimo.com.br\/site\/","logo":{"@type":"ImageObject","inLanguage":"pt-BR","@id":"https:\/\/padrejosimo.com.br\/site\/#\/schema\/logo\/image\/","url":"https:\/\/padrejosimo.com.br\/site\/wp-content\/uploads\/2025\/09\/cropped-icon-icpj.png","contentUrl":"https:\/\/padrejosimo.com.br\/site\/wp-content\/uploads\/2025\/09\/cropped-icon-icpj.png","width":512,"height":512,"caption":"Instituto Cultural Padre Josimo"},"image":{"@id":"https:\/\/padrejosimo.com.br\/site\/#\/schema\/logo\/image\/"}}]}},"_links":{"self":[{"href":"https:\/\/padrejosimo.com.br\/site\/wp-json\/wp\/v2\/revista_radio\/122","targetHints":{"allow":["GET"]}}],"collection":[{"href":"https:\/\/padrejosimo.com.br\/site\/wp-json\/wp\/v2\/revista_radio"}],"about":[{"href":"https:\/\/padrejosimo.com.br\/site\/wp-json\/wp\/v2\/types\/revista_radio"}],"wp:featuredmedia":[{"embeddable":true,"href":"https:\/\/padrejosimo.com.br\/site\/wp-json\/wp\/v2\/media\/198"}],"wp:attachment":[{"href":"https:\/\/padrejosimo.com.br\/site\/wp-json\/wp\/v2\/media?parent=122"}],"curies":[{"name":"wp","href":"https:\/\/api.w.org\/{rel}","templated":true}]}}

PGM #190: Série de programas entrevistando músicos (parte 1)

<p><b>Temas da Semana:</b></p>
<p><span style="font-weight: 400;">Nesta semana os destaques continuam por conta do andamento na Justiça Eleitoral do processo de cassação da chapa Dilma-Temer. E agora José? Enquanto isso os Movimentos Sociais, as Centrais sindicais, as Pastorais Sociais e as forças vivas da Sociedade de um modo geral estão se movimentando e buscando unidade no enfrentamento ao desmonte do Estado Brasileiro, especialmente das Políticas Públicas. O desemprego e a recessão tem se acentuado, ligando o sinal de alerta da população que continua muito iludida pelo espetáculo da Mídia que defende o Golpe, o desmonte do Estado fazendo reportagens e matérias falsas e mentirosas.</span></p>
<p><b>Entrevista de hoje: </b></p>
<p><span style="font-weight: 400;">Na entrevista de hoje damos início a uma série de programas musicais. Isto é, vamos entrevistar os artistas e apresentar suas músicas, uma em cada Parte do Programa. Iniciamos com Elmer Fagundes, gaiteiro e professor de música, natural e residente em Porto Alegre. Hoje ele nos fala um pouco de sua trajetória pessoal enquanto artista popular.</span><br />
<b>Música:</b> <i><span style="font-weight: 400;">Fábrica de gaiteiros &nbsp;CPCA</span></i><span style="font-weight: 400;">, com </span><i><span style="font-weight: 400;">Elmer Fagundes e alunos.</span></i></p>

<!-- This site is optimized with the Yoast SEO plugin v27.2 - https://yoast.com/product/yoast-seo-wordpress/ -->
<title>PGM #190: Série de programas entrevistando músicos (parte 1) - Instituto Cultural Padre Josimo</title>
<meta name="robots" content="index, follow, max-snippet:-1, max-image-preview:large, max-video-preview:-1" />
<link rel="canonical" href="https://padrejosimo.com.br/site/revista_radio/revista-de-radio-190-serie-de-programas-entrevistando-musicos-parte-1/" />
<meta property="og:locale" content="pt_BR" />
<meta property="og:type" content="article" />
<meta property="og:title" content="PGM #190: Série de programas entrevistando músicos (parte 1) - Instituto Cultural Padre Josimo" />
<meta property="og:description" content="Temas da Semana: Nesta semana os destaques continuam por conta do andamento na Justiça Eleitoral do processo de cassação da chapa Dilma-Temer. E agora José? Enquanto isso os Movimentos Sociais, as Centrais sindicais, as Pastorais Sociais e as forças vivas da Sociedade de um modo geral estão se movimentando e buscando unidade no enfrentamento ao [&hellip;]" />
<meta property="og:url" content="https://padrejosimo.com.br/site/revista_radio/revista-de-radio-190-serie-de-programas-entrevistando-musicos-parte-1/" />
<meta property="og:site_name" content="Instituto Cultural Padre Josimo" />
<meta property="article:modified_time" content="2017-05-05T18:21:29+00:00" />
<meta property="og:image" content="https://padrejosimo.com.br/site/wp-content/uploads/2017/04/revista-de-radio-capa.jpg" />
	<meta property="og:image:width" content="550" />
	<meta property="og:image:height" content="161" />
	<meta property="og:image:type" content="image/jpeg" />
<meta name="twitter:card" content="summary_large_image" />
<meta name="twitter:label1" content="Est. tempo de leitura" />
	<meta name="twitter:data1" content="1 minuto" />
<script type="application/ld+json" class="yoast-schema-graph">{"@context":"https://schema.org","@graph":[{"@type":"WebPage","@id":"https://padrejosimo.com.br/site/revista_radio/revista-de-radio-190-serie-de-programas-entrevistando-musicos-parte-1/","url":"https://padrejosimo.com.br/site/revista_radio/revista-de-radio-190-serie-de-programas-entrevistando-musicos-parte-1/","name":"PGM #190: Série de programas entrevistando músicos (parte 1) - Instituto Cultural Padre Josimo","isPartOf":{"@id":"https://padrejosimo.com.br/site/#website"},"primaryImageOfPage":{"@id":"https://padrejosimo.com.br/site/revista_radio/revista-de-radio-190-serie-de-programas-entrevistando-musicos-parte-1/#primaryimage"},"image":{"@id":"https://padrejosimo.com.br/site/revista_radio/revista-de-radio-190-serie-de-programas-entrevistando-musicos-parte-1/#primaryimage"},"thumbnailUrl":"https://padrejosimo.com.br/site/wp-content/uploads/2017/04/revista-de-radio-capa.jpg","datePublished":"2017-04-08T20:18:05+00:00","dateModified":"2017-05-05T18:21:29+00:00","breadcrumb":{"@id":"https://padrejosimo.com.br/site/revista_radio/revista-de-radio-190-serie-de-programas-entrevistando-musicos-parte-1/#breadcrumb"},"inLanguage":"pt-BR","potentialAction":[{"@type":"ReadAction","target":["https://padrejosimo.com.br/site/revista_radio/revista-de-radio-190-serie-de-programas-entrevistando-musicos-parte-1/"]}]},{"@type":"ImageObject","inLanguage":"pt-BR","@id":"https://padrejosimo.com.br/site/revista_radio/revista-de-radio-190-serie-de-programas-entrevistando-musicos-parte-1/#primaryimage","url":"https://padrejosimo.com.br/site/wp-content/uploads/2017/04/revista-de-radio-capa.jpg","contentUrl":"https://padrejosimo.com.br/site/wp-content/uploads/2017/04/revista-de-radio-capa.jpg","width":550,"height":161},{"@type":"BreadcrumbList","@id":"https://padrejosimo.com.br/site/revista_radio/revista-de-radio-190-serie-de-programas-entrevistando-musicos-parte-1/#breadcrumb","itemListElement":[{"@type":"ListItem","position":1,"name":"Início","item":"https://padrejosimo.com.br/site/"},{"@type":"ListItem","position":2,"name":"Revistas Rádio","item":"https://padrejosimo.com.br/site/revista-radio/"},{"@type":"ListItem","position":3,"name":"PGM #190: Série de programas entrevistando músicos (parte 1)"}]},{"@type":"WebSite","@id":"https://padrejosimo.com.br/site/#website","url":"https://padrejosimo.com.br/site/","name":"Instituto Cultural Padre Josimo","description":"Comprometida com a promoção da justiça social, agroecologia e educação popular","publisher":{"@id":"https://padrejosimo.com.br/site/#organization"},"alternateName":"ICPJ","potentialAction":[{"@type":"SearchAction","target":{"@type":"EntryPoint","urlTemplate":"https://padrejosimo.com.br/site/?s={search_term_string}"},"query-input":{"@type":"PropertyValueSpecification","valueRequired":true,"valueName":"search_term_string"}}],"inLanguage":"pt-BR"},{"@type":"Organization","@id":"https://padrejosimo.com.br/site/#organization","name":"Instituto Cultural Padre Josimo","alternateName":"ICPJ","url":"https://padrejosimo.com.br/site/","logo":{"@type":"ImageObject","inLanguage":"pt-BR","@id":"https://padrejosimo.com.br/site/#/schema/logo/image/","url":"https://padrejosimo.com.br/site/wp-content/uploads/2025/09/cropped-icon-icpj.png","contentUrl":"https://padrejosimo.com.br/site/wp-content/uploads/2025/09/cropped-icon-icpj.png","width":512,"height":512,"caption":"Instituto Cultural Padre Josimo"},"image":{"@id":"https://padrejosimo.com.br/site/#/schema/logo/image/"}}]}</script>
<!-- / Yoast SEO plugin. -->

PGM #190: Série de programas entrevistando músicos (parte 1) - Instituto Cultural Padre Josimo

Temas da Semana: Nesta semana os destaques continuam por conta do andamento na Justiça Eleitoral do processo de cassação da chapa Dilma-Temer. E agora José? Enquanto isso os Movimentos Sociais, as Centrais sindicais, as Pastorais Sociais e as forças vivas da Sociedade de um modo geral estão se movimentando e buscando unidade no enfrentamento ao [&hellip;]

Início

Revistas Rádio

Comprometida com a promoção da justiça social, agroecologia e educação popular
