{"id":121,"date":"2017-04-08T17:16:42","date_gmt":"2017-04-08T20:16:42","guid":{"rendered":"http:\/\/bagual.com.br\/site\/?post_type=revista_radio&#038;p=121"},"modified":"2017-05-12T11:58:28","modified_gmt":"2017-05-12T14:58:28","slug":"revista-de-radio-189-serie-de-entrevistas-sobre-reforma-da-previdencia-parte-4","status":"publish","type":"revista_radio","link":"https:\/\/padrejosimo.com.br\/site\/revista_radio\/revista-de-radio-189-serie-de-entrevistas-sobre-reforma-da-previdencia-parte-4\/","title":{"rendered":"PGM #189: S\u00e9rie de entrevistas sobre Reforma da Previd\u00eancia (parte 4)"},"content":{"rendered":"<p><strong>Temas da semana: <\/strong>Nesta semana, os destaques ficam por conta do andamento na Justi\u00e7a Eleitoral do processo de cassa\u00e7\u00e3o da chapa Dilma-Temer. E agora Jos\u00e9? Enquanto isso, os arquitetos do golpe est\u00e3o articulando alguma sa\u00edda para n\u00e3o entregar a \u201crapadura\u201d. Pesquisas de opini\u00e3o p\u00fablica indicam que o Governo e seus apoiadores t\u00eam cada vez menos aprova\u00e7\u00e3o popular, enquanto que o ex-presidente Lula lidera em todas a pesquisas eleitorais em vistas \u00e0s elei\u00e7\u00f5es de 2018. Enquanto isso, as manifesta\u00e7\u00f5es de rua contra a Lei da Terceiriza\u00e7\u00e3o e o projeto da Reforma da Previd\u00eancia tem aumentado em todo o pa\u00eds, com om mote unificador: \u201cFora Temer\u201d.<\/p>\n<p><strong>Entrevista: <\/strong>Na entrevista da edi\u00e7\u00e3o, segue o ciclo de conversas sobre a Reforma da Previd\u00eancia. Trata-se de uma s\u00e9rie de entrevistas com especialistas e outras pessoas que dominam o assunto para esclarecer os ouvintes. Nessa edi\u00e7\u00e3o, fique com a segunda parte da conversa com Cesar Roxo, que \u00e9 presidente da Associa\u00e7\u00e3o Ga\u00facha dos Auditores Fiscais da Receita Federal do Brasil. Ele faz um hist\u00f3rico da Seguridade Social no Brasil e procura esclarecer os reais motivos de tal reforma, e seus efeitos danosos para a popula\u00e7\u00e3o, especialmente as camadas mais desfavorecidas da sociedade.<\/p>\n<p><strong>M\u00fasica da edi\u00e7\u00e3o<\/strong>: Desgarrados, com Victor Hugo.<\/p>\n","protected":false},"featured_media":0,"template":"","class_list":["post-121","revista_radio","type-revista_radio","status-publish","hentry"],"acf":[],"yoast_head":"<!-- This site is optimized with the Yoast SEO plugin v27.2 - https:\/\/yoast.com\/product\/yoast-seo-wordpress\/ -->\n<title>PGM #189: S\u00e9rie de entrevistas sobre Reforma da Previd\u00eancia (parte 4) - Instituto Cultural Padre Josimo<\/title>\n<meta name=\"robots\" content=\"index, follow, max-snippet:-1, max-image-preview:large, max-video-preview:-1\" \/>\n<link rel=\"canonical\" href=\"https:\/\/padrejosimo.com.br\/site\/revista_radio\/revista-de-radio-189-serie-de-entrevistas-sobre-reforma-da-previdencia-parte-4\/\" \/>\n<meta property=\"og:locale\" content=\"pt_BR\" \/>\n<meta property=\"og:type\" content=\"article\" \/>\n<meta property=\"og:title\" content=\"PGM #189: S\u00e9rie de entrevistas sobre Reforma da Previd\u00eancia (parte 4) - Instituto Cultural Padre Josimo\" \/>\n<meta property=\"og:description\" content=\"Temas da semana: Nesta semana, os destaques ficam por conta do andamento na Justi\u00e7a Eleitoral do processo de cassa\u00e7\u00e3o da chapa Dilma-Temer. E agora Jos\u00e9? Enquanto isso, os arquitetos do golpe est\u00e3o articulando alguma sa\u00edda para n\u00e3o entregar a \u201crapadura\u201d. Pesquisas de opini\u00e3o p\u00fablica indicam que o Governo e seus apoiadores t\u00eam cada vez menos [&hellip;]\" \/>\n<meta property=\"og:url\" content=\"https:\/\/padrejosimo.com.br\/site\/revista_radio\/revista-de-radio-189-serie-de-entrevistas-sobre-reforma-da-previdencia-parte-4\/\" \/>\n<meta property=\"og:site_name\" content=\"Instituto Cultural Padre Josimo\" \/>\n<meta property=\"article:modified_time\" content=\"2017-05-12T14:58:28+00:00\" \/>\n<meta property=\"og:image\" content=\"https:\/\/padrejosimo.com.br\/site\/wp-content\/uploads\/2025\/09\/cropped-icon-icpj.png\" \/>\n\t<meta property=\"og:image:width\" content=\"512\" \/>\n\t<meta property=\"og:image:height\" content=\"512\" \/>\n\t<meta property=\"og:image:type\" content=\"image\/png\" \/>\n<meta name=\"twitter:card\" content=\"summary_large_image\" \/>\n<meta name=\"twitter:label1\" content=\"Est. tempo de leitura\" \/>\n\t<meta name=\"twitter:data1\" content=\"1 minuto\" \/>\n<script type=\"application\/ld+json\" class=\"yoast-schema-graph\">{\"@context\":\"https:\/\/schema.org\",\"@graph\":[{\"@type\":\"WebPage\",\"@id\":\"https:\/\/padrejosimo.com.br\/site\/revista_radio\/revista-de-radio-189-serie-de-entrevistas-sobre-reforma-da-previdencia-parte-4\/\",\"url\":\"https:\/\/padrejosimo.com.br\/site\/revista_radio\/revista-de-radio-189-serie-de-entrevistas-sobre-reforma-da-previdencia-parte-4\/\",\"name\":\"PGM #189: S\u00e9rie de entrevistas sobre Reforma da Previd\u00eancia (parte 4) - Instituto Cultural Padre Josimo\",\"isPartOf\":{\"@id\":\"https:\/\/padrejosimo.com.br\/site\/#website\"},\"datePublished\":\"2017-04-08T20:16:42+00:00\",\"dateModified\":\"2017-05-12T14:58:28+00:00\",\"breadcrumb\":{\"@id\":\"https:\/\/padrejosimo.com.br\/site\/revista_radio\/revista-de-radio-189-serie-de-entrevistas-sobre-reforma-da-previdencia-parte-4\/#breadcrumb\"},\"inLanguage\":\"pt-BR\",\"potentialAction\":[{\"@type\":\"ReadAction\",\"target\":[\"https:\/\/padrejosimo.com.br\/site\/revista_radio\/revista-de-radio-189-serie-de-entrevistas-sobre-reforma-da-previdencia-parte-4\/\"]}]},{\"@type\":\"BreadcrumbList\",\"@id\":\"https:\/\/padrejosimo.com.br\/site\/revista_radio\/revista-de-radio-189-serie-de-entrevistas-sobre-reforma-da-previdencia-parte-4\/#breadcrumb\",\"itemListElement\":[{\"@type\":\"ListItem\",\"position\":1,\"name\":\"In\u00edcio\",\"item\":\"https:\/\/padrejosimo.com.br\/site\/\"},{\"@type\":\"ListItem\",\"position\":2,\"name\":\"Revistas R\u00e1dio\",\"item\":\"https:\/\/padrejosimo.com.br\/site\/revista-radio\/\"},{\"@type\":\"ListItem\",\"position\":3,\"name\":\"PGM #189: S\u00e9rie de entrevistas sobre Reforma da Previd\u00eancia (parte 4)\"}]},{\"@type\":\"WebSite\",\"@id\":\"https:\/\/padrejosimo.com.br\/site\/#website\",\"url\":\"https:\/\/padrejosimo.com.br\/site\/\",\"name\":\"Instituto Cultural Padre Josimo\",\"description\":\"Comprometida com a promo\u00e7\u00e3o da justi\u00e7a social, agroecologia e educa\u00e7\u00e3o popular\",\"publisher\":{\"@id\":\"https:\/\/padrejosimo.com.br\/site\/#organization\"},\"alternateName\":\"ICPJ\",\"potentialAction\":[{\"@type\":\"SearchAction\",\"target\":{\"@type\":\"EntryPoint\",\"urlTemplate\":\"https:\/\/padrejosimo.com.br\/site\/?s={search_term_string}\"},\"query-input\":{\"@type\":\"PropertyValueSpecification\",\"valueRequired\":true,\"valueName\":\"search_term_string\"}}],\"inLanguage\":\"pt-BR\"},{\"@type\":\"Organization\",\"@id\":\"https:\/\/padrejosimo.com.br\/site\/#organization\",\"name\":\"Instituto Cultural Padre Josimo\",\"alternateName\":\"ICPJ\",\"url\":\"https:\/\/padrejosimo.com.br\/site\/\",\"logo\":{\"@type\":\"ImageObject\",\"inLanguage\":\"pt-BR\",\"@id\":\"https:\/\/padrejosimo.com.br\/site\/#\/schema\/logo\/image\/\",\"url\":\"https:\/\/padrejosimo.com.br\/site\/wp-content\/uploads\/2025\/09\/cropped-icon-icpj.png\",\"contentUrl\":\"https:\/\/padrejosimo.com.br\/site\/wp-content\/uploads\/2025\/09\/cropped-icon-icpj.png\",\"width\":512,\"height\":512,\"caption\":\"Instituto Cultural Padre Josimo\"},\"image\":{\"@id\":\"https:\/\/padrejosimo.com.br\/site\/#\/schema\/logo\/image\/\"}}]}<\/script>\n<!-- \/ Yoast SEO plugin. -->","yoast_head_json":{"title":"PGM #189: S\u00e9rie de entrevistas sobre Reforma da Previd\u00eancia (parte 4) - Instituto Cultural Padre Josimo","robots":{"index":"index","follow":"follow","max-snippet":"max-snippet:-1","max-image-preview":"max-image-preview:large","max-video-preview":"max-video-preview:-1"},"canonical":"https:\/\/padrejosimo.com.br\/site\/revista_radio\/revista-de-radio-189-serie-de-entrevistas-sobre-reforma-da-previdencia-parte-4\/","og_locale":"pt_BR","og_type":"article","og_title":"PGM #189: S\u00e9rie de entrevistas sobre Reforma da Previd\u00eancia (parte 4) - Instituto Cultural Padre Josimo","og_description":"Temas da semana: Nesta semana, os destaques ficam por conta do andamento na Justi\u00e7a Eleitoral do processo de cassa\u00e7\u00e3o da chapa Dilma-Temer. E agora Jos\u00e9? Enquanto isso, os arquitetos do golpe est\u00e3o articulando alguma sa\u00edda para n\u00e3o entregar a \u201crapadura\u201d. Pesquisas de opini\u00e3o p\u00fablica indicam que o Governo e seus apoiadores t\u00eam cada vez menos [&hellip;]","og_url":"https:\/\/padrejosimo.com.br\/site\/revista_radio\/revista-de-radio-189-serie-de-entrevistas-sobre-reforma-da-previdencia-parte-4\/","og_site_name":"Instituto Cultural Padre Josimo","article_modified_time":"2017-05-12T14:58:28+00:00","og_image":[{"width":512,"height":512,"url":"https:\/\/padrejosimo.com.br\/site\/wp-content\/uploads\/2025\/09\/cropped-icon-icpj.png","type":"image\/png"}],"twitter_card":"summary_large_image","twitter_misc":{"Est. tempo de leitura":"1 minuto"},"schema":{"@context":"https:\/\/schema.org","@graph":[{"@type":"WebPage","@id":"https:\/\/padrejosimo.com.br\/site\/revista_radio\/revista-de-radio-189-serie-de-entrevistas-sobre-reforma-da-previdencia-parte-4\/","url":"https:\/\/padrejosimo.com.br\/site\/revista_radio\/revista-de-radio-189-serie-de-entrevistas-sobre-reforma-da-previdencia-parte-4\/","name":"PGM #189: S\u00e9rie de entrevistas sobre Reforma da Previd\u00eancia (parte 4) - Instituto Cultural Padre Josimo","isPartOf":{"@id":"https:\/\/padrejosimo.com.br\/site\/#website"},"datePublished":"2017-04-08T20:16:42+00:00","dateModified":"2017-05-12T14:58:28+00:00","breadcrumb":{"@id":"https:\/\/padrejosimo.com.br\/site\/revista_radio\/revista-de-radio-189-serie-de-entrevistas-sobre-reforma-da-previdencia-parte-4\/#breadcrumb"},"inLanguage":"pt-BR","potentialAction":[{"@type":"ReadAction","target":["https:\/\/padrejosimo.com.br\/site\/revista_radio\/revista-de-radio-189-serie-de-entrevistas-sobre-reforma-da-previdencia-parte-4\/"]}]},{"@type":"BreadcrumbList","@id":"https:\/\/padrejosimo.com.br\/site\/revista_radio\/revista-de-radio-189-serie-de-entrevistas-sobre-reforma-da-previdencia-parte-4\/#breadcrumb","itemListElement":[{"@type":"ListItem","position":1,"name":"In\u00edcio","item":"https:\/\/padrejosimo.com.br\/site\/"},{"@type":"ListItem","position":2,"name":"Revistas R\u00e1dio","item":"https:\/\/padrejosimo.com.br\/site\/revista-radio\/"},{"@type":"ListItem","position":3,"name":"PGM #189: S\u00e9rie de entrevistas sobre Reforma da Previd\u00eancia (parte 4)"}]},{"@type":"WebSite","@id":"https:\/\/padrejosimo.com.br\/site\/#website","url":"https:\/\/padrejosimo.com.br\/site\/","name":"Instituto Cultural Padre Josimo","description":"Comprometida com a promo\u00e7\u00e3o da justi\u00e7a social, agroecologia e educa\u00e7\u00e3o popular","publisher":{"@id":"https:\/\/padrejosimo.com.br\/site\/#organization"},"alternateName":"ICPJ","potentialAction":[{"@type":"SearchAction","target":{"@type":"EntryPoint","urlTemplate":"https:\/\/padrejosimo.com.br\/site\/?s={search_term_string}"},"query-input":{"@type":"PropertyValueSpecification","valueRequired":true,"valueName":"search_term_string"}}],"inLanguage":"pt-BR"},{"@type":"Organization","@id":"https:\/\/padrejosimo.com.br\/site\/#organization","name":"Instituto Cultural Padre Josimo","alternateName":"ICPJ","url":"https:\/\/padrejosimo.com.br\/site\/","logo":{"@type":"ImageObject","inLanguage":"pt-BR","@id":"https:\/\/padrejosimo.com.br\/site\/#\/schema\/logo\/image\/","url":"https:\/\/padrejosimo.com.br\/site\/wp-content\/uploads\/2025\/09\/cropped-icon-icpj.png","contentUrl":"https:\/\/padrejosimo.com.br\/site\/wp-content\/uploads\/2025\/09\/cropped-icon-icpj.png","width":512,"height":512,"caption":"Instituto Cultural Padre Josimo"},"image":{"@id":"https:\/\/padrejosimo.com.br\/site\/#\/schema\/logo\/image\/"}}]}},"_links":{"self":[{"href":"https:\/\/padrejosimo.com.br\/site\/wp-json\/wp\/v2\/revista_radio\/121","targetHints":{"allow":["GET"]}}],"collection":[{"href":"https:\/\/padrejosimo.com.br\/site\/wp-json\/wp\/v2\/revista_radio"}],"about":[{"href":"https:\/\/padrejosimo.com.br\/site\/wp-json\/wp\/v2\/types\/revista_radio"}],"wp:attachment":[{"href":"https:\/\/padrejosimo.com.br\/site\/wp-json\/wp\/v2\/media?parent=121"}],"curies":[{"name":"wp","href":"https:\/\/api.w.org\/{rel}","templated":true}]}}

PGM #189: Série de entrevistas sobre Reforma da Previdência (parte 4)

<p><strong>Temas da semana: </strong>Nesta semana, os destaques ficam por conta do andamento na Justiça Eleitoral do processo de cassação da chapa Dilma-Temer. E agora José? Enquanto isso, os arquitetos do golpe estão articulando alguma saída para não entregar a “rapadura”. Pesquisas de opinião pública indicam que o Governo e seus apoiadores têm cada vez menos aprovação popular, enquanto que o ex-presidente Lula lidera em todas a pesquisas eleitorais em vistas às eleições de 2018. Enquanto isso, as manifestações de rua contra a Lei da Terceirização e o projeto da Reforma da Previdência tem aumentado em todo o país, com om mote unificador: “Fora Temer”.</p>
<p><strong>Entrevista: </strong>Na entrevista da edição, segue o ciclo de conversas sobre a Reforma da Previdência. Trata-se de uma série de entrevistas com especialistas e outras pessoas que dominam o assunto para esclarecer os ouvintes. Nessa edição, fique com a segunda parte da conversa com Cesar Roxo, que é presidente da Associação Gaúcha dos Auditores Fiscais da Receita Federal do Brasil. Ele faz um histórico da Seguridade Social no Brasil e procura esclarecer os reais motivos de tal reforma, e seus efeitos danosos para a população, especialmente as camadas mais desfavorecidas da sociedade.</p>
<p><strong>Música da edição</strong>: Desgarrados, com Victor Hugo.</p>

<!-- This site is optimized with the Yoast SEO plugin v27.2 - https://yoast.com/product/yoast-seo-wordpress/ -->
<title>PGM #189: Série de entrevistas sobre Reforma da Previdência (parte 4) - Instituto Cultural Padre Josimo</title>
<meta name="robots" content="index, follow, max-snippet:-1, max-image-preview:large, max-video-preview:-1" />
<link rel="canonical" href="https://padrejosimo.com.br/site/revista_radio/revista-de-radio-189-serie-de-entrevistas-sobre-reforma-da-previdencia-parte-4/" />
<meta property="og:locale" content="pt_BR" />
<meta property="og:type" content="article" />
<meta property="og:title" content="PGM #189: Série de entrevistas sobre Reforma da Previdência (parte 4) - Instituto Cultural Padre Josimo" />
<meta property="og:description" content="Temas da semana: Nesta semana, os destaques ficam por conta do andamento na Justiça Eleitoral do processo de cassação da chapa Dilma-Temer. E agora José? Enquanto isso, os arquitetos do golpe estão articulando alguma saída para não entregar a “rapadura”. Pesquisas de opinião pública indicam que o Governo e seus apoiadores têm cada vez menos [&hellip;]" />
<meta property="og:url" content="https://padrejosimo.com.br/site/revista_radio/revista-de-radio-189-serie-de-entrevistas-sobre-reforma-da-previdencia-parte-4/" />
<meta property="og:site_name" content="Instituto Cultural Padre Josimo" />
<meta property="article:modified_time" content="2017-05-12T14:58:28+00:00" />
<meta property="og:image" content="https://padrejosimo.com.br/site/wp-content/uploads/2025/09/cropped-icon-icpj.png" />
	<meta property="og:image:width" content="512" />
	<meta property="og:image:height" content="512" />
	<meta property="og:image:type" content="image/png" />
<meta name="twitter:card" content="summary_large_image" />
<meta name="twitter:label1" content="Est. tempo de leitura" />
	<meta name="twitter:data1" content="1 minuto" />
<script type="application/ld+json" class="yoast-schema-graph">{"@context":"https://schema.org","@graph":[{"@type":"WebPage","@id":"https://padrejosimo.com.br/site/revista_radio/revista-de-radio-189-serie-de-entrevistas-sobre-reforma-da-previdencia-parte-4/","url":"https://padrejosimo.com.br/site/revista_radio/revista-de-radio-189-serie-de-entrevistas-sobre-reforma-da-previdencia-parte-4/","name":"PGM #189: Série de entrevistas sobre Reforma da Previdência (parte 4) - Instituto Cultural Padre Josimo","isPartOf":{"@id":"https://padrejosimo.com.br/site/#website"},"datePublished":"2017-04-08T20:16:42+00:00","dateModified":"2017-05-12T14:58:28+00:00","breadcrumb":{"@id":"https://padrejosimo.com.br/site/revista_radio/revista-de-radio-189-serie-de-entrevistas-sobre-reforma-da-previdencia-parte-4/#breadcrumb"},"inLanguage":"pt-BR","potentialAction":[{"@type":"ReadAction","target":["https://padrejosimo.com.br/site/revista_radio/revista-de-radio-189-serie-de-entrevistas-sobre-reforma-da-previdencia-parte-4/"]}]},{"@type":"BreadcrumbList","@id":"https://padrejosimo.com.br/site/revista_radio/revista-de-radio-189-serie-de-entrevistas-sobre-reforma-da-previdencia-parte-4/#breadcrumb","itemListElement":[{"@type":"ListItem","position":1,"name":"Início","item":"https://padrejosimo.com.br/site/"},{"@type":"ListItem","position":2,"name":"Revistas Rádio","item":"https://padrejosimo.com.br/site/revista-radio/"},{"@type":"ListItem","position":3,"name":"PGM #189: Série de entrevistas sobre Reforma da Previdência (parte 4)"}]},{"@type":"WebSite","@id":"https://padrejosimo.com.br/site/#website","url":"https://padrejosimo.com.br/site/","name":"Instituto Cultural Padre Josimo","description":"Comprometida com a promoção da justiça social, agroecologia e educação popular","publisher":{"@id":"https://padrejosimo.com.br/site/#organization"},"alternateName":"ICPJ","potentialAction":[{"@type":"SearchAction","target":{"@type":"EntryPoint","urlTemplate":"https://padrejosimo.com.br/site/?s={search_term_string}"},"query-input":{"@type":"PropertyValueSpecification","valueRequired":true,"valueName":"search_term_string"}}],"inLanguage":"pt-BR"},{"@type":"Organization","@id":"https://padrejosimo.com.br/site/#organization","name":"Instituto Cultural Padre Josimo","alternateName":"ICPJ","url":"https://padrejosimo.com.br/site/","logo":{"@type":"ImageObject","inLanguage":"pt-BR","@id":"https://padrejosimo.com.br/site/#/schema/logo/image/","url":"https://padrejosimo.com.br/site/wp-content/uploads/2025/09/cropped-icon-icpj.png","contentUrl":"https://padrejosimo.com.br/site/wp-content/uploads/2025/09/cropped-icon-icpj.png","width":512,"height":512,"caption":"Instituto Cultural Padre Josimo"},"image":{"@id":"https://padrejosimo.com.br/site/#/schema/logo/image/"}}]}</script>
<!-- / Yoast SEO plugin. -->

PGM #189: Série de entrevistas sobre Reforma da Previdência (parte 4) - Instituto Cultural Padre Josimo

Temas da semana: Nesta semana, os destaques ficam por conta do andamento na Justiça Eleitoral do processo de cassação da chapa Dilma-Temer. E agora José? Enquanto isso, os arquitetos do golpe estão articulando alguma saída para não entregar a “rapadura”. Pesquisas de opinião pública indicam que o Governo e seus apoiadores têm cada vez menos [&hellip;]

Início

Revistas Rádio

Comprometida com a promoção da justiça social, agroecologia e educação popular
