{"id":117,"date":"2017-04-08T17:10:17","date_gmt":"2017-04-08T20:10:17","guid":{"rendered":"http:\/\/bagual.com.br\/site\/?post_type=revista_radio&#038;p=117"},"modified":"2017-05-12T11:59:05","modified_gmt":"2017-05-12T14:59:05","slug":"revista-de-radio-185-entrevista-igor-bastos-leigo-agente-do-carisma-franciscano-sobre-igreja-e-sociedade","status":"publish","type":"revista_radio","link":"https:\/\/padrejosimo.com.br\/site\/revista_radio\/revista-de-radio-185-entrevista-igor-bastos-leigo-agente-do-carisma-franciscano-sobre-igreja-e-sociedade\/","title":{"rendered":"PGM #185 entrevista Igor Bastos, leigo agente do carisma franciscano sobre igreja e sociedade"},"content":{"rendered":"<p><strong>Temas da semana<\/strong><\/p>\n<p>Nesta semana, o que animou as not\u00edcias foram as manifesta\u00e7\u00f5es espont\u00e2neas nos diversos desfiles de carnaval pelo Brasil, em que se ouviu em alto bom tom da voz de artistas, intelectuais, autoridades, e sendo repetida pela grande massa \u201cFora Temer\u201d. Agora, mais para o final da semana, o presidente Temer anunciou o substituto de Serra como Chanceler brasileiro: Alo\u00edsio Nunes, um dos mais delatados pelas empreiteiras por Pedir e receber propinas. Vou destacar tamb\u00e9m a realiza\u00e7\u00e3o da 40\u00aa Romaria da Terra\/RS no munic\u00edpio de Pont\u00e3o, que reuniu mais de doze mil pessoas de todo o RS e de outros estados e pa\u00edses. Em prepara\u00e7\u00e3o \u00e0 Romaria aconteceu o 12\u00ba Acampamento da Juventude nos dias 26 e 27 reunindo mais de 600 jovens do campo e da cidade.<\/p>\n<p><strong>Entrevista<\/strong><\/p>\n<p>Na entrevista da edi\u00e7\u00e3o, frei Jo\u00e3o Osmar continua com a s\u00e9rie de conversa sobre Igrejas e Sociedade. O convidado \u00e9 Igor Bastos,engenheiro civil natural de Uberl\u00e2ndia (MG), onde mora e trabalha. Ele, desde muito jovem j\u00e1 participava da JUFRA \u2013 Juventude Franciscana, na qual atua ainda hoje em n\u00edvel nacional. Tamb\u00e9m \u00e9 membro ativo do Servi\u00e7o Franciscano de Justi\u00e7a, Paz e Integridade da Cria\u00e7\u00e3o \u2013 JPIC. Esteve em Porto Alegre coordenando a Exposi\u00e7\u00e3o de Banners sobre a Laudato Si do Papa Francisco. Na conversa, ele trata da Exposi\u00e7\u00e3o, de sua hist\u00f3ria pessoal e vocacional como Agente do Carisma Franciscano sendo \u201cLeigo\u201d e vivendo no mundo, como se diz popularmente.<\/p>\n<p><strong>M\u00fasica<\/strong>: O Vento, com Os Monarcas.<\/p>\n","protected":false},"featured_media":0,"template":"","class_list":["post-117","revista_radio","type-revista_radio","status-publish","hentry"],"acf":[],"yoast_head":"<!-- This site is optimized with the Yoast SEO plugin v27.2 - https:\/\/yoast.com\/product\/yoast-seo-wordpress\/ -->\n<title>PGM #185 entrevista Igor Bastos, leigo agente do carisma franciscano sobre igreja e sociedade - Instituto Cultural Padre Josimo<\/title>\n<meta name=\"robots\" content=\"index, follow, max-snippet:-1, max-image-preview:large, max-video-preview:-1\" \/>\n<link rel=\"canonical\" href=\"https:\/\/padrejosimo.com.br\/site\/revista_radio\/revista-de-radio-185-entrevista-igor-bastos-leigo-agente-do-carisma-franciscano-sobre-igreja-e-sociedade\/\" \/>\n<meta property=\"og:locale\" content=\"pt_BR\" \/>\n<meta property=\"og:type\" content=\"article\" \/>\n<meta property=\"og:title\" content=\"PGM #185 entrevista Igor Bastos, leigo agente do carisma franciscano sobre igreja e sociedade - Instituto Cultural Padre Josimo\" \/>\n<meta property=\"og:description\" content=\"Temas da semana Nesta semana, o que animou as not\u00edcias foram as manifesta\u00e7\u00f5es espont\u00e2neas nos diversos desfiles de carnaval pelo Brasil, em que se ouviu em alto bom tom da voz de artistas, intelectuais, autoridades, e sendo repetida pela grande massa \u201cFora Temer\u201d. Agora, mais para o final da semana, o presidente Temer anunciou o [&hellip;]\" \/>\n<meta property=\"og:url\" content=\"https:\/\/padrejosimo.com.br\/site\/revista_radio\/revista-de-radio-185-entrevista-igor-bastos-leigo-agente-do-carisma-franciscano-sobre-igreja-e-sociedade\/\" \/>\n<meta property=\"og:site_name\" content=\"Instituto Cultural Padre Josimo\" \/>\n<meta property=\"article:modified_time\" content=\"2017-05-12T14:59:05+00:00\" \/>\n<meta property=\"og:image\" content=\"https:\/\/padrejosimo.com.br\/site\/wp-content\/uploads\/2025\/09\/cropped-icon-icpj.png\" \/>\n\t<meta property=\"og:image:width\" content=\"512\" \/>\n\t<meta property=\"og:image:height\" content=\"512\" \/>\n\t<meta property=\"og:image:type\" content=\"image\/png\" \/>\n<meta name=\"twitter:card\" content=\"summary_large_image\" \/>\n<meta name=\"twitter:label1\" content=\"Est. tempo de leitura\" \/>\n\t<meta name=\"twitter:data1\" content=\"1 minuto\" \/>\n<script type=\"application\/ld+json\" class=\"yoast-schema-graph\">{\"@context\":\"https:\/\/schema.org\",\"@graph\":[{\"@type\":\"WebPage\",\"@id\":\"https:\/\/padrejosimo.com.br\/site\/revista_radio\/revista-de-radio-185-entrevista-igor-bastos-leigo-agente-do-carisma-franciscano-sobre-igreja-e-sociedade\/\",\"url\":\"https:\/\/padrejosimo.com.br\/site\/revista_radio\/revista-de-radio-185-entrevista-igor-bastos-leigo-agente-do-carisma-franciscano-sobre-igreja-e-sociedade\/\",\"name\":\"PGM #185 entrevista Igor Bastos, leigo agente do carisma franciscano sobre igreja e sociedade - Instituto Cultural Padre Josimo\",\"isPartOf\":{\"@id\":\"https:\/\/padrejosimo.com.br\/site\/#website\"},\"datePublished\":\"2017-04-08T20:10:17+00:00\",\"dateModified\":\"2017-05-12T14:59:05+00:00\",\"breadcrumb\":{\"@id\":\"https:\/\/padrejosimo.com.br\/site\/revista_radio\/revista-de-radio-185-entrevista-igor-bastos-leigo-agente-do-carisma-franciscano-sobre-igreja-e-sociedade\/#breadcrumb\"},\"inLanguage\":\"pt-BR\",\"potentialAction\":[{\"@type\":\"ReadAction\",\"target\":[\"https:\/\/padrejosimo.com.br\/site\/revista_radio\/revista-de-radio-185-entrevista-igor-bastos-leigo-agente-do-carisma-franciscano-sobre-igreja-e-sociedade\/\"]}]},{\"@type\":\"BreadcrumbList\",\"@id\":\"https:\/\/padrejosimo.com.br\/site\/revista_radio\/revista-de-radio-185-entrevista-igor-bastos-leigo-agente-do-carisma-franciscano-sobre-igreja-e-sociedade\/#breadcrumb\",\"itemListElement\":[{\"@type\":\"ListItem\",\"position\":1,\"name\":\"In\u00edcio\",\"item\":\"https:\/\/padrejosimo.com.br\/site\/\"},{\"@type\":\"ListItem\",\"position\":2,\"name\":\"Revistas R\u00e1dio\",\"item\":\"https:\/\/padrejosimo.com.br\/site\/revista-radio\/\"},{\"@type\":\"ListItem\",\"position\":3,\"name\":\"PGM #185 entrevista Igor Bastos, leigo agente do carisma franciscano sobre igreja e sociedade\"}]},{\"@type\":\"WebSite\",\"@id\":\"https:\/\/padrejosimo.com.br\/site\/#website\",\"url\":\"https:\/\/padrejosimo.com.br\/site\/\",\"name\":\"Instituto Cultural Padre Josimo\",\"description\":\"Comprometida com a promo\u00e7\u00e3o da justi\u00e7a social, agroecologia e educa\u00e7\u00e3o popular\",\"publisher\":{\"@id\":\"https:\/\/padrejosimo.com.br\/site\/#organization\"},\"alternateName\":\"ICPJ\",\"potentialAction\":[{\"@type\":\"SearchAction\",\"target\":{\"@type\":\"EntryPoint\",\"urlTemplate\":\"https:\/\/padrejosimo.com.br\/site\/?s={search_term_string}\"},\"query-input\":{\"@type\":\"PropertyValueSpecification\",\"valueRequired\":true,\"valueName\":\"search_term_string\"}}],\"inLanguage\":\"pt-BR\"},{\"@type\":\"Organization\",\"@id\":\"https:\/\/padrejosimo.com.br\/site\/#organization\",\"name\":\"Instituto Cultural Padre Josimo\",\"alternateName\":\"ICPJ\",\"url\":\"https:\/\/padrejosimo.com.br\/site\/\",\"logo\":{\"@type\":\"ImageObject\",\"inLanguage\":\"pt-BR\",\"@id\":\"https:\/\/padrejosimo.com.br\/site\/#\/schema\/logo\/image\/\",\"url\":\"https:\/\/padrejosimo.com.br\/site\/wp-content\/uploads\/2025\/09\/cropped-icon-icpj.png\",\"contentUrl\":\"https:\/\/padrejosimo.com.br\/site\/wp-content\/uploads\/2025\/09\/cropped-icon-icpj.png\",\"width\":512,\"height\":512,\"caption\":\"Instituto Cultural Padre Josimo\"},\"image\":{\"@id\":\"https:\/\/padrejosimo.com.br\/site\/#\/schema\/logo\/image\/\"}}]}<\/script>\n<!-- \/ Yoast SEO plugin. -->","yoast_head_json":{"title":"PGM #185 entrevista Igor Bastos, leigo agente do carisma franciscano sobre igreja e sociedade - Instituto Cultural Padre Josimo","robots":{"index":"index","follow":"follow","max-snippet":"max-snippet:-1","max-image-preview":"max-image-preview:large","max-video-preview":"max-video-preview:-1"},"canonical":"https:\/\/padrejosimo.com.br\/site\/revista_radio\/revista-de-radio-185-entrevista-igor-bastos-leigo-agente-do-carisma-franciscano-sobre-igreja-e-sociedade\/","og_locale":"pt_BR","og_type":"article","og_title":"PGM #185 entrevista Igor Bastos, leigo agente do carisma franciscano sobre igreja e sociedade - Instituto Cultural Padre Josimo","og_description":"Temas da semana Nesta semana, o que animou as not\u00edcias foram as manifesta\u00e7\u00f5es espont\u00e2neas nos diversos desfiles de carnaval pelo Brasil, em que se ouviu em alto bom tom da voz de artistas, intelectuais, autoridades, e sendo repetida pela grande massa \u201cFora Temer\u201d. Agora, mais para o final da semana, o presidente Temer anunciou o [&hellip;]","og_url":"https:\/\/padrejosimo.com.br\/site\/revista_radio\/revista-de-radio-185-entrevista-igor-bastos-leigo-agente-do-carisma-franciscano-sobre-igreja-e-sociedade\/","og_site_name":"Instituto Cultural Padre Josimo","article_modified_time":"2017-05-12T14:59:05+00:00","og_image":[{"width":512,"height":512,"url":"https:\/\/padrejosimo.com.br\/site\/wp-content\/uploads\/2025\/09\/cropped-icon-icpj.png","type":"image\/png"}],"twitter_card":"summary_large_image","twitter_misc":{"Est. tempo de leitura":"1 minuto"},"schema":{"@context":"https:\/\/schema.org","@graph":[{"@type":"WebPage","@id":"https:\/\/padrejosimo.com.br\/site\/revista_radio\/revista-de-radio-185-entrevista-igor-bastos-leigo-agente-do-carisma-franciscano-sobre-igreja-e-sociedade\/","url":"https:\/\/padrejosimo.com.br\/site\/revista_radio\/revista-de-radio-185-entrevista-igor-bastos-leigo-agente-do-carisma-franciscano-sobre-igreja-e-sociedade\/","name":"PGM #185 entrevista Igor Bastos, leigo agente do carisma franciscano sobre igreja e sociedade - Instituto Cultural Padre Josimo","isPartOf":{"@id":"https:\/\/padrejosimo.com.br\/site\/#website"},"datePublished":"2017-04-08T20:10:17+00:00","dateModified":"2017-05-12T14:59:05+00:00","breadcrumb":{"@id":"https:\/\/padrejosimo.com.br\/site\/revista_radio\/revista-de-radio-185-entrevista-igor-bastos-leigo-agente-do-carisma-franciscano-sobre-igreja-e-sociedade\/#breadcrumb"},"inLanguage":"pt-BR","potentialAction":[{"@type":"ReadAction","target":["https:\/\/padrejosimo.com.br\/site\/revista_radio\/revista-de-radio-185-entrevista-igor-bastos-leigo-agente-do-carisma-franciscano-sobre-igreja-e-sociedade\/"]}]},{"@type":"BreadcrumbList","@id":"https:\/\/padrejosimo.com.br\/site\/revista_radio\/revista-de-radio-185-entrevista-igor-bastos-leigo-agente-do-carisma-franciscano-sobre-igreja-e-sociedade\/#breadcrumb","itemListElement":[{"@type":"ListItem","position":1,"name":"In\u00edcio","item":"https:\/\/padrejosimo.com.br\/site\/"},{"@type":"ListItem","position":2,"name":"Revistas R\u00e1dio","item":"https:\/\/padrejosimo.com.br\/site\/revista-radio\/"},{"@type":"ListItem","position":3,"name":"PGM #185 entrevista Igor Bastos, leigo agente do carisma franciscano sobre igreja e sociedade"}]},{"@type":"WebSite","@id":"https:\/\/padrejosimo.com.br\/site\/#website","url":"https:\/\/padrejosimo.com.br\/site\/","name":"Instituto Cultural Padre Josimo","description":"Comprometida com a promo\u00e7\u00e3o da justi\u00e7a social, agroecologia e educa\u00e7\u00e3o popular","publisher":{"@id":"https:\/\/padrejosimo.com.br\/site\/#organization"},"alternateName":"ICPJ","potentialAction":[{"@type":"SearchAction","target":{"@type":"EntryPoint","urlTemplate":"https:\/\/padrejosimo.com.br\/site\/?s={search_term_string}"},"query-input":{"@type":"PropertyValueSpecification","valueRequired":true,"valueName":"search_term_string"}}],"inLanguage":"pt-BR"},{"@type":"Organization","@id":"https:\/\/padrejosimo.com.br\/site\/#organization","name":"Instituto Cultural Padre Josimo","alternateName":"ICPJ","url":"https:\/\/padrejosimo.com.br\/site\/","logo":{"@type":"ImageObject","inLanguage":"pt-BR","@id":"https:\/\/padrejosimo.com.br\/site\/#\/schema\/logo\/image\/","url":"https:\/\/padrejosimo.com.br\/site\/wp-content\/uploads\/2025\/09\/cropped-icon-icpj.png","contentUrl":"https:\/\/padrejosimo.com.br\/site\/wp-content\/uploads\/2025\/09\/cropped-icon-icpj.png","width":512,"height":512,"caption":"Instituto Cultural Padre Josimo"},"image":{"@id":"https:\/\/padrejosimo.com.br\/site\/#\/schema\/logo\/image\/"}}]}},"_links":{"self":[{"href":"https:\/\/padrejosimo.com.br\/site\/wp-json\/wp\/v2\/revista_radio\/117","targetHints":{"allow":["GET"]}}],"collection":[{"href":"https:\/\/padrejosimo.com.br\/site\/wp-json\/wp\/v2\/revista_radio"}],"about":[{"href":"https:\/\/padrejosimo.com.br\/site\/wp-json\/wp\/v2\/types\/revista_radio"}],"wp:attachment":[{"href":"https:\/\/padrejosimo.com.br\/site\/wp-json\/wp\/v2\/media?parent=117"}],"curies":[{"name":"wp","href":"https:\/\/api.w.org\/{rel}","templated":true}]}}

<p><strong>Temas da semana</strong></p>
<p>Nesta semana, o que animou as notícias foram as manifestações espontâneas nos diversos desfiles de carnaval pelo Brasil, em que se ouviu em alto bom tom da voz de artistas, intelectuais, autoridades, e sendo repetida pela grande massa “Fora Temer”. Agora, mais para o final da semana, o presidente Temer anunciou o substituto de Serra como Chanceler brasileiro: Aloísio Nunes, um dos mais delatados pelas empreiteiras por Pedir e receber propinas. Vou destacar também a realização da 40ª Romaria da Terra/RS no município de Pontão, que reuniu mais de doze mil pessoas de todo o RS e de outros estados e países. Em preparação à Romaria aconteceu o 12º Acampamento da Juventude nos dias 26 e 27 reunindo mais de 600 jovens do campo e da cidade.</p>
<p><strong>Entrevista</strong></p>
<p>Na entrevista da edição, frei João Osmar continua com a série de conversa sobre Igrejas e Sociedade. O convidado é Igor Bastos,engenheiro civil natural de Uberlândia (MG), onde mora e trabalha. Ele, desde muito jovem já participava da JUFRA – Juventude Franciscana, na qual atua ainda hoje em nível nacional. Também é membro ativo do Serviço Franciscano de Justiça, Paz e Integridade da Criação – JPIC. Esteve em Porto Alegre coordenando a Exposição de Banners sobre a Laudato Si do Papa Francisco. Na conversa, ele trata da Exposição, de sua história pessoal e vocacional como Agente do Carisma Franciscano sendo “Leigo” e vivendo no mundo, como se diz popularmente.</p>
<p><strong>Música</strong>: O Vento, com Os Monarcas.</p>

<!-- This site is optimized with the Yoast SEO plugin v27.2 - https://yoast.com/product/yoast-seo-wordpress/ -->
<title>PGM #185 entrevista Igor Bastos, leigo agente do carisma franciscano sobre igreja e sociedade - Instituto Cultural Padre Josimo</title>
<meta name="robots" content="index, follow, max-snippet:-1, max-image-preview:large, max-video-preview:-1" />
<link rel="canonical" href="https://padrejosimo.com.br/site/revista_radio/revista-de-radio-185-entrevista-igor-bastos-leigo-agente-do-carisma-franciscano-sobre-igreja-e-sociedade/" />
<meta property="og:locale" content="pt_BR" />
<meta property="og:type" content="article" />
<meta property="og:title" content="PGM #185 entrevista Igor Bastos, leigo agente do carisma franciscano sobre igreja e sociedade - Instituto Cultural Padre Josimo" />
<meta property="og:description" content="Temas da semana Nesta semana, o que animou as notícias foram as manifestações espontâneas nos diversos desfiles de carnaval pelo Brasil, em que se ouviu em alto bom tom da voz de artistas, intelectuais, autoridades, e sendo repetida pela grande massa “Fora Temer”. Agora, mais para o final da semana, o presidente Temer anunciou o [&hellip;]" />
<meta property="og:url" content="https://padrejosimo.com.br/site/revista_radio/revista-de-radio-185-entrevista-igor-bastos-leigo-agente-do-carisma-franciscano-sobre-igreja-e-sociedade/" />
<meta property="og:site_name" content="Instituto Cultural Padre Josimo" />
<meta property="article:modified_time" content="2017-05-12T14:59:05+00:00" />
<meta property="og:image" content="https://padrejosimo.com.br/site/wp-content/uploads/2025/09/cropped-icon-icpj.png" />
	<meta property="og:image:width" content="512" />
	<meta property="og:image:height" content="512" />
	<meta property="og:image:type" content="image/png" />
<meta name="twitter:card" content="summary_large_image" />
<meta name="twitter:label1" content="Est. tempo de leitura" />
	<meta name="twitter:data1" content="1 minuto" />
<script type="application/ld+json" class="yoast-schema-graph">{"@context":"https://schema.org","@graph":[{"@type":"WebPage","@id":"https://padrejosimo.com.br/site/revista_radio/revista-de-radio-185-entrevista-igor-bastos-leigo-agente-do-carisma-franciscano-sobre-igreja-e-sociedade/","url":"https://padrejosimo.com.br/site/revista_radio/revista-de-radio-185-entrevista-igor-bastos-leigo-agente-do-carisma-franciscano-sobre-igreja-e-sociedade/","name":"PGM #185 entrevista Igor Bastos, leigo agente do carisma franciscano sobre igreja e sociedade - Instituto Cultural Padre Josimo","isPartOf":{"@id":"https://padrejosimo.com.br/site/#website"},"datePublished":"2017-04-08T20:10:17+00:00","dateModified":"2017-05-12T14:59:05+00:00","breadcrumb":{"@id":"https://padrejosimo.com.br/site/revista_radio/revista-de-radio-185-entrevista-igor-bastos-leigo-agente-do-carisma-franciscano-sobre-igreja-e-sociedade/#breadcrumb"},"inLanguage":"pt-BR","potentialAction":[{"@type":"ReadAction","target":["https://padrejosimo.com.br/site/revista_radio/revista-de-radio-185-entrevista-igor-bastos-leigo-agente-do-carisma-franciscano-sobre-igreja-e-sociedade/"]}]},{"@type":"BreadcrumbList","@id":"https://padrejosimo.com.br/site/revista_radio/revista-de-radio-185-entrevista-igor-bastos-leigo-agente-do-carisma-franciscano-sobre-igreja-e-sociedade/#breadcrumb","itemListElement":[{"@type":"ListItem","position":1,"name":"Início","item":"https://padrejosimo.com.br/site/"},{"@type":"ListItem","position":2,"name":"Revistas Rádio","item":"https://padrejosimo.com.br/site/revista-radio/"},{"@type":"ListItem","position":3,"name":"PGM #185 entrevista Igor Bastos, leigo agente do carisma franciscano sobre igreja e sociedade"}]},{"@type":"WebSite","@id":"https://padrejosimo.com.br/site/#website","url":"https://padrejosimo.com.br/site/","name":"Instituto Cultural Padre Josimo","description":"Comprometida com a promoção da justiça social, agroecologia e educação popular","publisher":{"@id":"https://padrejosimo.com.br/site/#organization"},"alternateName":"ICPJ","potentialAction":[{"@type":"SearchAction","target":{"@type":"EntryPoint","urlTemplate":"https://padrejosimo.com.br/site/?s={search_term_string}"},"query-input":{"@type":"PropertyValueSpecification","valueRequired":true,"valueName":"search_term_string"}}],"inLanguage":"pt-BR"},{"@type":"Organization","@id":"https://padrejosimo.com.br/site/#organization","name":"Instituto Cultural Padre Josimo","alternateName":"ICPJ","url":"https://padrejosimo.com.br/site/","logo":{"@type":"ImageObject","inLanguage":"pt-BR","@id":"https://padrejosimo.com.br/site/#/schema/logo/image/","url":"https://padrejosimo.com.br/site/wp-content/uploads/2025/09/cropped-icon-icpj.png","contentUrl":"https://padrejosimo.com.br/site/wp-content/uploads/2025/09/cropped-icon-icpj.png","width":512,"height":512,"caption":"Instituto Cultural Padre Josimo"},"image":{"@id":"https://padrejosimo.com.br/site/#/schema/logo/image/"}}]}</script>
<!-- / Yoast SEO plugin. -->

Temas da semana Nesta semana, o que animou as notícias foram as manifestações espontâneas nos diversos desfiles de carnaval pelo Brasil, em que se ouviu em alto bom tom da voz de artistas, intelectuais, autoridades, e sendo repetida pela grande massa “Fora Temer”. Agora, mais para o final da semana, o presidente Temer anunciou o [&hellip;]

Início

Revistas Rádio

Comprometida com a promoção da justiça social, agroecologia e educação popular
