{"id":116,"date":"2017-04-08T17:09:39","date_gmt":"2017-04-08T20:09:39","guid":{"rendered":"http:\/\/bagual.com.br\/site\/?post_type=revista_radio&#038;p=116"},"modified":"2017-05-12T11:59:12","modified_gmt":"2017-05-12T14:59:12","slug":"revista-de-radio-184-entrevista-frei-rodrigo-peret-sobre-igreja-e-sociedade","status":"publish","type":"revista_radio","link":"https:\/\/padrejosimo.com.br\/site\/revista_radio\/revista-de-radio-184-entrevista-frei-rodrigo-peret-sobre-igreja-e-sociedade\/","title":{"rendered":"PGM #184 entrevista frei Rodrigo Peret sobre igreja e sociedade"},"content":{"rendered":"<p><strong>Temas da semana<\/strong><\/p>\n<p>Nesta semana, o que dominou os debates nos meios pol\u00edticos, jur\u00eddicos, sociais e tamb\u00e9m na m\u00eddia foi a sabatina do indicado de Temer ao STF, Alexandre de Morais. H\u00e1 uma s\u00e9rie de argumentos que desaconselham sua participa\u00e7\u00e3o na mais alta corte do pa\u00eds. Mas como a ordem democr\u00e1tica foi quebrada com o golpe parlamentar midi\u00e1tico, tudo vale, tudo pode. A classe dominante no Brasil deita e rola. Um espet\u00e1culo deprimente para quem tem um m\u00ednimo de senso de cidadania e civilidade. \u00c9 tudo muito r\u00e1pido. N\u00e3o d\u00e1 tempo de se recuperar de golpe, j\u00e1 vem outro, outro, e, o pior, com consequ\u00eancias danosas para o pa\u00eds.<\/p>\n<p><strong>Entrevista<\/strong><\/p>\n<p>Na entrevista de hoje, frei Jo\u00e3o Osmar continua com a s\u00e9rie de entrevistas sobre Igrejas e Sociedade. Ele conversa com o Frei Rodrigo Peret, da Ordem dos Frades Menores, que mora e trabalha em Uberl\u00e2ndia (MG). Ele \u00e9 militante das causas da Justi\u00e7a, Paz e Ecologia, envolvendo-se com os movimentos que lutam pela Reforma Agr\u00e1ria e Urbana. Na conversa, ele trata da Igreja no mundo e de como as igreja podem colaborar para a constru\u00e7\u00e3o do mundo que queremos e sonhamos. Destaque para a presen\u00e7a franciscana nas Comunidades de Base e nos Movimentos Populares.<\/p>\n<p><strong>M\u00fasica<\/strong>: A Grande Esperan\u00e7a, com Zilo e Zalo.<\/p>\n","protected":false},"featured_media":0,"template":"","class_list":["post-116","revista_radio","type-revista_radio","status-publish","hentry"],"acf":[],"yoast_head":"<!-- This site is optimized with the Yoast SEO plugin v27.2 - https:\/\/yoast.com\/product\/yoast-seo-wordpress\/ -->\n<title>PGM #184 entrevista frei Rodrigo Peret sobre igreja e sociedade - Instituto Cultural Padre Josimo<\/title>\n<meta name=\"robots\" content=\"index, follow, max-snippet:-1, max-image-preview:large, max-video-preview:-1\" \/>\n<link rel=\"canonical\" href=\"https:\/\/padrejosimo.com.br\/site\/revista_radio\/revista-de-radio-184-entrevista-frei-rodrigo-peret-sobre-igreja-e-sociedade\/\" \/>\n<meta property=\"og:locale\" content=\"pt_BR\" \/>\n<meta property=\"og:type\" content=\"article\" \/>\n<meta property=\"og:title\" content=\"PGM #184 entrevista frei Rodrigo Peret sobre igreja e sociedade - Instituto Cultural Padre Josimo\" \/>\n<meta property=\"og:description\" content=\"Temas da semana Nesta semana, o que dominou os debates nos meios pol\u00edticos, jur\u00eddicos, sociais e tamb\u00e9m na m\u00eddia foi a sabatina do indicado de Temer ao STF, Alexandre de Morais. H\u00e1 uma s\u00e9rie de argumentos que desaconselham sua participa\u00e7\u00e3o na mais alta corte do pa\u00eds. Mas como a ordem democr\u00e1tica foi quebrada com o [&hellip;]\" \/>\n<meta property=\"og:url\" content=\"https:\/\/padrejosimo.com.br\/site\/revista_radio\/revista-de-radio-184-entrevista-frei-rodrigo-peret-sobre-igreja-e-sociedade\/\" \/>\n<meta property=\"og:site_name\" content=\"Instituto Cultural Padre Josimo\" \/>\n<meta property=\"article:modified_time\" content=\"2017-05-12T14:59:12+00:00\" \/>\n<meta property=\"og:image\" content=\"https:\/\/padrejosimo.com.br\/site\/wp-content\/uploads\/2025\/09\/cropped-icon-icpj.png\" \/>\n\t<meta property=\"og:image:width\" content=\"512\" \/>\n\t<meta property=\"og:image:height\" content=\"512\" \/>\n\t<meta property=\"og:image:type\" content=\"image\/png\" \/>\n<meta name=\"twitter:card\" content=\"summary_large_image\" \/>\n<meta name=\"twitter:label1\" content=\"Est. tempo de leitura\" \/>\n\t<meta name=\"twitter:data1\" content=\"1 minuto\" \/>\n<script type=\"application\/ld+json\" class=\"yoast-schema-graph\">{\"@context\":\"https:\/\/schema.org\",\"@graph\":[{\"@type\":\"WebPage\",\"@id\":\"https:\/\/padrejosimo.com.br\/site\/revista_radio\/revista-de-radio-184-entrevista-frei-rodrigo-peret-sobre-igreja-e-sociedade\/\",\"url\":\"https:\/\/padrejosimo.com.br\/site\/revista_radio\/revista-de-radio-184-entrevista-frei-rodrigo-peret-sobre-igreja-e-sociedade\/\",\"name\":\"PGM #184 entrevista frei Rodrigo Peret sobre igreja e sociedade - Instituto Cultural Padre Josimo\",\"isPartOf\":{\"@id\":\"https:\/\/padrejosimo.com.br\/site\/#website\"},\"datePublished\":\"2017-04-08T20:09:39+00:00\",\"dateModified\":\"2017-05-12T14:59:12+00:00\",\"breadcrumb\":{\"@id\":\"https:\/\/padrejosimo.com.br\/site\/revista_radio\/revista-de-radio-184-entrevista-frei-rodrigo-peret-sobre-igreja-e-sociedade\/#breadcrumb\"},\"inLanguage\":\"pt-BR\",\"potentialAction\":[{\"@type\":\"ReadAction\",\"target\":[\"https:\/\/padrejosimo.com.br\/site\/revista_radio\/revista-de-radio-184-entrevista-frei-rodrigo-peret-sobre-igreja-e-sociedade\/\"]}]},{\"@type\":\"BreadcrumbList\",\"@id\":\"https:\/\/padrejosimo.com.br\/site\/revista_radio\/revista-de-radio-184-entrevista-frei-rodrigo-peret-sobre-igreja-e-sociedade\/#breadcrumb\",\"itemListElement\":[{\"@type\":\"ListItem\",\"position\":1,\"name\":\"In\u00edcio\",\"item\":\"https:\/\/padrejosimo.com.br\/site\/\"},{\"@type\":\"ListItem\",\"position\":2,\"name\":\"Revistas R\u00e1dio\",\"item\":\"https:\/\/padrejosimo.com.br\/site\/revista-radio\/\"},{\"@type\":\"ListItem\",\"position\":3,\"name\":\"PGM #184 entrevista frei Rodrigo Peret sobre igreja e sociedade\"}]},{\"@type\":\"WebSite\",\"@id\":\"https:\/\/padrejosimo.com.br\/site\/#website\",\"url\":\"https:\/\/padrejosimo.com.br\/site\/\",\"name\":\"Instituto Cultural Padre Josimo\",\"description\":\"Comprometida com a promo\u00e7\u00e3o da justi\u00e7a social, agroecologia e educa\u00e7\u00e3o popular\",\"publisher\":{\"@id\":\"https:\/\/padrejosimo.com.br\/site\/#organization\"},\"alternateName\":\"ICPJ\",\"potentialAction\":[{\"@type\":\"SearchAction\",\"target\":{\"@type\":\"EntryPoint\",\"urlTemplate\":\"https:\/\/padrejosimo.com.br\/site\/?s={search_term_string}\"},\"query-input\":{\"@type\":\"PropertyValueSpecification\",\"valueRequired\":true,\"valueName\":\"search_term_string\"}}],\"inLanguage\":\"pt-BR\"},{\"@type\":\"Organization\",\"@id\":\"https:\/\/padrejosimo.com.br\/site\/#organization\",\"name\":\"Instituto Cultural Padre Josimo\",\"alternateName\":\"ICPJ\",\"url\":\"https:\/\/padrejosimo.com.br\/site\/\",\"logo\":{\"@type\":\"ImageObject\",\"inLanguage\":\"pt-BR\",\"@id\":\"https:\/\/padrejosimo.com.br\/site\/#\/schema\/logo\/image\/\",\"url\":\"https:\/\/padrejosimo.com.br\/site\/wp-content\/uploads\/2025\/09\/cropped-icon-icpj.png\",\"contentUrl\":\"https:\/\/padrejosimo.com.br\/site\/wp-content\/uploads\/2025\/09\/cropped-icon-icpj.png\",\"width\":512,\"height\":512,\"caption\":\"Instituto Cultural Padre Josimo\"},\"image\":{\"@id\":\"https:\/\/padrejosimo.com.br\/site\/#\/schema\/logo\/image\/\"}}]}<\/script>\n<!-- \/ Yoast SEO plugin. -->","yoast_head_json":{"title":"PGM #184 entrevista frei Rodrigo Peret sobre igreja e sociedade - Instituto Cultural Padre Josimo","robots":{"index":"index","follow":"follow","max-snippet":"max-snippet:-1","max-image-preview":"max-image-preview:large","max-video-preview":"max-video-preview:-1"},"canonical":"https:\/\/padrejosimo.com.br\/site\/revista_radio\/revista-de-radio-184-entrevista-frei-rodrigo-peret-sobre-igreja-e-sociedade\/","og_locale":"pt_BR","og_type":"article","og_title":"PGM #184 entrevista frei Rodrigo Peret sobre igreja e sociedade - Instituto Cultural Padre Josimo","og_description":"Temas da semana Nesta semana, o que dominou os debates nos meios pol\u00edticos, jur\u00eddicos, sociais e tamb\u00e9m na m\u00eddia foi a sabatina do indicado de Temer ao STF, Alexandre de Morais. H\u00e1 uma s\u00e9rie de argumentos que desaconselham sua participa\u00e7\u00e3o na mais alta corte do pa\u00eds. Mas como a ordem democr\u00e1tica foi quebrada com o [&hellip;]","og_url":"https:\/\/padrejosimo.com.br\/site\/revista_radio\/revista-de-radio-184-entrevista-frei-rodrigo-peret-sobre-igreja-e-sociedade\/","og_site_name":"Instituto Cultural Padre Josimo","article_modified_time":"2017-05-12T14:59:12+00:00","og_image":[{"width":512,"height":512,"url":"https:\/\/padrejosimo.com.br\/site\/wp-content\/uploads\/2025\/09\/cropped-icon-icpj.png","type":"image\/png"}],"twitter_card":"summary_large_image","twitter_misc":{"Est. tempo de leitura":"1 minuto"},"schema":{"@context":"https:\/\/schema.org","@graph":[{"@type":"WebPage","@id":"https:\/\/padrejosimo.com.br\/site\/revista_radio\/revista-de-radio-184-entrevista-frei-rodrigo-peret-sobre-igreja-e-sociedade\/","url":"https:\/\/padrejosimo.com.br\/site\/revista_radio\/revista-de-radio-184-entrevista-frei-rodrigo-peret-sobre-igreja-e-sociedade\/","name":"PGM #184 entrevista frei Rodrigo Peret sobre igreja e sociedade - Instituto Cultural Padre Josimo","isPartOf":{"@id":"https:\/\/padrejosimo.com.br\/site\/#website"},"datePublished":"2017-04-08T20:09:39+00:00","dateModified":"2017-05-12T14:59:12+00:00","breadcrumb":{"@id":"https:\/\/padrejosimo.com.br\/site\/revista_radio\/revista-de-radio-184-entrevista-frei-rodrigo-peret-sobre-igreja-e-sociedade\/#breadcrumb"},"inLanguage":"pt-BR","potentialAction":[{"@type":"ReadAction","target":["https:\/\/padrejosimo.com.br\/site\/revista_radio\/revista-de-radio-184-entrevista-frei-rodrigo-peret-sobre-igreja-e-sociedade\/"]}]},{"@type":"BreadcrumbList","@id":"https:\/\/padrejosimo.com.br\/site\/revista_radio\/revista-de-radio-184-entrevista-frei-rodrigo-peret-sobre-igreja-e-sociedade\/#breadcrumb","itemListElement":[{"@type":"ListItem","position":1,"name":"In\u00edcio","item":"https:\/\/padrejosimo.com.br\/site\/"},{"@type":"ListItem","position":2,"name":"Revistas R\u00e1dio","item":"https:\/\/padrejosimo.com.br\/site\/revista-radio\/"},{"@type":"ListItem","position":3,"name":"PGM #184 entrevista frei Rodrigo Peret sobre igreja e sociedade"}]},{"@type":"WebSite","@id":"https:\/\/padrejosimo.com.br\/site\/#website","url":"https:\/\/padrejosimo.com.br\/site\/","name":"Instituto Cultural Padre Josimo","description":"Comprometida com a promo\u00e7\u00e3o da justi\u00e7a social, agroecologia e educa\u00e7\u00e3o popular","publisher":{"@id":"https:\/\/padrejosimo.com.br\/site\/#organization"},"alternateName":"ICPJ","potentialAction":[{"@type":"SearchAction","target":{"@type":"EntryPoint","urlTemplate":"https:\/\/padrejosimo.com.br\/site\/?s={search_term_string}"},"query-input":{"@type":"PropertyValueSpecification","valueRequired":true,"valueName":"search_term_string"}}],"inLanguage":"pt-BR"},{"@type":"Organization","@id":"https:\/\/padrejosimo.com.br\/site\/#organization","name":"Instituto Cultural Padre Josimo","alternateName":"ICPJ","url":"https:\/\/padrejosimo.com.br\/site\/","logo":{"@type":"ImageObject","inLanguage":"pt-BR","@id":"https:\/\/padrejosimo.com.br\/site\/#\/schema\/logo\/image\/","url":"https:\/\/padrejosimo.com.br\/site\/wp-content\/uploads\/2025\/09\/cropped-icon-icpj.png","contentUrl":"https:\/\/padrejosimo.com.br\/site\/wp-content\/uploads\/2025\/09\/cropped-icon-icpj.png","width":512,"height":512,"caption":"Instituto Cultural Padre Josimo"},"image":{"@id":"https:\/\/padrejosimo.com.br\/site\/#\/schema\/logo\/image\/"}}]}},"_links":{"self":[{"href":"https:\/\/padrejosimo.com.br\/site\/wp-json\/wp\/v2\/revista_radio\/116","targetHints":{"allow":["GET"]}}],"collection":[{"href":"https:\/\/padrejosimo.com.br\/site\/wp-json\/wp\/v2\/revista_radio"}],"about":[{"href":"https:\/\/padrejosimo.com.br\/site\/wp-json\/wp\/v2\/types\/revista_radio"}],"wp:attachment":[{"href":"https:\/\/padrejosimo.com.br\/site\/wp-json\/wp\/v2\/media?parent=116"}],"curies":[{"name":"wp","href":"https:\/\/api.w.org\/{rel}","templated":true}]}}

<p><strong>Temas da semana</strong></p>
<p>Nesta semana, o que dominou os debates nos meios políticos, jurídicos, sociais e também na mídia foi a sabatina do indicado de Temer ao STF, Alexandre de Morais. Há uma série de argumentos que desaconselham sua participação na mais alta corte do país. Mas como a ordem democrática foi quebrada com o golpe parlamentar midiático, tudo vale, tudo pode. A classe dominante no Brasil deita e rola. Um espetáculo deprimente para quem tem um mínimo de senso de cidadania e civilidade. É tudo muito rápido. Não dá tempo de se recuperar de golpe, já vem outro, outro, e, o pior, com consequências danosas para o país.</p>
<p><strong>Entrevista</strong></p>
<p>Na entrevista de hoje, frei João Osmar continua com a série de entrevistas sobre Igrejas e Sociedade. Ele conversa com o Frei Rodrigo Peret, da Ordem dos Frades Menores, que mora e trabalha em Uberlândia (MG). Ele é militante das causas da Justiça, Paz e Ecologia, envolvendo-se com os movimentos que lutam pela Reforma Agrária e Urbana. Na conversa, ele trata da Igreja no mundo e de como as igreja podem colaborar para a construção do mundo que queremos e sonhamos. Destaque para a presença franciscana nas Comunidades de Base e nos Movimentos Populares.</p>
<p><strong>Música</strong>: A Grande Esperança, com Zilo e Zalo.</p>

<!-- This site is optimized with the Yoast SEO plugin v27.2 - https://yoast.com/product/yoast-seo-wordpress/ -->
<title>PGM #184 entrevista frei Rodrigo Peret sobre igreja e sociedade - Instituto Cultural Padre Josimo</title>
<meta name="robots" content="index, follow, max-snippet:-1, max-image-preview:large, max-video-preview:-1" />
<link rel="canonical" href="https://padrejosimo.com.br/site/revista_radio/revista-de-radio-184-entrevista-frei-rodrigo-peret-sobre-igreja-e-sociedade/" />
<meta property="og:locale" content="pt_BR" />
<meta property="og:type" content="article" />
<meta property="og:title" content="PGM #184 entrevista frei Rodrigo Peret sobre igreja e sociedade - Instituto Cultural Padre Josimo" />
<meta property="og:description" content="Temas da semana Nesta semana, o que dominou os debates nos meios políticos, jurídicos, sociais e também na mídia foi a sabatina do indicado de Temer ao STF, Alexandre de Morais. Há uma série de argumentos que desaconselham sua participação na mais alta corte do país. Mas como a ordem democrática foi quebrada com o [&hellip;]" />
<meta property="og:url" content="https://padrejosimo.com.br/site/revista_radio/revista-de-radio-184-entrevista-frei-rodrigo-peret-sobre-igreja-e-sociedade/" />
<meta property="og:site_name" content="Instituto Cultural Padre Josimo" />
<meta property="article:modified_time" content="2017-05-12T14:59:12+00:00" />
<meta property="og:image" content="https://padrejosimo.com.br/site/wp-content/uploads/2025/09/cropped-icon-icpj.png" />
	<meta property="og:image:width" content="512" />
	<meta property="og:image:height" content="512" />
	<meta property="og:image:type" content="image/png" />
<meta name="twitter:card" content="summary_large_image" />
<meta name="twitter:label1" content="Est. tempo de leitura" />
	<meta name="twitter:data1" content="1 minuto" />
<script type="application/ld+json" class="yoast-schema-graph">{"@context":"https://schema.org","@graph":[{"@type":"WebPage","@id":"https://padrejosimo.com.br/site/revista_radio/revista-de-radio-184-entrevista-frei-rodrigo-peret-sobre-igreja-e-sociedade/","url":"https://padrejosimo.com.br/site/revista_radio/revista-de-radio-184-entrevista-frei-rodrigo-peret-sobre-igreja-e-sociedade/","name":"PGM #184 entrevista frei Rodrigo Peret sobre igreja e sociedade - Instituto Cultural Padre Josimo","isPartOf":{"@id":"https://padrejosimo.com.br/site/#website"},"datePublished":"2017-04-08T20:09:39+00:00","dateModified":"2017-05-12T14:59:12+00:00","breadcrumb":{"@id":"https://padrejosimo.com.br/site/revista_radio/revista-de-radio-184-entrevista-frei-rodrigo-peret-sobre-igreja-e-sociedade/#breadcrumb"},"inLanguage":"pt-BR","potentialAction":[{"@type":"ReadAction","target":["https://padrejosimo.com.br/site/revista_radio/revista-de-radio-184-entrevista-frei-rodrigo-peret-sobre-igreja-e-sociedade/"]}]},{"@type":"BreadcrumbList","@id":"https://padrejosimo.com.br/site/revista_radio/revista-de-radio-184-entrevista-frei-rodrigo-peret-sobre-igreja-e-sociedade/#breadcrumb","itemListElement":[{"@type":"ListItem","position":1,"name":"Início","item":"https://padrejosimo.com.br/site/"},{"@type":"ListItem","position":2,"name":"Revistas Rádio","item":"https://padrejosimo.com.br/site/revista-radio/"},{"@type":"ListItem","position":3,"name":"PGM #184 entrevista frei Rodrigo Peret sobre igreja e sociedade"}]},{"@type":"WebSite","@id":"https://padrejosimo.com.br/site/#website","url":"https://padrejosimo.com.br/site/","name":"Instituto Cultural Padre Josimo","description":"Comprometida com a promoção da justiça social, agroecologia e educação popular","publisher":{"@id":"https://padrejosimo.com.br/site/#organization"},"alternateName":"ICPJ","potentialAction":[{"@type":"SearchAction","target":{"@type":"EntryPoint","urlTemplate":"https://padrejosimo.com.br/site/?s={search_term_string}"},"query-input":{"@type":"PropertyValueSpecification","valueRequired":true,"valueName":"search_term_string"}}],"inLanguage":"pt-BR"},{"@type":"Organization","@id":"https://padrejosimo.com.br/site/#organization","name":"Instituto Cultural Padre Josimo","alternateName":"ICPJ","url":"https://padrejosimo.com.br/site/","logo":{"@type":"ImageObject","inLanguage":"pt-BR","@id":"https://padrejosimo.com.br/site/#/schema/logo/image/","url":"https://padrejosimo.com.br/site/wp-content/uploads/2025/09/cropped-icon-icpj.png","contentUrl":"https://padrejosimo.com.br/site/wp-content/uploads/2025/09/cropped-icon-icpj.png","width":512,"height":512,"caption":"Instituto Cultural Padre Josimo"},"image":{"@id":"https://padrejosimo.com.br/site/#/schema/logo/image/"}}]}</script>
<!-- / Yoast SEO plugin. -->

Temas da semana Nesta semana, o que dominou os debates nos meios políticos, jurídicos, sociais e também na mídia foi a sabatina do indicado de Temer ao STF, Alexandre de Morais. Há uma série de argumentos que desaconselham sua participação na mais alta corte do país. Mas como a ordem democrática foi quebrada com o [&hellip;]

Início

Revistas Rádio

Comprometida com a promoção da justiça social, agroecologia e educação popular
