{"id":114,"date":"2017-04-08T17:08:22","date_gmt":"2017-04-08T20:08:22","guid":{"rendered":"http:\/\/bagual.com.br\/site\/?post_type=revista_radio&#038;p=114"},"modified":"2017-05-12T11:59:26","modified_gmt":"2017-05-12T14:59:26","slug":"revista-de-radio-182-entrevista-monge-sobre-qual-igreja-e-qual-mundo-sonhamos","status":"publish","type":"revista_radio","link":"https:\/\/padrejosimo.com.br\/site\/revista_radio\/revista-de-radio-182-entrevista-monge-sobre-qual-igreja-e-qual-mundo-sonhamos\/","title":{"rendered":"PGM #182 entrevista monge sobre qual igreja e qual mundo sonhamos"},"content":{"rendered":"<p><strong>Temas da semana<\/strong><\/p>\n<p>Nesta semana, o que dominou as not\u00edcias foram as repercuss\u00f5es da dela\u00e7\u00e3o dos executivos da Odebrecht que envolvem toda a c\u00fapula do governo Temer, e as principais lideran\u00e7as do Congresso Nacional que defendem esse governo. As declara\u00e7\u00f5es de Eduardo Cunha ao S\u00e9rgio Moro, bem como sua carta posterior, d\u00e3o o tom da situa\u00e7\u00e3o. Querem acabar com a Lava Jato, enquanto as panelas anticorrup\u00e7\u00e3o silenciaram e os movimentos de rua cessaram. \u00c9 lament\u00e1vel. As crises das pol\u00edcias nos estados do Esp\u00edrito Santo s\u00e3o uma trag\u00e9dia. Mais de cem mortos em uma semana.<\/p>\n<p><strong>Entrevista<\/strong><\/p>\n<p>Na entrevista de hoje, frei Jo\u00e3o Osmar conversa com o monge beneditino Marcelo de Barros, que \u00e9 assessor das Pastorais Sociais e das Comunidades Eclesiais de Base (CEBs). Ele reside e trabalha em Recife, Pernanbuco. Na conversa, ele fala da igreja e do mundo que queremos e sonhamos.<\/p>\n<p><strong>M\u00fasica<\/strong>: Utopia, com Z\u00e9 Vicente.<\/p>\n","protected":false},"featured_media":0,"template":"","class_list":["post-114","revista_radio","type-revista_radio","status-publish","hentry"],"acf":[],"yoast_head":"<!-- This site is optimized with the Yoast SEO plugin v27.2 - https:\/\/yoast.com\/product\/yoast-seo-wordpress\/ -->\n<title>PGM #182 entrevista monge sobre qual igreja e qual mundo sonhamos - Instituto Cultural Padre Josimo<\/title>\n<meta name=\"robots\" content=\"index, follow, max-snippet:-1, max-image-preview:large, max-video-preview:-1\" \/>\n<link rel=\"canonical\" href=\"https:\/\/padrejosimo.com.br\/site\/revista_radio\/revista-de-radio-182-entrevista-monge-sobre-qual-igreja-e-qual-mundo-sonhamos\/\" \/>\n<meta property=\"og:locale\" content=\"pt_BR\" \/>\n<meta property=\"og:type\" content=\"article\" \/>\n<meta property=\"og:title\" content=\"PGM #182 entrevista monge sobre qual igreja e qual mundo sonhamos - Instituto Cultural Padre Josimo\" \/>\n<meta property=\"og:description\" content=\"Temas da semana Nesta semana, o que dominou as not\u00edcias foram as repercuss\u00f5es da dela\u00e7\u00e3o dos executivos da Odebrecht que envolvem toda a c\u00fapula do governo Temer, e as principais lideran\u00e7as do Congresso Nacional que defendem esse governo. As declara\u00e7\u00f5es de Eduardo Cunha ao S\u00e9rgio Moro, bem como sua carta posterior, d\u00e3o o tom da [&hellip;]\" \/>\n<meta property=\"og:url\" content=\"https:\/\/padrejosimo.com.br\/site\/revista_radio\/revista-de-radio-182-entrevista-monge-sobre-qual-igreja-e-qual-mundo-sonhamos\/\" \/>\n<meta property=\"og:site_name\" content=\"Instituto Cultural Padre Josimo\" \/>\n<meta property=\"article:modified_time\" content=\"2017-05-12T14:59:26+00:00\" \/>\n<meta property=\"og:image\" content=\"https:\/\/padrejosimo.com.br\/site\/wp-content\/uploads\/2025\/09\/cropped-icon-icpj.png\" \/>\n\t<meta property=\"og:image:width\" content=\"512\" \/>\n\t<meta property=\"og:image:height\" content=\"512\" \/>\n\t<meta property=\"og:image:type\" content=\"image\/png\" \/>\n<meta name=\"twitter:card\" content=\"summary_large_image\" \/>\n<meta name=\"twitter:label1\" content=\"Est. tempo de leitura\" \/>\n\t<meta name=\"twitter:data1\" content=\"1 minuto\" \/>\n<script type=\"application\/ld+json\" class=\"yoast-schema-graph\">{\"@context\":\"https:\/\/schema.org\",\"@graph\":[{\"@type\":\"WebPage\",\"@id\":\"https:\/\/padrejosimo.com.br\/site\/revista_radio\/revista-de-radio-182-entrevista-monge-sobre-qual-igreja-e-qual-mundo-sonhamos\/\",\"url\":\"https:\/\/padrejosimo.com.br\/site\/revista_radio\/revista-de-radio-182-entrevista-monge-sobre-qual-igreja-e-qual-mundo-sonhamos\/\",\"name\":\"PGM #182 entrevista monge sobre qual igreja e qual mundo sonhamos - Instituto Cultural Padre Josimo\",\"isPartOf\":{\"@id\":\"https:\/\/padrejosimo.com.br\/site\/#website\"},\"datePublished\":\"2017-04-08T20:08:22+00:00\",\"dateModified\":\"2017-05-12T14:59:26+00:00\",\"breadcrumb\":{\"@id\":\"https:\/\/padrejosimo.com.br\/site\/revista_radio\/revista-de-radio-182-entrevista-monge-sobre-qual-igreja-e-qual-mundo-sonhamos\/#breadcrumb\"},\"inLanguage\":\"pt-BR\",\"potentialAction\":[{\"@type\":\"ReadAction\",\"target\":[\"https:\/\/padrejosimo.com.br\/site\/revista_radio\/revista-de-radio-182-entrevista-monge-sobre-qual-igreja-e-qual-mundo-sonhamos\/\"]}]},{\"@type\":\"BreadcrumbList\",\"@id\":\"https:\/\/padrejosimo.com.br\/site\/revista_radio\/revista-de-radio-182-entrevista-monge-sobre-qual-igreja-e-qual-mundo-sonhamos\/#breadcrumb\",\"itemListElement\":[{\"@type\":\"ListItem\",\"position\":1,\"name\":\"In\u00edcio\",\"item\":\"https:\/\/padrejosimo.com.br\/site\/\"},{\"@type\":\"ListItem\",\"position\":2,\"name\":\"Revistas R\u00e1dio\",\"item\":\"https:\/\/padrejosimo.com.br\/site\/revista-radio\/\"},{\"@type\":\"ListItem\",\"position\":3,\"name\":\"PGM #182 entrevista monge sobre qual igreja e qual mundo sonhamos\"}]},{\"@type\":\"WebSite\",\"@id\":\"https:\/\/padrejosimo.com.br\/site\/#website\",\"url\":\"https:\/\/padrejosimo.com.br\/site\/\",\"name\":\"Instituto Cultural Padre Josimo\",\"description\":\"Comprometida com a promo\u00e7\u00e3o da justi\u00e7a social, agroecologia e educa\u00e7\u00e3o popular\",\"publisher\":{\"@id\":\"https:\/\/padrejosimo.com.br\/site\/#organization\"},\"alternateName\":\"ICPJ\",\"potentialAction\":[{\"@type\":\"SearchAction\",\"target\":{\"@type\":\"EntryPoint\",\"urlTemplate\":\"https:\/\/padrejosimo.com.br\/site\/?s={search_term_string}\"},\"query-input\":{\"@type\":\"PropertyValueSpecification\",\"valueRequired\":true,\"valueName\":\"search_term_string\"}}],\"inLanguage\":\"pt-BR\"},{\"@type\":\"Organization\",\"@id\":\"https:\/\/padrejosimo.com.br\/site\/#organization\",\"name\":\"Instituto Cultural Padre Josimo\",\"alternateName\":\"ICPJ\",\"url\":\"https:\/\/padrejosimo.com.br\/site\/\",\"logo\":{\"@type\":\"ImageObject\",\"inLanguage\":\"pt-BR\",\"@id\":\"https:\/\/padrejosimo.com.br\/site\/#\/schema\/logo\/image\/\",\"url\":\"https:\/\/padrejosimo.com.br\/site\/wp-content\/uploads\/2025\/09\/cropped-icon-icpj.png\",\"contentUrl\":\"https:\/\/padrejosimo.com.br\/site\/wp-content\/uploads\/2025\/09\/cropped-icon-icpj.png\",\"width\":512,\"height\":512,\"caption\":\"Instituto Cultural Padre Josimo\"},\"image\":{\"@id\":\"https:\/\/padrejosimo.com.br\/site\/#\/schema\/logo\/image\/\"}}]}<\/script>\n<!-- \/ Yoast SEO plugin. -->","yoast_head_json":{"title":"PGM #182 entrevista monge sobre qual igreja e qual mundo sonhamos - Instituto Cultural Padre Josimo","robots":{"index":"index","follow":"follow","max-snippet":"max-snippet:-1","max-image-preview":"max-image-preview:large","max-video-preview":"max-video-preview:-1"},"canonical":"https:\/\/padrejosimo.com.br\/site\/revista_radio\/revista-de-radio-182-entrevista-monge-sobre-qual-igreja-e-qual-mundo-sonhamos\/","og_locale":"pt_BR","og_type":"article","og_title":"PGM #182 entrevista monge sobre qual igreja e qual mundo sonhamos - Instituto Cultural Padre Josimo","og_description":"Temas da semana Nesta semana, o que dominou as not\u00edcias foram as repercuss\u00f5es da dela\u00e7\u00e3o dos executivos da Odebrecht que envolvem toda a c\u00fapula do governo Temer, e as principais lideran\u00e7as do Congresso Nacional que defendem esse governo. As declara\u00e7\u00f5es de Eduardo Cunha ao S\u00e9rgio Moro, bem como sua carta posterior, d\u00e3o o tom da [&hellip;]","og_url":"https:\/\/padrejosimo.com.br\/site\/revista_radio\/revista-de-radio-182-entrevista-monge-sobre-qual-igreja-e-qual-mundo-sonhamos\/","og_site_name":"Instituto Cultural Padre Josimo","article_modified_time":"2017-05-12T14:59:26+00:00","og_image":[{"width":512,"height":512,"url":"https:\/\/padrejosimo.com.br\/site\/wp-content\/uploads\/2025\/09\/cropped-icon-icpj.png","type":"image\/png"}],"twitter_card":"summary_large_image","twitter_misc":{"Est. tempo de leitura":"1 minuto"},"schema":{"@context":"https:\/\/schema.org","@graph":[{"@type":"WebPage","@id":"https:\/\/padrejosimo.com.br\/site\/revista_radio\/revista-de-radio-182-entrevista-monge-sobre-qual-igreja-e-qual-mundo-sonhamos\/","url":"https:\/\/padrejosimo.com.br\/site\/revista_radio\/revista-de-radio-182-entrevista-monge-sobre-qual-igreja-e-qual-mundo-sonhamos\/","name":"PGM #182 entrevista monge sobre qual igreja e qual mundo sonhamos - Instituto Cultural Padre Josimo","isPartOf":{"@id":"https:\/\/padrejosimo.com.br\/site\/#website"},"datePublished":"2017-04-08T20:08:22+00:00","dateModified":"2017-05-12T14:59:26+00:00","breadcrumb":{"@id":"https:\/\/padrejosimo.com.br\/site\/revista_radio\/revista-de-radio-182-entrevista-monge-sobre-qual-igreja-e-qual-mundo-sonhamos\/#breadcrumb"},"inLanguage":"pt-BR","potentialAction":[{"@type":"ReadAction","target":["https:\/\/padrejosimo.com.br\/site\/revista_radio\/revista-de-radio-182-entrevista-monge-sobre-qual-igreja-e-qual-mundo-sonhamos\/"]}]},{"@type":"BreadcrumbList","@id":"https:\/\/padrejosimo.com.br\/site\/revista_radio\/revista-de-radio-182-entrevista-monge-sobre-qual-igreja-e-qual-mundo-sonhamos\/#breadcrumb","itemListElement":[{"@type":"ListItem","position":1,"name":"In\u00edcio","item":"https:\/\/padrejosimo.com.br\/site\/"},{"@type":"ListItem","position":2,"name":"Revistas R\u00e1dio","item":"https:\/\/padrejosimo.com.br\/site\/revista-radio\/"},{"@type":"ListItem","position":3,"name":"PGM #182 entrevista monge sobre qual igreja e qual mundo sonhamos"}]},{"@type":"WebSite","@id":"https:\/\/padrejosimo.com.br\/site\/#website","url":"https:\/\/padrejosimo.com.br\/site\/","name":"Instituto Cultural Padre Josimo","description":"Comprometida com a promo\u00e7\u00e3o da justi\u00e7a social, agroecologia e educa\u00e7\u00e3o popular","publisher":{"@id":"https:\/\/padrejosimo.com.br\/site\/#organization"},"alternateName":"ICPJ","potentialAction":[{"@type":"SearchAction","target":{"@type":"EntryPoint","urlTemplate":"https:\/\/padrejosimo.com.br\/site\/?s={search_term_string}"},"query-input":{"@type":"PropertyValueSpecification","valueRequired":true,"valueName":"search_term_string"}}],"inLanguage":"pt-BR"},{"@type":"Organization","@id":"https:\/\/padrejosimo.com.br\/site\/#organization","name":"Instituto Cultural Padre Josimo","alternateName":"ICPJ","url":"https:\/\/padrejosimo.com.br\/site\/","logo":{"@type":"ImageObject","inLanguage":"pt-BR","@id":"https:\/\/padrejosimo.com.br\/site\/#\/schema\/logo\/image\/","url":"https:\/\/padrejosimo.com.br\/site\/wp-content\/uploads\/2025\/09\/cropped-icon-icpj.png","contentUrl":"https:\/\/padrejosimo.com.br\/site\/wp-content\/uploads\/2025\/09\/cropped-icon-icpj.png","width":512,"height":512,"caption":"Instituto Cultural Padre Josimo"},"image":{"@id":"https:\/\/padrejosimo.com.br\/site\/#\/schema\/logo\/image\/"}}]}},"_links":{"self":[{"href":"https:\/\/padrejosimo.com.br\/site\/wp-json\/wp\/v2\/revista_radio\/114","targetHints":{"allow":["GET"]}}],"collection":[{"href":"https:\/\/padrejosimo.com.br\/site\/wp-json\/wp\/v2\/revista_radio"}],"about":[{"href":"https:\/\/padrejosimo.com.br\/site\/wp-json\/wp\/v2\/types\/revista_radio"}],"wp:attachment":[{"href":"https:\/\/padrejosimo.com.br\/site\/wp-json\/wp\/v2\/media?parent=114"}],"curies":[{"name":"wp","href":"https:\/\/api.w.org\/{rel}","templated":true}]}}

<p><strong>Temas da semana</strong></p>
<p>Nesta semana, o que dominou as notícias foram as repercussões da delação dos executivos da Odebrecht que envolvem toda a cúpula do governo Temer, e as principais lideranças do Congresso Nacional que defendem esse governo. As declarações de Eduardo Cunha ao Sérgio Moro, bem como sua carta posterior, dão o tom da situação. Querem acabar com a Lava Jato, enquanto as panelas anticorrupção silenciaram e os movimentos de rua cessaram. É lamentável. As crises das polícias nos estados do Espírito Santo são uma tragédia. Mais de cem mortos em uma semana.</p>
<p><strong>Entrevista</strong></p>
<p>Na entrevista de hoje, frei João Osmar conversa com o monge beneditino Marcelo de Barros, que é assessor das Pastorais Sociais e das Comunidades Eclesiais de Base (CEBs). Ele reside e trabalha em Recife, Pernanbuco. Na conversa, ele fala da igreja e do mundo que queremos e sonhamos.</p>
<p><strong>Música</strong>: Utopia, com Zé Vicente.</p>

<!-- This site is optimized with the Yoast SEO plugin v27.2 - https://yoast.com/product/yoast-seo-wordpress/ -->
<title>PGM #182 entrevista monge sobre qual igreja e qual mundo sonhamos - Instituto Cultural Padre Josimo</title>
<meta name="robots" content="index, follow, max-snippet:-1, max-image-preview:large, max-video-preview:-1" />
<link rel="canonical" href="https://padrejosimo.com.br/site/revista_radio/revista-de-radio-182-entrevista-monge-sobre-qual-igreja-e-qual-mundo-sonhamos/" />
<meta property="og:locale" content="pt_BR" />
<meta property="og:type" content="article" />
<meta property="og:title" content="PGM #182 entrevista monge sobre qual igreja e qual mundo sonhamos - Instituto Cultural Padre Josimo" />
<meta property="og:description" content="Temas da semana Nesta semana, o que dominou as notícias foram as repercussões da delação dos executivos da Odebrecht que envolvem toda a cúpula do governo Temer, e as principais lideranças do Congresso Nacional que defendem esse governo. As declarações de Eduardo Cunha ao Sérgio Moro, bem como sua carta posterior, dão o tom da [&hellip;]" />
<meta property="og:url" content="https://padrejosimo.com.br/site/revista_radio/revista-de-radio-182-entrevista-monge-sobre-qual-igreja-e-qual-mundo-sonhamos/" />
<meta property="og:site_name" content="Instituto Cultural Padre Josimo" />
<meta property="article:modified_time" content="2017-05-12T14:59:26+00:00" />
<meta property="og:image" content="https://padrejosimo.com.br/site/wp-content/uploads/2025/09/cropped-icon-icpj.png" />
	<meta property="og:image:width" content="512" />
	<meta property="og:image:height" content="512" />
	<meta property="og:image:type" content="image/png" />
<meta name="twitter:card" content="summary_large_image" />
<meta name="twitter:label1" content="Est. tempo de leitura" />
	<meta name="twitter:data1" content="1 minuto" />
<script type="application/ld+json" class="yoast-schema-graph">{"@context":"https://schema.org","@graph":[{"@type":"WebPage","@id":"https://padrejosimo.com.br/site/revista_radio/revista-de-radio-182-entrevista-monge-sobre-qual-igreja-e-qual-mundo-sonhamos/","url":"https://padrejosimo.com.br/site/revista_radio/revista-de-radio-182-entrevista-monge-sobre-qual-igreja-e-qual-mundo-sonhamos/","name":"PGM #182 entrevista monge sobre qual igreja e qual mundo sonhamos - Instituto Cultural Padre Josimo","isPartOf":{"@id":"https://padrejosimo.com.br/site/#website"},"datePublished":"2017-04-08T20:08:22+00:00","dateModified":"2017-05-12T14:59:26+00:00","breadcrumb":{"@id":"https://padrejosimo.com.br/site/revista_radio/revista-de-radio-182-entrevista-monge-sobre-qual-igreja-e-qual-mundo-sonhamos/#breadcrumb"},"inLanguage":"pt-BR","potentialAction":[{"@type":"ReadAction","target":["https://padrejosimo.com.br/site/revista_radio/revista-de-radio-182-entrevista-monge-sobre-qual-igreja-e-qual-mundo-sonhamos/"]}]},{"@type":"BreadcrumbList","@id":"https://padrejosimo.com.br/site/revista_radio/revista-de-radio-182-entrevista-monge-sobre-qual-igreja-e-qual-mundo-sonhamos/#breadcrumb","itemListElement":[{"@type":"ListItem","position":1,"name":"Início","item":"https://padrejosimo.com.br/site/"},{"@type":"ListItem","position":2,"name":"Revistas Rádio","item":"https://padrejosimo.com.br/site/revista-radio/"},{"@type":"ListItem","position":3,"name":"PGM #182 entrevista monge sobre qual igreja e qual mundo sonhamos"}]},{"@type":"WebSite","@id":"https://padrejosimo.com.br/site/#website","url":"https://padrejosimo.com.br/site/","name":"Instituto Cultural Padre Josimo","description":"Comprometida com a promoção da justiça social, agroecologia e educação popular","publisher":{"@id":"https://padrejosimo.com.br/site/#organization"},"alternateName":"ICPJ","potentialAction":[{"@type":"SearchAction","target":{"@type":"EntryPoint","urlTemplate":"https://padrejosimo.com.br/site/?s={search_term_string}"},"query-input":{"@type":"PropertyValueSpecification","valueRequired":true,"valueName":"search_term_string"}}],"inLanguage":"pt-BR"},{"@type":"Organization","@id":"https://padrejosimo.com.br/site/#organization","name":"Instituto Cultural Padre Josimo","alternateName":"ICPJ","url":"https://padrejosimo.com.br/site/","logo":{"@type":"ImageObject","inLanguage":"pt-BR","@id":"https://padrejosimo.com.br/site/#/schema/logo/image/","url":"https://padrejosimo.com.br/site/wp-content/uploads/2025/09/cropped-icon-icpj.png","contentUrl":"https://padrejosimo.com.br/site/wp-content/uploads/2025/09/cropped-icon-icpj.png","width":512,"height":512,"caption":"Instituto Cultural Padre Josimo"},"image":{"@id":"https://padrejosimo.com.br/site/#/schema/logo/image/"}}]}</script>
<!-- / Yoast SEO plugin. -->

Temas da semana Nesta semana, o que dominou as notícias foram as repercussões da delação dos executivos da Odebrecht que envolvem toda a cúpula do governo Temer, e as principais lideranças do Congresso Nacional que defendem esse governo. As declarações de Eduardo Cunha ao Sérgio Moro, bem como sua carta posterior, dão o tom da [&hellip;]

Início

Revistas Rádio

Comprometida com a promoção da justiça social, agroecologia e educação popular
