{"id":113,"date":"2017-04-08T17:07:43","date_gmt":"2017-04-08T20:07:43","guid":{"rendered":"http:\/\/bagual.com.br\/site\/?post_type=revista_radio&#038;p=113"},"modified":"2017-05-12T11:59:33","modified_gmt":"2017-05-12T14:59:33","slug":"revista-de-radio-181-traz-terceira-edicao-com-tematica-sobre-protagonismo-das-mulheres","status":"publish","type":"revista_radio","link":"https:\/\/padrejosimo.com.br\/site\/revista_radio\/revista-de-radio-181-traz-terceira-edicao-com-tematica-sobre-protagonismo-das-mulheres\/","title":{"rendered":"PGM #181 traz terceira edi\u00e7\u00e3o com tem\u00e1tica sobre protagonismo das mulheres"},"content":{"rendered":"<p><strong>Temas da semana<\/strong><\/p>\n<p>Nesta semana, o que dominou as not\u00edcias foram as repercuss\u00f5es da morte de ministro relator da Lava Jato no STF e seu poss\u00edvel sucessor. Tamb\u00e9m repercutiu a interna\u00e7\u00e3o de ex-primeira dama, Maria Let\u00edcia, acometida de um AVC. Agora mais para o final da semana, surgiram not\u00edcias de grande repercuss\u00e3o: Elei\u00e7\u00e3o dos presidentes da C\u00e2mara Federal e do Senado Federal; Escolha do novo relator da Lava Jato no STF, Ministro Edson Faccin; O an\u00fancio da morte cerebral de Dona Marisa Let\u00edcia. Fiquemos atentos ao que os grandes meios de comunica\u00e7\u00e3o dizem e procuremos ler nas entrelinhas o que eles n\u00e3o dizem! Quero dar meu abra\u00e7o ao casal Chico e Cassilda Krupinsk, de Hulha Negra (RS) e tamb\u00e9m para os ouvintes El\u00f3i e Carme Lacerda de Rio Grande (RS).<\/p>\n<p><strong>Entrevista<\/strong><\/p>\n<p>Na entrevista de hoje, segue o tema &#8220;mulheres protagonistas&#8221;, no terceiro programa que trata do assunto. Neste programa, frei Jo\u00e3o Osmar conversa com a senhora Iria Maria Balzan, professora, natural da Quarta Col\u00f4nia Italiana no Rio Grande do Sul. Ela, muito cedo, migrou para Santa Maria, onde estudou e trabalha at\u00e9 os dias de hoje. Ela \u00e9 um exemplo de mulher que integra em sua vida a milit\u00e2ncia eclesial e social. Coordena v\u00e1rias a\u00e7\u00f5es na Igreja local.<\/p>\n<p><strong>M\u00fasica<\/strong>: Merica merica, com Valmor Marasca.<\/p>\n","protected":false},"featured_media":0,"template":"","class_list":["post-113","revista_radio","type-revista_radio","status-publish","hentry"],"acf":[],"yoast_head":"<!-- This site is optimized with the Yoast SEO plugin v27.2 - https:\/\/yoast.com\/product\/yoast-seo-wordpress\/ -->\n<title>PGM #181 traz terceira edi\u00e7\u00e3o com tem\u00e1tica sobre protagonismo das mulheres - Instituto Cultural Padre Josimo<\/title>\n<meta name=\"robots\" content=\"index, follow, max-snippet:-1, max-image-preview:large, max-video-preview:-1\" \/>\n<link rel=\"canonical\" href=\"https:\/\/padrejosimo.com.br\/site\/revista_radio\/revista-de-radio-181-traz-terceira-edicao-com-tematica-sobre-protagonismo-das-mulheres\/\" \/>\n<meta property=\"og:locale\" content=\"pt_BR\" \/>\n<meta property=\"og:type\" content=\"article\" \/>\n<meta property=\"og:title\" content=\"PGM #181 traz terceira edi\u00e7\u00e3o com tem\u00e1tica sobre protagonismo das mulheres - Instituto Cultural Padre Josimo\" \/>\n<meta property=\"og:description\" content=\"Temas da semana Nesta semana, o que dominou as not\u00edcias foram as repercuss\u00f5es da morte de ministro relator da Lava Jato no STF e seu poss\u00edvel sucessor. Tamb\u00e9m repercutiu a interna\u00e7\u00e3o de ex-primeira dama, Maria Let\u00edcia, acometida de um AVC. Agora mais para o final da semana, surgiram not\u00edcias de grande repercuss\u00e3o: Elei\u00e7\u00e3o dos presidentes [&hellip;]\" \/>\n<meta property=\"og:url\" content=\"https:\/\/padrejosimo.com.br\/site\/revista_radio\/revista-de-radio-181-traz-terceira-edicao-com-tematica-sobre-protagonismo-das-mulheres\/\" \/>\n<meta property=\"og:site_name\" content=\"Instituto Cultural Padre Josimo\" \/>\n<meta property=\"article:modified_time\" content=\"2017-05-12T14:59:33+00:00\" \/>\n<meta property=\"og:image\" content=\"https:\/\/padrejosimo.com.br\/site\/wp-content\/uploads\/2025\/09\/cropped-icon-icpj.png\" \/>\n\t<meta property=\"og:image:width\" content=\"512\" \/>\n\t<meta property=\"og:image:height\" content=\"512\" \/>\n\t<meta property=\"og:image:type\" content=\"image\/png\" \/>\n<meta name=\"twitter:card\" content=\"summary_large_image\" \/>\n<meta name=\"twitter:label1\" content=\"Est. tempo de leitura\" \/>\n\t<meta name=\"twitter:data1\" content=\"1 minuto\" \/>\n<script type=\"application\/ld+json\" class=\"yoast-schema-graph\">{\"@context\":\"https:\/\/schema.org\",\"@graph\":[{\"@type\":\"WebPage\",\"@id\":\"https:\/\/padrejosimo.com.br\/site\/revista_radio\/revista-de-radio-181-traz-terceira-edicao-com-tematica-sobre-protagonismo-das-mulheres\/\",\"url\":\"https:\/\/padrejosimo.com.br\/site\/revista_radio\/revista-de-radio-181-traz-terceira-edicao-com-tematica-sobre-protagonismo-das-mulheres\/\",\"name\":\"PGM #181 traz terceira edi\u00e7\u00e3o com tem\u00e1tica sobre protagonismo das mulheres - Instituto Cultural Padre Josimo\",\"isPartOf\":{\"@id\":\"https:\/\/padrejosimo.com.br\/site\/#website\"},\"datePublished\":\"2017-04-08T20:07:43+00:00\",\"dateModified\":\"2017-05-12T14:59:33+00:00\",\"breadcrumb\":{\"@id\":\"https:\/\/padrejosimo.com.br\/site\/revista_radio\/revista-de-radio-181-traz-terceira-edicao-com-tematica-sobre-protagonismo-das-mulheres\/#breadcrumb\"},\"inLanguage\":\"pt-BR\",\"potentialAction\":[{\"@type\":\"ReadAction\",\"target\":[\"https:\/\/padrejosimo.com.br\/site\/revista_radio\/revista-de-radio-181-traz-terceira-edicao-com-tematica-sobre-protagonismo-das-mulheres\/\"]}]},{\"@type\":\"BreadcrumbList\",\"@id\":\"https:\/\/padrejosimo.com.br\/site\/revista_radio\/revista-de-radio-181-traz-terceira-edicao-com-tematica-sobre-protagonismo-das-mulheres\/#breadcrumb\",\"itemListElement\":[{\"@type\":\"ListItem\",\"position\":1,\"name\":\"In\u00edcio\",\"item\":\"https:\/\/padrejosimo.com.br\/site\/\"},{\"@type\":\"ListItem\",\"position\":2,\"name\":\"Revistas R\u00e1dio\",\"item\":\"https:\/\/padrejosimo.com.br\/site\/revista-radio\/\"},{\"@type\":\"ListItem\",\"position\":3,\"name\":\"PGM #181 traz terceira edi\u00e7\u00e3o com tem\u00e1tica sobre protagonismo das mulheres\"}]},{\"@type\":\"WebSite\",\"@id\":\"https:\/\/padrejosimo.com.br\/site\/#website\",\"url\":\"https:\/\/padrejosimo.com.br\/site\/\",\"name\":\"Instituto Cultural Padre Josimo\",\"description\":\"Comprometida com a promo\u00e7\u00e3o da justi\u00e7a social, agroecologia e educa\u00e7\u00e3o popular\",\"publisher\":{\"@id\":\"https:\/\/padrejosimo.com.br\/site\/#organization\"},\"alternateName\":\"ICPJ\",\"potentialAction\":[{\"@type\":\"SearchAction\",\"target\":{\"@type\":\"EntryPoint\",\"urlTemplate\":\"https:\/\/padrejosimo.com.br\/site\/?s={search_term_string}\"},\"query-input\":{\"@type\":\"PropertyValueSpecification\",\"valueRequired\":true,\"valueName\":\"search_term_string\"}}],\"inLanguage\":\"pt-BR\"},{\"@type\":\"Organization\",\"@id\":\"https:\/\/padrejosimo.com.br\/site\/#organization\",\"name\":\"Instituto Cultural Padre Josimo\",\"alternateName\":\"ICPJ\",\"url\":\"https:\/\/padrejosimo.com.br\/site\/\",\"logo\":{\"@type\":\"ImageObject\",\"inLanguage\":\"pt-BR\",\"@id\":\"https:\/\/padrejosimo.com.br\/site\/#\/schema\/logo\/image\/\",\"url\":\"https:\/\/padrejosimo.com.br\/site\/wp-content\/uploads\/2025\/09\/cropped-icon-icpj.png\",\"contentUrl\":\"https:\/\/padrejosimo.com.br\/site\/wp-content\/uploads\/2025\/09\/cropped-icon-icpj.png\",\"width\":512,\"height\":512,\"caption\":\"Instituto Cultural Padre Josimo\"},\"image\":{\"@id\":\"https:\/\/padrejosimo.com.br\/site\/#\/schema\/logo\/image\/\"}}]}<\/script>\n<!-- \/ Yoast SEO plugin. -->","yoast_head_json":{"title":"PGM #181 traz terceira edi\u00e7\u00e3o com tem\u00e1tica sobre protagonismo das mulheres - Instituto Cultural Padre Josimo","robots":{"index":"index","follow":"follow","max-snippet":"max-snippet:-1","max-image-preview":"max-image-preview:large","max-video-preview":"max-video-preview:-1"},"canonical":"https:\/\/padrejosimo.com.br\/site\/revista_radio\/revista-de-radio-181-traz-terceira-edicao-com-tematica-sobre-protagonismo-das-mulheres\/","og_locale":"pt_BR","og_type":"article","og_title":"PGM #181 traz terceira edi\u00e7\u00e3o com tem\u00e1tica sobre protagonismo das mulheres - Instituto Cultural Padre Josimo","og_description":"Temas da semana Nesta semana, o que dominou as not\u00edcias foram as repercuss\u00f5es da morte de ministro relator da Lava Jato no STF e seu poss\u00edvel sucessor. Tamb\u00e9m repercutiu a interna\u00e7\u00e3o de ex-primeira dama, Maria Let\u00edcia, acometida de um AVC. Agora mais para o final da semana, surgiram not\u00edcias de grande repercuss\u00e3o: Elei\u00e7\u00e3o dos presidentes [&hellip;]","og_url":"https:\/\/padrejosimo.com.br\/site\/revista_radio\/revista-de-radio-181-traz-terceira-edicao-com-tematica-sobre-protagonismo-das-mulheres\/","og_site_name":"Instituto Cultural Padre Josimo","article_modified_time":"2017-05-12T14:59:33+00:00","og_image":[{"width":512,"height":512,"url":"https:\/\/padrejosimo.com.br\/site\/wp-content\/uploads\/2025\/09\/cropped-icon-icpj.png","type":"image\/png"}],"twitter_card":"summary_large_image","twitter_misc":{"Est. tempo de leitura":"1 minuto"},"schema":{"@context":"https:\/\/schema.org","@graph":[{"@type":"WebPage","@id":"https:\/\/padrejosimo.com.br\/site\/revista_radio\/revista-de-radio-181-traz-terceira-edicao-com-tematica-sobre-protagonismo-das-mulheres\/","url":"https:\/\/padrejosimo.com.br\/site\/revista_radio\/revista-de-radio-181-traz-terceira-edicao-com-tematica-sobre-protagonismo-das-mulheres\/","name":"PGM #181 traz terceira edi\u00e7\u00e3o com tem\u00e1tica sobre protagonismo das mulheres - Instituto Cultural Padre Josimo","isPartOf":{"@id":"https:\/\/padrejosimo.com.br\/site\/#website"},"datePublished":"2017-04-08T20:07:43+00:00","dateModified":"2017-05-12T14:59:33+00:00","breadcrumb":{"@id":"https:\/\/padrejosimo.com.br\/site\/revista_radio\/revista-de-radio-181-traz-terceira-edicao-com-tematica-sobre-protagonismo-das-mulheres\/#breadcrumb"},"inLanguage":"pt-BR","potentialAction":[{"@type":"ReadAction","target":["https:\/\/padrejosimo.com.br\/site\/revista_radio\/revista-de-radio-181-traz-terceira-edicao-com-tematica-sobre-protagonismo-das-mulheres\/"]}]},{"@type":"BreadcrumbList","@id":"https:\/\/padrejosimo.com.br\/site\/revista_radio\/revista-de-radio-181-traz-terceira-edicao-com-tematica-sobre-protagonismo-das-mulheres\/#breadcrumb","itemListElement":[{"@type":"ListItem","position":1,"name":"In\u00edcio","item":"https:\/\/padrejosimo.com.br\/site\/"},{"@type":"ListItem","position":2,"name":"Revistas R\u00e1dio","item":"https:\/\/padrejosimo.com.br\/site\/revista-radio\/"},{"@type":"ListItem","position":3,"name":"PGM #181 traz terceira edi\u00e7\u00e3o com tem\u00e1tica sobre protagonismo das mulheres"}]},{"@type":"WebSite","@id":"https:\/\/padrejosimo.com.br\/site\/#website","url":"https:\/\/padrejosimo.com.br\/site\/","name":"Instituto Cultural Padre Josimo","description":"Comprometida com a promo\u00e7\u00e3o da justi\u00e7a social, agroecologia e educa\u00e7\u00e3o popular","publisher":{"@id":"https:\/\/padrejosimo.com.br\/site\/#organization"},"alternateName":"ICPJ","potentialAction":[{"@type":"SearchAction","target":{"@type":"EntryPoint","urlTemplate":"https:\/\/padrejosimo.com.br\/site\/?s={search_term_string}"},"query-input":{"@type":"PropertyValueSpecification","valueRequired":true,"valueName":"search_term_string"}}],"inLanguage":"pt-BR"},{"@type":"Organization","@id":"https:\/\/padrejosimo.com.br\/site\/#organization","name":"Instituto Cultural Padre Josimo","alternateName":"ICPJ","url":"https:\/\/padrejosimo.com.br\/site\/","logo":{"@type":"ImageObject","inLanguage":"pt-BR","@id":"https:\/\/padrejosimo.com.br\/site\/#\/schema\/logo\/image\/","url":"https:\/\/padrejosimo.com.br\/site\/wp-content\/uploads\/2025\/09\/cropped-icon-icpj.png","contentUrl":"https:\/\/padrejosimo.com.br\/site\/wp-content\/uploads\/2025\/09\/cropped-icon-icpj.png","width":512,"height":512,"caption":"Instituto Cultural Padre Josimo"},"image":{"@id":"https:\/\/padrejosimo.com.br\/site\/#\/schema\/logo\/image\/"}}]}},"_links":{"self":[{"href":"https:\/\/padrejosimo.com.br\/site\/wp-json\/wp\/v2\/revista_radio\/113","targetHints":{"allow":["GET"]}}],"collection":[{"href":"https:\/\/padrejosimo.com.br\/site\/wp-json\/wp\/v2\/revista_radio"}],"about":[{"href":"https:\/\/padrejosimo.com.br\/site\/wp-json\/wp\/v2\/types\/revista_radio"}],"wp:attachment":[{"href":"https:\/\/padrejosimo.com.br\/site\/wp-json\/wp\/v2\/media?parent=113"}],"curies":[{"name":"wp","href":"https:\/\/api.w.org\/{rel}","templated":true}]}}

PGM #181 traz terceira edição com temática sobre protagonismo das mulheres

<p><strong>Temas da semana</strong></p>
<p>Nesta semana, o que dominou as notícias foram as repercussões da morte de ministro relator da Lava Jato no STF e seu possível sucessor. Também repercutiu a internação de ex-primeira dama, Maria Letícia, acometida de um AVC. Agora mais para o final da semana, surgiram notícias de grande repercussão: Eleição dos presidentes da Câmara Federal e do Senado Federal; Escolha do novo relator da Lava Jato no STF, Ministro Edson Faccin; O anúncio da morte cerebral de Dona Marisa Letícia. Fiquemos atentos ao que os grandes meios de comunicação dizem e procuremos ler nas entrelinhas o que eles não dizem! Quero dar meu abraço ao casal Chico e Cassilda Krupinsk, de Hulha Negra (RS) e também para os ouvintes Elói e Carme Lacerda de Rio Grande (RS).</p>
<p><strong>Entrevista</strong></p>
<p>Na entrevista de hoje, segue o tema &#8220;mulheres protagonistas&#8221;, no terceiro programa que trata do assunto. Neste programa, frei João Osmar conversa com a senhora Iria Maria Balzan, professora, natural da Quarta Colônia Italiana no Rio Grande do Sul. Ela, muito cedo, migrou para Santa Maria, onde estudou e trabalha até os dias de hoje. Ela é um exemplo de mulher que integra em sua vida a militância eclesial e social. Coordena várias ações na Igreja local.</p>
<p><strong>Música</strong>: Merica merica, com Valmor Marasca.</p>

<!-- This site is optimized with the Yoast SEO plugin v27.2 - https://yoast.com/product/yoast-seo-wordpress/ -->
<title>PGM #181 traz terceira edição com temática sobre protagonismo das mulheres - Instituto Cultural Padre Josimo</title>
<meta name="robots" content="index, follow, max-snippet:-1, max-image-preview:large, max-video-preview:-1" />
<link rel="canonical" href="https://padrejosimo.com.br/site/revista_radio/revista-de-radio-181-traz-terceira-edicao-com-tematica-sobre-protagonismo-das-mulheres/" />
<meta property="og:locale" content="pt_BR" />
<meta property="og:type" content="article" />
<meta property="og:title" content="PGM #181 traz terceira edição com temática sobre protagonismo das mulheres - Instituto Cultural Padre Josimo" />
<meta property="og:description" content="Temas da semana Nesta semana, o que dominou as notícias foram as repercussões da morte de ministro relator da Lava Jato no STF e seu possível sucessor. Também repercutiu a internação de ex-primeira dama, Maria Letícia, acometida de um AVC. Agora mais para o final da semana, surgiram notícias de grande repercussão: Eleição dos presidentes [&hellip;]" />
<meta property="og:url" content="https://padrejosimo.com.br/site/revista_radio/revista-de-radio-181-traz-terceira-edicao-com-tematica-sobre-protagonismo-das-mulheres/" />
<meta property="og:site_name" content="Instituto Cultural Padre Josimo" />
<meta property="article:modified_time" content="2017-05-12T14:59:33+00:00" />
<meta property="og:image" content="https://padrejosimo.com.br/site/wp-content/uploads/2025/09/cropped-icon-icpj.png" />
	<meta property="og:image:width" content="512" />
	<meta property="og:image:height" content="512" />
	<meta property="og:image:type" content="image/png" />
<meta name="twitter:card" content="summary_large_image" />
<meta name="twitter:label1" content="Est. tempo de leitura" />
	<meta name="twitter:data1" content="1 minuto" />
<script type="application/ld+json" class="yoast-schema-graph">{"@context":"https://schema.org","@graph":[{"@type":"WebPage","@id":"https://padrejosimo.com.br/site/revista_radio/revista-de-radio-181-traz-terceira-edicao-com-tematica-sobre-protagonismo-das-mulheres/","url":"https://padrejosimo.com.br/site/revista_radio/revista-de-radio-181-traz-terceira-edicao-com-tematica-sobre-protagonismo-das-mulheres/","name":"PGM #181 traz terceira edição com temática sobre protagonismo das mulheres - Instituto Cultural Padre Josimo","isPartOf":{"@id":"https://padrejosimo.com.br/site/#website"},"datePublished":"2017-04-08T20:07:43+00:00","dateModified":"2017-05-12T14:59:33+00:00","breadcrumb":{"@id":"https://padrejosimo.com.br/site/revista_radio/revista-de-radio-181-traz-terceira-edicao-com-tematica-sobre-protagonismo-das-mulheres/#breadcrumb"},"inLanguage":"pt-BR","potentialAction":[{"@type":"ReadAction","target":["https://padrejosimo.com.br/site/revista_radio/revista-de-radio-181-traz-terceira-edicao-com-tematica-sobre-protagonismo-das-mulheres/"]}]},{"@type":"BreadcrumbList","@id":"https://padrejosimo.com.br/site/revista_radio/revista-de-radio-181-traz-terceira-edicao-com-tematica-sobre-protagonismo-das-mulheres/#breadcrumb","itemListElement":[{"@type":"ListItem","position":1,"name":"Início","item":"https://padrejosimo.com.br/site/"},{"@type":"ListItem","position":2,"name":"Revistas Rádio","item":"https://padrejosimo.com.br/site/revista-radio/"},{"@type":"ListItem","position":3,"name":"PGM #181 traz terceira edição com temática sobre protagonismo das mulheres"}]},{"@type":"WebSite","@id":"https://padrejosimo.com.br/site/#website","url":"https://padrejosimo.com.br/site/","name":"Instituto Cultural Padre Josimo","description":"Comprometida com a promoção da justiça social, agroecologia e educação popular","publisher":{"@id":"https://padrejosimo.com.br/site/#organization"},"alternateName":"ICPJ","potentialAction":[{"@type":"SearchAction","target":{"@type":"EntryPoint","urlTemplate":"https://padrejosimo.com.br/site/?s={search_term_string}"},"query-input":{"@type":"PropertyValueSpecification","valueRequired":true,"valueName":"search_term_string"}}],"inLanguage":"pt-BR"},{"@type":"Organization","@id":"https://padrejosimo.com.br/site/#organization","name":"Instituto Cultural Padre Josimo","alternateName":"ICPJ","url":"https://padrejosimo.com.br/site/","logo":{"@type":"ImageObject","inLanguage":"pt-BR","@id":"https://padrejosimo.com.br/site/#/schema/logo/image/","url":"https://padrejosimo.com.br/site/wp-content/uploads/2025/09/cropped-icon-icpj.png","contentUrl":"https://padrejosimo.com.br/site/wp-content/uploads/2025/09/cropped-icon-icpj.png","width":512,"height":512,"caption":"Instituto Cultural Padre Josimo"},"image":{"@id":"https://padrejosimo.com.br/site/#/schema/logo/image/"}}]}</script>
<!-- / Yoast SEO plugin. -->

PGM #181 traz terceira edição com temática sobre protagonismo das mulheres - Instituto Cultural Padre Josimo

Temas da semana Nesta semana, o que dominou as notícias foram as repercussões da morte de ministro relator da Lava Jato no STF e seu possível sucessor. Também repercutiu a internação de ex-primeira dama, Maria Letícia, acometida de um AVC. Agora mais para o final da semana, surgiram notícias de grande repercussão: Eleição dos presidentes [&hellip;]

Início

Revistas Rádio

Comprometida com a promoção da justiça social, agroecologia e educação popular
