{"id":112,"date":"2017-04-08T17:05:54","date_gmt":"2017-04-08T20:05:54","guid":{"rendered":"http:\/\/bagual.com.br\/site\/?post_type=revista_radio&#038;p=112"},"modified":"2017-05-12T11:59:43","modified_gmt":"2017-05-12T14:59:43","slug":"revista-de-radio-180-segue-falando-sobre-o-protagonismo-das-mulheres","status":"publish","type":"revista_radio","link":"https:\/\/padrejosimo.com.br\/site\/revista_radio\/revista-de-radio-180-segue-falando-sobre-o-protagonismo-das-mulheres\/","title":{"rendered":"PGM #180 segue falando sobre o protagonismo das mulheres"},"content":{"rendered":"<p><strong>Temas da semana<\/strong><\/p>\n<p>Nesta semana, o que dominou as not\u00edcias foram as repercuss\u00f5es do acidente a\u00e9reo que matou o ministro do Supremo Tribunal Federal Teori Zavascki e mais quatro pessoas no Rio de Janeiro. Mais para o final da semana, surgiu um novo desdobramento da Opera\u00e7\u00e3o Lava Jato, com o decreto de pris\u00e3o do Eike Batista e de mais uma dezena de pessoas ligadas ao ex-governador do Rio de Janeiro S\u00e9rgio Cabral. Fiquemos atentos ao que os grandes meios de comunica\u00e7\u00e3o dizem e procuremos ler nas entrelinhas o que eles n\u00e3o dizem! O programa destaca ainda o Semin\u00e1rio e Assembleia Nacional da Pastoral da Juventude Rural \u2013 PJR, que aconteceu nesta semana. \u00c9 um sinal de esperan\u00e7a.<\/p>\n<p><strong>Entrevista<\/strong><\/p>\n<p>A entrevista da edi\u00e7\u00e3o segue com o tema &#8220;mulheres protagonistas&#8221;. \u00c9 o segundo de uma s\u00e9ria de tr\u00eas programas em que frei Jo\u00e3o Osmar conversa com mulheres que s\u00e3o l\u00edderes em seus meios familiar, comunit\u00e1rio e social. No programa de hoje, a conversa \u00e9 com a senhora Maria Iracema dos Santos Lima, natural de Santa Maria, onde ainda reside. Ela \u00e9 de origem afro-brasileira, participa da Igreja cat\u00f3lica, foi ativa nas CEBs e at\u00e9 hoje atua como respons\u00e1vel pela alimenta\u00e7\u00f5es em muitos encontros de forma\u00e7\u00e3o que acontecem na regi\u00e3o.<\/p>\n<p><strong>M\u00fasica<\/strong>: Maria, Maria, com Milton Nascimento.<\/p>\n","protected":false},"featured_media":0,"template":"","class_list":["post-112","revista_radio","type-revista_radio","status-publish","hentry"],"acf":[],"yoast_head":"<!-- This site is optimized with the Yoast SEO plugin v27.2 - https:\/\/yoast.com\/product\/yoast-seo-wordpress\/ -->\n<title>PGM #180 segue falando sobre o protagonismo das mulheres - Instituto Cultural Padre Josimo<\/title>\n<meta name=\"robots\" content=\"index, follow, max-snippet:-1, max-image-preview:large, max-video-preview:-1\" \/>\n<link rel=\"canonical\" href=\"https:\/\/padrejosimo.com.br\/site\/revista_radio\/revista-de-radio-180-segue-falando-sobre-o-protagonismo-das-mulheres\/\" \/>\n<meta property=\"og:locale\" content=\"pt_BR\" \/>\n<meta property=\"og:type\" content=\"article\" \/>\n<meta property=\"og:title\" content=\"PGM #180 segue falando sobre o protagonismo das mulheres - Instituto Cultural Padre Josimo\" \/>\n<meta property=\"og:description\" content=\"Temas da semana Nesta semana, o que dominou as not\u00edcias foram as repercuss\u00f5es do acidente a\u00e9reo que matou o ministro do Supremo Tribunal Federal Teori Zavascki e mais quatro pessoas no Rio de Janeiro. Mais para o final da semana, surgiu um novo desdobramento da Opera\u00e7\u00e3o Lava Jato, com o decreto de pris\u00e3o do Eike [&hellip;]\" \/>\n<meta property=\"og:url\" content=\"https:\/\/padrejosimo.com.br\/site\/revista_radio\/revista-de-radio-180-segue-falando-sobre-o-protagonismo-das-mulheres\/\" \/>\n<meta property=\"og:site_name\" content=\"Instituto Cultural Padre Josimo\" \/>\n<meta property=\"article:modified_time\" content=\"2017-05-12T14:59:43+00:00\" \/>\n<meta property=\"og:image\" content=\"https:\/\/padrejosimo.com.br\/site\/wp-content\/uploads\/2025\/09\/cropped-icon-icpj.png\" \/>\n\t<meta property=\"og:image:width\" content=\"512\" \/>\n\t<meta property=\"og:image:height\" content=\"512\" \/>\n\t<meta property=\"og:image:type\" content=\"image\/png\" \/>\n<meta name=\"twitter:card\" content=\"summary_large_image\" \/>\n<meta name=\"twitter:label1\" content=\"Est. tempo de leitura\" \/>\n\t<meta name=\"twitter:data1\" content=\"1 minuto\" \/>\n<script type=\"application\/ld+json\" class=\"yoast-schema-graph\">{\"@context\":\"https:\/\/schema.org\",\"@graph\":[{\"@type\":\"WebPage\",\"@id\":\"https:\/\/padrejosimo.com.br\/site\/revista_radio\/revista-de-radio-180-segue-falando-sobre-o-protagonismo-das-mulheres\/\",\"url\":\"https:\/\/padrejosimo.com.br\/site\/revista_radio\/revista-de-radio-180-segue-falando-sobre-o-protagonismo-das-mulheres\/\",\"name\":\"PGM #180 segue falando sobre o protagonismo das mulheres - Instituto Cultural Padre Josimo\",\"isPartOf\":{\"@id\":\"https:\/\/padrejosimo.com.br\/site\/#website\"},\"datePublished\":\"2017-04-08T20:05:54+00:00\",\"dateModified\":\"2017-05-12T14:59:43+00:00\",\"breadcrumb\":{\"@id\":\"https:\/\/padrejosimo.com.br\/site\/revista_radio\/revista-de-radio-180-segue-falando-sobre-o-protagonismo-das-mulheres\/#breadcrumb\"},\"inLanguage\":\"pt-BR\",\"potentialAction\":[{\"@type\":\"ReadAction\",\"target\":[\"https:\/\/padrejosimo.com.br\/site\/revista_radio\/revista-de-radio-180-segue-falando-sobre-o-protagonismo-das-mulheres\/\"]}]},{\"@type\":\"BreadcrumbList\",\"@id\":\"https:\/\/padrejosimo.com.br\/site\/revista_radio\/revista-de-radio-180-segue-falando-sobre-o-protagonismo-das-mulheres\/#breadcrumb\",\"itemListElement\":[{\"@type\":\"ListItem\",\"position\":1,\"name\":\"In\u00edcio\",\"item\":\"https:\/\/padrejosimo.com.br\/site\/\"},{\"@type\":\"ListItem\",\"position\":2,\"name\":\"Revistas R\u00e1dio\",\"item\":\"https:\/\/padrejosimo.com.br\/site\/revista-radio\/\"},{\"@type\":\"ListItem\",\"position\":3,\"name\":\"PGM #180 segue falando sobre o protagonismo das mulheres\"}]},{\"@type\":\"WebSite\",\"@id\":\"https:\/\/padrejosimo.com.br\/site\/#website\",\"url\":\"https:\/\/padrejosimo.com.br\/site\/\",\"name\":\"Instituto Cultural Padre Josimo\",\"description\":\"Comprometida com a promo\u00e7\u00e3o da justi\u00e7a social, agroecologia e educa\u00e7\u00e3o popular\",\"publisher\":{\"@id\":\"https:\/\/padrejosimo.com.br\/site\/#organization\"},\"alternateName\":\"ICPJ\",\"potentialAction\":[{\"@type\":\"SearchAction\",\"target\":{\"@type\":\"EntryPoint\",\"urlTemplate\":\"https:\/\/padrejosimo.com.br\/site\/?s={search_term_string}\"},\"query-input\":{\"@type\":\"PropertyValueSpecification\",\"valueRequired\":true,\"valueName\":\"search_term_string\"}}],\"inLanguage\":\"pt-BR\"},{\"@type\":\"Organization\",\"@id\":\"https:\/\/padrejosimo.com.br\/site\/#organization\",\"name\":\"Instituto Cultural Padre Josimo\",\"alternateName\":\"ICPJ\",\"url\":\"https:\/\/padrejosimo.com.br\/site\/\",\"logo\":{\"@type\":\"ImageObject\",\"inLanguage\":\"pt-BR\",\"@id\":\"https:\/\/padrejosimo.com.br\/site\/#\/schema\/logo\/image\/\",\"url\":\"https:\/\/padrejosimo.com.br\/site\/wp-content\/uploads\/2025\/09\/cropped-icon-icpj.png\",\"contentUrl\":\"https:\/\/padrejosimo.com.br\/site\/wp-content\/uploads\/2025\/09\/cropped-icon-icpj.png\",\"width\":512,\"height\":512,\"caption\":\"Instituto Cultural Padre Josimo\"},\"image\":{\"@id\":\"https:\/\/padrejosimo.com.br\/site\/#\/schema\/logo\/image\/\"}}]}<\/script>\n<!-- \/ Yoast SEO plugin. -->","yoast_head_json":{"title":"PGM #180 segue falando sobre o protagonismo das mulheres - Instituto Cultural Padre Josimo","robots":{"index":"index","follow":"follow","max-snippet":"max-snippet:-1","max-image-preview":"max-image-preview:large","max-video-preview":"max-video-preview:-1"},"canonical":"https:\/\/padrejosimo.com.br\/site\/revista_radio\/revista-de-radio-180-segue-falando-sobre-o-protagonismo-das-mulheres\/","og_locale":"pt_BR","og_type":"article","og_title":"PGM #180 segue falando sobre o protagonismo das mulheres - Instituto Cultural Padre Josimo","og_description":"Temas da semana Nesta semana, o que dominou as not\u00edcias foram as repercuss\u00f5es do acidente a\u00e9reo que matou o ministro do Supremo Tribunal Federal Teori Zavascki e mais quatro pessoas no Rio de Janeiro. Mais para o final da semana, surgiu um novo desdobramento da Opera\u00e7\u00e3o Lava Jato, com o decreto de pris\u00e3o do Eike [&hellip;]","og_url":"https:\/\/padrejosimo.com.br\/site\/revista_radio\/revista-de-radio-180-segue-falando-sobre-o-protagonismo-das-mulheres\/","og_site_name":"Instituto Cultural Padre Josimo","article_modified_time":"2017-05-12T14:59:43+00:00","og_image":[{"width":512,"height":512,"url":"https:\/\/padrejosimo.com.br\/site\/wp-content\/uploads\/2025\/09\/cropped-icon-icpj.png","type":"image\/png"}],"twitter_card":"summary_large_image","twitter_misc":{"Est. tempo de leitura":"1 minuto"},"schema":{"@context":"https:\/\/schema.org","@graph":[{"@type":"WebPage","@id":"https:\/\/padrejosimo.com.br\/site\/revista_radio\/revista-de-radio-180-segue-falando-sobre-o-protagonismo-das-mulheres\/","url":"https:\/\/padrejosimo.com.br\/site\/revista_radio\/revista-de-radio-180-segue-falando-sobre-o-protagonismo-das-mulheres\/","name":"PGM #180 segue falando sobre o protagonismo das mulheres - Instituto Cultural Padre Josimo","isPartOf":{"@id":"https:\/\/padrejosimo.com.br\/site\/#website"},"datePublished":"2017-04-08T20:05:54+00:00","dateModified":"2017-05-12T14:59:43+00:00","breadcrumb":{"@id":"https:\/\/padrejosimo.com.br\/site\/revista_radio\/revista-de-radio-180-segue-falando-sobre-o-protagonismo-das-mulheres\/#breadcrumb"},"inLanguage":"pt-BR","potentialAction":[{"@type":"ReadAction","target":["https:\/\/padrejosimo.com.br\/site\/revista_radio\/revista-de-radio-180-segue-falando-sobre-o-protagonismo-das-mulheres\/"]}]},{"@type":"BreadcrumbList","@id":"https:\/\/padrejosimo.com.br\/site\/revista_radio\/revista-de-radio-180-segue-falando-sobre-o-protagonismo-das-mulheres\/#breadcrumb","itemListElement":[{"@type":"ListItem","position":1,"name":"In\u00edcio","item":"https:\/\/padrejosimo.com.br\/site\/"},{"@type":"ListItem","position":2,"name":"Revistas R\u00e1dio","item":"https:\/\/padrejosimo.com.br\/site\/revista-radio\/"},{"@type":"ListItem","position":3,"name":"PGM #180 segue falando sobre o protagonismo das mulheres"}]},{"@type":"WebSite","@id":"https:\/\/padrejosimo.com.br\/site\/#website","url":"https:\/\/padrejosimo.com.br\/site\/","name":"Instituto Cultural Padre Josimo","description":"Comprometida com a promo\u00e7\u00e3o da justi\u00e7a social, agroecologia e educa\u00e7\u00e3o popular","publisher":{"@id":"https:\/\/padrejosimo.com.br\/site\/#organization"},"alternateName":"ICPJ","potentialAction":[{"@type":"SearchAction","target":{"@type":"EntryPoint","urlTemplate":"https:\/\/padrejosimo.com.br\/site\/?s={search_term_string}"},"query-input":{"@type":"PropertyValueSpecification","valueRequired":true,"valueName":"search_term_string"}}],"inLanguage":"pt-BR"},{"@type":"Organization","@id":"https:\/\/padrejosimo.com.br\/site\/#organization","name":"Instituto Cultural Padre Josimo","alternateName":"ICPJ","url":"https:\/\/padrejosimo.com.br\/site\/","logo":{"@type":"ImageObject","inLanguage":"pt-BR","@id":"https:\/\/padrejosimo.com.br\/site\/#\/schema\/logo\/image\/","url":"https:\/\/padrejosimo.com.br\/site\/wp-content\/uploads\/2025\/09\/cropped-icon-icpj.png","contentUrl":"https:\/\/padrejosimo.com.br\/site\/wp-content\/uploads\/2025\/09\/cropped-icon-icpj.png","width":512,"height":512,"caption":"Instituto Cultural Padre Josimo"},"image":{"@id":"https:\/\/padrejosimo.com.br\/site\/#\/schema\/logo\/image\/"}}]}},"_links":{"self":[{"href":"https:\/\/padrejosimo.com.br\/site\/wp-json\/wp\/v2\/revista_radio\/112","targetHints":{"allow":["GET"]}}],"collection":[{"href":"https:\/\/padrejosimo.com.br\/site\/wp-json\/wp\/v2\/revista_radio"}],"about":[{"href":"https:\/\/padrejosimo.com.br\/site\/wp-json\/wp\/v2\/types\/revista_radio"}],"wp:attachment":[{"href":"https:\/\/padrejosimo.com.br\/site\/wp-json\/wp\/v2\/media?parent=112"}],"curies":[{"name":"wp","href":"https:\/\/api.w.org\/{rel}","templated":true}]}}

<p><strong>Temas da semana</strong></p>
<p>Nesta semana, o que dominou as notícias foram as repercussões do acidente aéreo que matou o ministro do Supremo Tribunal Federal Teori Zavascki e mais quatro pessoas no Rio de Janeiro. Mais para o final da semana, surgiu um novo desdobramento da Operação Lava Jato, com o decreto de prisão do Eike Batista e de mais uma dezena de pessoas ligadas ao ex-governador do Rio de Janeiro Sérgio Cabral. Fiquemos atentos ao que os grandes meios de comunicação dizem e procuremos ler nas entrelinhas o que eles não dizem! O programa destaca ainda o Seminário e Assembleia Nacional da Pastoral da Juventude Rural – PJR, que aconteceu nesta semana. É um sinal de esperança.</p>
<p><strong>Entrevista</strong></p>
<p>A entrevista da edição segue com o tema &#8220;mulheres protagonistas&#8221;. É o segundo de uma séria de três programas em que frei João Osmar conversa com mulheres que são líderes em seus meios familiar, comunitário e social. No programa de hoje, a conversa é com a senhora Maria Iracema dos Santos Lima, natural de Santa Maria, onde ainda reside. Ela é de origem afro-brasileira, participa da Igreja católica, foi ativa nas CEBs e até hoje atua como responsável pela alimentações em muitos encontros de formação que acontecem na região.</p>
<p><strong>Música</strong>: Maria, Maria, com Milton Nascimento.</p>

<!-- This site is optimized with the Yoast SEO plugin v27.2 - https://yoast.com/product/yoast-seo-wordpress/ -->
<title>PGM #180 segue falando sobre o protagonismo das mulheres - Instituto Cultural Padre Josimo</title>
<meta name="robots" content="index, follow, max-snippet:-1, max-image-preview:large, max-video-preview:-1" />
<link rel="canonical" href="https://padrejosimo.com.br/site/revista_radio/revista-de-radio-180-segue-falando-sobre-o-protagonismo-das-mulheres/" />
<meta property="og:locale" content="pt_BR" />
<meta property="og:type" content="article" />
<meta property="og:title" content="PGM #180 segue falando sobre o protagonismo das mulheres - Instituto Cultural Padre Josimo" />
<meta property="og:description" content="Temas da semana Nesta semana, o que dominou as notícias foram as repercussões do acidente aéreo que matou o ministro do Supremo Tribunal Federal Teori Zavascki e mais quatro pessoas no Rio de Janeiro. Mais para o final da semana, surgiu um novo desdobramento da Operação Lava Jato, com o decreto de prisão do Eike [&hellip;]" />
<meta property="og:url" content="https://padrejosimo.com.br/site/revista_radio/revista-de-radio-180-segue-falando-sobre-o-protagonismo-das-mulheres/" />
<meta property="og:site_name" content="Instituto Cultural Padre Josimo" />
<meta property="article:modified_time" content="2017-05-12T14:59:43+00:00" />
<meta property="og:image" content="https://padrejosimo.com.br/site/wp-content/uploads/2025/09/cropped-icon-icpj.png" />
	<meta property="og:image:width" content="512" />
	<meta property="og:image:height" content="512" />
	<meta property="og:image:type" content="image/png" />
<meta name="twitter:card" content="summary_large_image" />
<meta name="twitter:label1" content="Est. tempo de leitura" />
	<meta name="twitter:data1" content="1 minuto" />
<script type="application/ld+json" class="yoast-schema-graph">{"@context":"https://schema.org","@graph":[{"@type":"WebPage","@id":"https://padrejosimo.com.br/site/revista_radio/revista-de-radio-180-segue-falando-sobre-o-protagonismo-das-mulheres/","url":"https://padrejosimo.com.br/site/revista_radio/revista-de-radio-180-segue-falando-sobre-o-protagonismo-das-mulheres/","name":"PGM #180 segue falando sobre o protagonismo das mulheres - Instituto Cultural Padre Josimo","isPartOf":{"@id":"https://padrejosimo.com.br/site/#website"},"datePublished":"2017-04-08T20:05:54+00:00","dateModified":"2017-05-12T14:59:43+00:00","breadcrumb":{"@id":"https://padrejosimo.com.br/site/revista_radio/revista-de-radio-180-segue-falando-sobre-o-protagonismo-das-mulheres/#breadcrumb"},"inLanguage":"pt-BR","potentialAction":[{"@type":"ReadAction","target":["https://padrejosimo.com.br/site/revista_radio/revista-de-radio-180-segue-falando-sobre-o-protagonismo-das-mulheres/"]}]},{"@type":"BreadcrumbList","@id":"https://padrejosimo.com.br/site/revista_radio/revista-de-radio-180-segue-falando-sobre-o-protagonismo-das-mulheres/#breadcrumb","itemListElement":[{"@type":"ListItem","position":1,"name":"Início","item":"https://padrejosimo.com.br/site/"},{"@type":"ListItem","position":2,"name":"Revistas Rádio","item":"https://padrejosimo.com.br/site/revista-radio/"},{"@type":"ListItem","position":3,"name":"PGM #180 segue falando sobre o protagonismo das mulheres"}]},{"@type":"WebSite","@id":"https://padrejosimo.com.br/site/#website","url":"https://padrejosimo.com.br/site/","name":"Instituto Cultural Padre Josimo","description":"Comprometida com a promoção da justiça social, agroecologia e educação popular","publisher":{"@id":"https://padrejosimo.com.br/site/#organization"},"alternateName":"ICPJ","potentialAction":[{"@type":"SearchAction","target":{"@type":"EntryPoint","urlTemplate":"https://padrejosimo.com.br/site/?s={search_term_string}"},"query-input":{"@type":"PropertyValueSpecification","valueRequired":true,"valueName":"search_term_string"}}],"inLanguage":"pt-BR"},{"@type":"Organization","@id":"https://padrejosimo.com.br/site/#organization","name":"Instituto Cultural Padre Josimo","alternateName":"ICPJ","url":"https://padrejosimo.com.br/site/","logo":{"@type":"ImageObject","inLanguage":"pt-BR","@id":"https://padrejosimo.com.br/site/#/schema/logo/image/","url":"https://padrejosimo.com.br/site/wp-content/uploads/2025/09/cropped-icon-icpj.png","contentUrl":"https://padrejosimo.com.br/site/wp-content/uploads/2025/09/cropped-icon-icpj.png","width":512,"height":512,"caption":"Instituto Cultural Padre Josimo"},"image":{"@id":"https://padrejosimo.com.br/site/#/schema/logo/image/"}}]}</script>
<!-- / Yoast SEO plugin. -->

Temas da semana Nesta semana, o que dominou as notícias foram as repercussões do acidente aéreo que matou o ministro do Supremo Tribunal Federal Teori Zavascki e mais quatro pessoas no Rio de Janeiro. Mais para o final da semana, surgiu um novo desdobramento da Operação Lava Jato, com o decreto de prisão do Eike [&hellip;]

Início

Revistas Rádio

Comprometida com a promoção da justiça social, agroecologia e educação popular
