{"id":111,"date":"2017-04-08T17:05:16","date_gmt":"2017-04-08T20:05:16","guid":{"rendered":"http:\/\/bagual.com.br\/site\/?post_type=revista_radio&#038;p=111"},"modified":"2017-05-12T11:59:52","modified_gmt":"2017-05-12T14:59:52","slug":"revista-de-radio-179-tem-como-tema-o-protagonismo-das-mulheres","status":"publish","type":"revista_radio","link":"https:\/\/padrejosimo.com.br\/site\/revista_radio\/revista-de-radio-179-tem-como-tema-o-protagonismo-das-mulheres\/","title":{"rendered":"PGM #179 tem como tema o protagonismo das mulheres"},"content":{"rendered":"<p><strong>Temas da semana<\/strong><\/p>\n<p>Nesta semana que parecia que ia transcorrendo sem muitas novidades no cen\u00e1rio nacional, em que eu iria comentar um pouco sobre o F\u00f3rum Social das Resist\u00eancias que acontece em Porto Alegre de 17 a 21 deste m\u00eas, surge uma verdadeira bomba no notici\u00e1rio brasileiro, com repercuss\u00f5es na m\u00eddia estrangeira: O Ministro do Supremo tribunal Federal, Relator da Opera\u00e7\u00e3o Lava Jato naquela Corte morre em acidente a\u00e9reo. H\u00e1 uma verdadeira enxurrada de coment\u00e1rios, teorias, profecias, que o cidad\u00e3o comum ter\u00e1 muita dificuldade em entender. Fiquemos atentos ao que eles dizem e procuremos ler nas entrelinhas o que eles n\u00e3o dizem!<\/p>\n<p>Vou destacar hoje, mesmo assim o F\u00f3rum Mundial das Resist\u00eancias que reuniu em Porto Alegre alguns milhares de ativistas Sociais de todo o Pa\u00eds e at\u00e9 do estrangeiro. \u00c9 um sinal de esperan\u00e7a.<\/p>\n<p><strong>Entrevista<\/strong><\/p>\n<p>Na entrevista de hoje, vou iniciar um novo tema: Mulheres protagonistas. Ser\u00e3o tr\u00eas Programa onde na entrevista conversos com mulheres que s\u00e3o l\u00edderes em seus meios familiar, comunit\u00e1rio e social. No programa de hoje converso com a jovem Larissa Iasminy Lopes Moraes, de apenas 16 anos, nasceu e reside no Quilombo dos Martinianos em Restinga Seca, RS. Ela \u00e9 filha de pai descendente de \u00edndios e de m\u00e3e negra e optou por ser negra e quilombola, coisa que lhe d\u00e1 muito orgulho. \u00c9 uma jovem protagonista. Ela indicou a m\u00fasica que vamos ouvir no programa.<\/p>\n<p><strong>M\u00fasica<\/strong>: Gritos de Liberdade, com o Grupo Rodeio.<\/p>\n","protected":false},"featured_media":0,"template":"","class_list":["post-111","revista_radio","type-revista_radio","status-publish","hentry"],"acf":[],"yoast_head":"<!-- This site is optimized with the Yoast SEO plugin v27.2 - https:\/\/yoast.com\/product\/yoast-seo-wordpress\/ -->\n<title>PGM #179 tem como tema o protagonismo das mulheres - Instituto Cultural Padre Josimo<\/title>\n<meta name=\"robots\" content=\"index, follow, max-snippet:-1, max-image-preview:large, max-video-preview:-1\" \/>\n<link rel=\"canonical\" href=\"https:\/\/padrejosimo.com.br\/site\/revista_radio\/revista-de-radio-179-tem-como-tema-o-protagonismo-das-mulheres\/\" \/>\n<meta property=\"og:locale\" content=\"pt_BR\" \/>\n<meta property=\"og:type\" content=\"article\" \/>\n<meta property=\"og:title\" content=\"PGM #179 tem como tema o protagonismo das mulheres - Instituto Cultural Padre Josimo\" \/>\n<meta property=\"og:description\" content=\"Temas da semana Nesta semana que parecia que ia transcorrendo sem muitas novidades no cen\u00e1rio nacional, em que eu iria comentar um pouco sobre o F\u00f3rum Social das Resist\u00eancias que acontece em Porto Alegre de 17 a 21 deste m\u00eas, surge uma verdadeira bomba no notici\u00e1rio brasileiro, com repercuss\u00f5es na m\u00eddia estrangeira: O Ministro do [&hellip;]\" \/>\n<meta property=\"og:url\" content=\"https:\/\/padrejosimo.com.br\/site\/revista_radio\/revista-de-radio-179-tem-como-tema-o-protagonismo-das-mulheres\/\" \/>\n<meta property=\"og:site_name\" content=\"Instituto Cultural Padre Josimo\" \/>\n<meta property=\"article:modified_time\" content=\"2017-05-12T14:59:52+00:00\" \/>\n<meta property=\"og:image\" content=\"https:\/\/padrejosimo.com.br\/site\/wp-content\/uploads\/2025\/09\/cropped-icon-icpj.png\" \/>\n\t<meta property=\"og:image:width\" content=\"512\" \/>\n\t<meta property=\"og:image:height\" content=\"512\" \/>\n\t<meta property=\"og:image:type\" content=\"image\/png\" \/>\n<meta name=\"twitter:card\" content=\"summary_large_image\" \/>\n<meta name=\"twitter:label1\" content=\"Est. tempo de leitura\" \/>\n\t<meta name=\"twitter:data1\" content=\"1 minuto\" \/>\n<script type=\"application\/ld+json\" class=\"yoast-schema-graph\">{\"@context\":\"https:\/\/schema.org\",\"@graph\":[{\"@type\":\"WebPage\",\"@id\":\"https:\/\/padrejosimo.com.br\/site\/revista_radio\/revista-de-radio-179-tem-como-tema-o-protagonismo-das-mulheres\/\",\"url\":\"https:\/\/padrejosimo.com.br\/site\/revista_radio\/revista-de-radio-179-tem-como-tema-o-protagonismo-das-mulheres\/\",\"name\":\"PGM #179 tem como tema o protagonismo das mulheres - Instituto Cultural Padre Josimo\",\"isPartOf\":{\"@id\":\"https:\/\/padrejosimo.com.br\/site\/#website\"},\"datePublished\":\"2017-04-08T20:05:16+00:00\",\"dateModified\":\"2017-05-12T14:59:52+00:00\",\"breadcrumb\":{\"@id\":\"https:\/\/padrejosimo.com.br\/site\/revista_radio\/revista-de-radio-179-tem-como-tema-o-protagonismo-das-mulheres\/#breadcrumb\"},\"inLanguage\":\"pt-BR\",\"potentialAction\":[{\"@type\":\"ReadAction\",\"target\":[\"https:\/\/padrejosimo.com.br\/site\/revista_radio\/revista-de-radio-179-tem-como-tema-o-protagonismo-das-mulheres\/\"]}]},{\"@type\":\"BreadcrumbList\",\"@id\":\"https:\/\/padrejosimo.com.br\/site\/revista_radio\/revista-de-radio-179-tem-como-tema-o-protagonismo-das-mulheres\/#breadcrumb\",\"itemListElement\":[{\"@type\":\"ListItem\",\"position\":1,\"name\":\"In\u00edcio\",\"item\":\"https:\/\/padrejosimo.com.br\/site\/\"},{\"@type\":\"ListItem\",\"position\":2,\"name\":\"Revistas R\u00e1dio\",\"item\":\"https:\/\/padrejosimo.com.br\/site\/revista-radio\/\"},{\"@type\":\"ListItem\",\"position\":3,\"name\":\"PGM #179 tem como tema o protagonismo das mulheres\"}]},{\"@type\":\"WebSite\",\"@id\":\"https:\/\/padrejosimo.com.br\/site\/#website\",\"url\":\"https:\/\/padrejosimo.com.br\/site\/\",\"name\":\"Instituto Cultural Padre Josimo\",\"description\":\"Comprometida com a promo\u00e7\u00e3o da justi\u00e7a social, agroecologia e educa\u00e7\u00e3o popular\",\"publisher\":{\"@id\":\"https:\/\/padrejosimo.com.br\/site\/#organization\"},\"alternateName\":\"ICPJ\",\"potentialAction\":[{\"@type\":\"SearchAction\",\"target\":{\"@type\":\"EntryPoint\",\"urlTemplate\":\"https:\/\/padrejosimo.com.br\/site\/?s={search_term_string}\"},\"query-input\":{\"@type\":\"PropertyValueSpecification\",\"valueRequired\":true,\"valueName\":\"search_term_string\"}}],\"inLanguage\":\"pt-BR\"},{\"@type\":\"Organization\",\"@id\":\"https:\/\/padrejosimo.com.br\/site\/#organization\",\"name\":\"Instituto Cultural Padre Josimo\",\"alternateName\":\"ICPJ\",\"url\":\"https:\/\/padrejosimo.com.br\/site\/\",\"logo\":{\"@type\":\"ImageObject\",\"inLanguage\":\"pt-BR\",\"@id\":\"https:\/\/padrejosimo.com.br\/site\/#\/schema\/logo\/image\/\",\"url\":\"https:\/\/padrejosimo.com.br\/site\/wp-content\/uploads\/2025\/09\/cropped-icon-icpj.png\",\"contentUrl\":\"https:\/\/padrejosimo.com.br\/site\/wp-content\/uploads\/2025\/09\/cropped-icon-icpj.png\",\"width\":512,\"height\":512,\"caption\":\"Instituto Cultural Padre Josimo\"},\"image\":{\"@id\":\"https:\/\/padrejosimo.com.br\/site\/#\/schema\/logo\/image\/\"}}]}<\/script>\n<!-- \/ Yoast SEO plugin. -->","yoast_head_json":{"title":"PGM #179 tem como tema o protagonismo das mulheres - Instituto Cultural Padre Josimo","robots":{"index":"index","follow":"follow","max-snippet":"max-snippet:-1","max-image-preview":"max-image-preview:large","max-video-preview":"max-video-preview:-1"},"canonical":"https:\/\/padrejosimo.com.br\/site\/revista_radio\/revista-de-radio-179-tem-como-tema-o-protagonismo-das-mulheres\/","og_locale":"pt_BR","og_type":"article","og_title":"PGM #179 tem como tema o protagonismo das mulheres - Instituto Cultural Padre Josimo","og_description":"Temas da semana Nesta semana que parecia que ia transcorrendo sem muitas novidades no cen\u00e1rio nacional, em que eu iria comentar um pouco sobre o F\u00f3rum Social das Resist\u00eancias que acontece em Porto Alegre de 17 a 21 deste m\u00eas, surge uma verdadeira bomba no notici\u00e1rio brasileiro, com repercuss\u00f5es na m\u00eddia estrangeira: O Ministro do [&hellip;]","og_url":"https:\/\/padrejosimo.com.br\/site\/revista_radio\/revista-de-radio-179-tem-como-tema-o-protagonismo-das-mulheres\/","og_site_name":"Instituto Cultural Padre Josimo","article_modified_time":"2017-05-12T14:59:52+00:00","og_image":[{"width":512,"height":512,"url":"https:\/\/padrejosimo.com.br\/site\/wp-content\/uploads\/2025\/09\/cropped-icon-icpj.png","type":"image\/png"}],"twitter_card":"summary_large_image","twitter_misc":{"Est. tempo de leitura":"1 minuto"},"schema":{"@context":"https:\/\/schema.org","@graph":[{"@type":"WebPage","@id":"https:\/\/padrejosimo.com.br\/site\/revista_radio\/revista-de-radio-179-tem-como-tema-o-protagonismo-das-mulheres\/","url":"https:\/\/padrejosimo.com.br\/site\/revista_radio\/revista-de-radio-179-tem-como-tema-o-protagonismo-das-mulheres\/","name":"PGM #179 tem como tema o protagonismo das mulheres - Instituto Cultural Padre Josimo","isPartOf":{"@id":"https:\/\/padrejosimo.com.br\/site\/#website"},"datePublished":"2017-04-08T20:05:16+00:00","dateModified":"2017-05-12T14:59:52+00:00","breadcrumb":{"@id":"https:\/\/padrejosimo.com.br\/site\/revista_radio\/revista-de-radio-179-tem-como-tema-o-protagonismo-das-mulheres\/#breadcrumb"},"inLanguage":"pt-BR","potentialAction":[{"@type":"ReadAction","target":["https:\/\/padrejosimo.com.br\/site\/revista_radio\/revista-de-radio-179-tem-como-tema-o-protagonismo-das-mulheres\/"]}]},{"@type":"BreadcrumbList","@id":"https:\/\/padrejosimo.com.br\/site\/revista_radio\/revista-de-radio-179-tem-como-tema-o-protagonismo-das-mulheres\/#breadcrumb","itemListElement":[{"@type":"ListItem","position":1,"name":"In\u00edcio","item":"https:\/\/padrejosimo.com.br\/site\/"},{"@type":"ListItem","position":2,"name":"Revistas R\u00e1dio","item":"https:\/\/padrejosimo.com.br\/site\/revista-radio\/"},{"@type":"ListItem","position":3,"name":"PGM #179 tem como tema o protagonismo das mulheres"}]},{"@type":"WebSite","@id":"https:\/\/padrejosimo.com.br\/site\/#website","url":"https:\/\/padrejosimo.com.br\/site\/","name":"Instituto Cultural Padre Josimo","description":"Comprometida com a promo\u00e7\u00e3o da justi\u00e7a social, agroecologia e educa\u00e7\u00e3o popular","publisher":{"@id":"https:\/\/padrejosimo.com.br\/site\/#organization"},"alternateName":"ICPJ","potentialAction":[{"@type":"SearchAction","target":{"@type":"EntryPoint","urlTemplate":"https:\/\/padrejosimo.com.br\/site\/?s={search_term_string}"},"query-input":{"@type":"PropertyValueSpecification","valueRequired":true,"valueName":"search_term_string"}}],"inLanguage":"pt-BR"},{"@type":"Organization","@id":"https:\/\/padrejosimo.com.br\/site\/#organization","name":"Instituto Cultural Padre Josimo","alternateName":"ICPJ","url":"https:\/\/padrejosimo.com.br\/site\/","logo":{"@type":"ImageObject","inLanguage":"pt-BR","@id":"https:\/\/padrejosimo.com.br\/site\/#\/schema\/logo\/image\/","url":"https:\/\/padrejosimo.com.br\/site\/wp-content\/uploads\/2025\/09\/cropped-icon-icpj.png","contentUrl":"https:\/\/padrejosimo.com.br\/site\/wp-content\/uploads\/2025\/09\/cropped-icon-icpj.png","width":512,"height":512,"caption":"Instituto Cultural Padre Josimo"},"image":{"@id":"https:\/\/padrejosimo.com.br\/site\/#\/schema\/logo\/image\/"}}]}},"_links":{"self":[{"href":"https:\/\/padrejosimo.com.br\/site\/wp-json\/wp\/v2\/revista_radio\/111","targetHints":{"allow":["GET"]}}],"collection":[{"href":"https:\/\/padrejosimo.com.br\/site\/wp-json\/wp\/v2\/revista_radio"}],"about":[{"href":"https:\/\/padrejosimo.com.br\/site\/wp-json\/wp\/v2\/types\/revista_radio"}],"wp:attachment":[{"href":"https:\/\/padrejosimo.com.br\/site\/wp-json\/wp\/v2\/media?parent=111"}],"curies":[{"name":"wp","href":"https:\/\/api.w.org\/{rel}","templated":true}]}}

<p><strong>Temas da semana</strong></p>
<p>Nesta semana que parecia que ia transcorrendo sem muitas novidades no cenário nacional, em que eu iria comentar um pouco sobre o Fórum Social das Resistências que acontece em Porto Alegre de 17 a 21 deste mês, surge uma verdadeira bomba no noticiário brasileiro, com repercussões na mídia estrangeira: O Ministro do Supremo tribunal Federal, Relator da Operação Lava Jato naquela Corte morre em acidente aéreo. Há uma verdadeira enxurrada de comentários, teorias, profecias, que o cidadão comum terá muita dificuldade em entender. Fiquemos atentos ao que eles dizem e procuremos ler nas entrelinhas o que eles não dizem!</p>
<p>Vou destacar hoje, mesmo assim o Fórum Mundial das Resistências que reuniu em Porto Alegre alguns milhares de ativistas Sociais de todo o País e até do estrangeiro. É um sinal de esperança.</p>
<p><strong>Entrevista</strong></p>
<p>Na entrevista de hoje, vou iniciar um novo tema: Mulheres protagonistas. Serão três Programa onde na entrevista conversos com mulheres que são líderes em seus meios familiar, comunitário e social. No programa de hoje converso com a jovem Larissa Iasminy Lopes Moraes, de apenas 16 anos, nasceu e reside no Quilombo dos Martinianos em Restinga Seca, RS. Ela é filha de pai descendente de índios e de mãe negra e optou por ser negra e quilombola, coisa que lhe dá muito orgulho. É uma jovem protagonista. Ela indicou a música que vamos ouvir no programa.</p>
<p><strong>Música</strong>: Gritos de Liberdade, com o Grupo Rodeio.</p>

<!-- This site is optimized with the Yoast SEO plugin v27.2 - https://yoast.com/product/yoast-seo-wordpress/ -->
<title>PGM #179 tem como tema o protagonismo das mulheres - Instituto Cultural Padre Josimo</title>
<meta name="robots" content="index, follow, max-snippet:-1, max-image-preview:large, max-video-preview:-1" />
<link rel="canonical" href="https://padrejosimo.com.br/site/revista_radio/revista-de-radio-179-tem-como-tema-o-protagonismo-das-mulheres/" />
<meta property="og:locale" content="pt_BR" />
<meta property="og:type" content="article" />
<meta property="og:title" content="PGM #179 tem como tema o protagonismo das mulheres - Instituto Cultural Padre Josimo" />
<meta property="og:description" content="Temas da semana Nesta semana que parecia que ia transcorrendo sem muitas novidades no cenário nacional, em que eu iria comentar um pouco sobre o Fórum Social das Resistências que acontece em Porto Alegre de 17 a 21 deste mês, surge uma verdadeira bomba no noticiário brasileiro, com repercussões na mídia estrangeira: O Ministro do [&hellip;]" />
<meta property="og:url" content="https://padrejosimo.com.br/site/revista_radio/revista-de-radio-179-tem-como-tema-o-protagonismo-das-mulheres/" />
<meta property="og:site_name" content="Instituto Cultural Padre Josimo" />
<meta property="article:modified_time" content="2017-05-12T14:59:52+00:00" />
<meta property="og:image" content="https://padrejosimo.com.br/site/wp-content/uploads/2025/09/cropped-icon-icpj.png" />
	<meta property="og:image:width" content="512" />
	<meta property="og:image:height" content="512" />
	<meta property="og:image:type" content="image/png" />
<meta name="twitter:card" content="summary_large_image" />
<meta name="twitter:label1" content="Est. tempo de leitura" />
	<meta name="twitter:data1" content="1 minuto" />
<script type="application/ld+json" class="yoast-schema-graph">{"@context":"https://schema.org","@graph":[{"@type":"WebPage","@id":"https://padrejosimo.com.br/site/revista_radio/revista-de-radio-179-tem-como-tema-o-protagonismo-das-mulheres/","url":"https://padrejosimo.com.br/site/revista_radio/revista-de-radio-179-tem-como-tema-o-protagonismo-das-mulheres/","name":"PGM #179 tem como tema o protagonismo das mulheres - Instituto Cultural Padre Josimo","isPartOf":{"@id":"https://padrejosimo.com.br/site/#website"},"datePublished":"2017-04-08T20:05:16+00:00","dateModified":"2017-05-12T14:59:52+00:00","breadcrumb":{"@id":"https://padrejosimo.com.br/site/revista_radio/revista-de-radio-179-tem-como-tema-o-protagonismo-das-mulheres/#breadcrumb"},"inLanguage":"pt-BR","potentialAction":[{"@type":"ReadAction","target":["https://padrejosimo.com.br/site/revista_radio/revista-de-radio-179-tem-como-tema-o-protagonismo-das-mulheres/"]}]},{"@type":"BreadcrumbList","@id":"https://padrejosimo.com.br/site/revista_radio/revista-de-radio-179-tem-como-tema-o-protagonismo-das-mulheres/#breadcrumb","itemListElement":[{"@type":"ListItem","position":1,"name":"Início","item":"https://padrejosimo.com.br/site/"},{"@type":"ListItem","position":2,"name":"Revistas Rádio","item":"https://padrejosimo.com.br/site/revista-radio/"},{"@type":"ListItem","position":3,"name":"PGM #179 tem como tema o protagonismo das mulheres"}]},{"@type":"WebSite","@id":"https://padrejosimo.com.br/site/#website","url":"https://padrejosimo.com.br/site/","name":"Instituto Cultural Padre Josimo","description":"Comprometida com a promoção da justiça social, agroecologia e educação popular","publisher":{"@id":"https://padrejosimo.com.br/site/#organization"},"alternateName":"ICPJ","potentialAction":[{"@type":"SearchAction","target":{"@type":"EntryPoint","urlTemplate":"https://padrejosimo.com.br/site/?s={search_term_string}"},"query-input":{"@type":"PropertyValueSpecification","valueRequired":true,"valueName":"search_term_string"}}],"inLanguage":"pt-BR"},{"@type":"Organization","@id":"https://padrejosimo.com.br/site/#organization","name":"Instituto Cultural Padre Josimo","alternateName":"ICPJ","url":"https://padrejosimo.com.br/site/","logo":{"@type":"ImageObject","inLanguage":"pt-BR","@id":"https://padrejosimo.com.br/site/#/schema/logo/image/","url":"https://padrejosimo.com.br/site/wp-content/uploads/2025/09/cropped-icon-icpj.png","contentUrl":"https://padrejosimo.com.br/site/wp-content/uploads/2025/09/cropped-icon-icpj.png","width":512,"height":512,"caption":"Instituto Cultural Padre Josimo"},"image":{"@id":"https://padrejosimo.com.br/site/#/schema/logo/image/"}}]}</script>
<!-- / Yoast SEO plugin. -->

Temas da semana Nesta semana que parecia que ia transcorrendo sem muitas novidades no cenário nacional, em que eu iria comentar um pouco sobre o Fórum Social das Resistências que acontece em Porto Alegre de 17 a 21 deste mês, surge uma verdadeira bomba no noticiário brasileiro, com repercussões na mídia estrangeira: O Ministro do [&hellip;]

Início

Revistas Rádio

Comprometida com a promoção da justiça social, agroecologia e educação popular
