{"id":109,"date":"2017-04-08T17:02:11","date_gmt":"2017-04-08T20:02:11","guid":{"rendered":"http:\/\/bagual.com.br\/site\/?post_type=revista_radio&#038;p=109"},"modified":"2017-05-12T12:00:07","modified_gmt":"2017-05-12T15:00:07","slug":"revista-de-radio-177-tem-como-tema-principal-a-questao-familiar","status":"publish","type":"revista_radio","link":"https:\/\/padrejosimo.com.br\/site\/revista_radio\/revista-de-radio-177-tem-como-tema-principal-a-questao-familiar\/","title":{"rendered":"PGM #177 tem como tema principal a quest\u00e3o familiar"},"content":{"rendered":"<p><strong>Temas da semana<\/strong><\/p>\n<p>Nesta semana, primeira de 2017, continuamos com not\u00edcias ruins para o povo brasileiro. Desacelera\u00e7\u00e3o da economia, desemprego em alta, desconfian\u00e7a do mercado no Governo Temer, enfim&#8230; fracasso total do Golpe de 2016 do ponto de vista da economia, da pol\u00edtica e da pacifica\u00e7\u00e3o da Na\u00e7\u00e3o. N\u00e3o podemos perder a esperan\u00e7a! Hoje vou destacar apenas duas not\u00edcias da virada do ano que chocaram o Brasil e o mundo: o massacre no pres\u00eddio que resultou em quase 60 mortos. Vale registrar que \u00e9 um pres\u00eddio terceirizado, isto \u00e9, estregue ao mercado, onde o custo de um preso \u00e9 tr\u00eas vezes maior do que em S\u00e3o Paulo. As autoridades estaduais e federais ficam jogando a culpa umas nas outras. A outra not\u00edcia da virada do ano \u00e9 tamb\u00e9m massacre, mas desta vez por quest\u00e3o de g\u00eanero: Em Campinas, SP um homem mata durante a festa da virada de ano sua mulher, seu filho e mais dez pessoas da fam\u00edlia. Deixou carta explicando os motivos para o crime: \u00f3dio \u00e0 mulheres que ele chama de \u201cvadias\u201d. \u00c9 muito triste!<\/p>\n<p><strong>Entrevista<\/strong><\/p>\n<p>Na entrevista de edi\u00e7\u00e3o, primeira de duas entrevistas, tem como tema a quest\u00e3o familiar. O entrevistado \u00e9 Jacson Gross, nascido em Sapucaia do Sul em 1978, onde ainda reside. Trabalha como Comiss\u00e1rio de Bordo, \u00e9 Bacharel em Direito e Mestre em Sociologia Jur\u00eddica pela UNILASALE de Canoas, RS. Nesta primeira entrevista ele nos fala um pouco de sua vida, sua trajet\u00f3ria de vida enquanto filho de trabalhadores numa cidade da regi\u00e3o metropolitana de Porto Alegre. Como o tema das entrevistas gira em torno da fam\u00edlia, vou registrar aqui: o Jacson \u00e9 meu sobrinho. Ele indicou as m\u00fasicas que vamos ouvir nos dois programas.<\/p>\n<p><strong>M\u00fasica<\/strong>: Aquarela do Brasil, com Gal Costa.<\/p>\n","protected":false},"featured_media":0,"template":"","class_list":["post-109","revista_radio","type-revista_radio","status-publish","hentry"],"acf":[],"yoast_head":"<!-- This site is optimized with the Yoast SEO plugin v27.2 - https:\/\/yoast.com\/product\/yoast-seo-wordpress\/ -->\n<title>PGM #177 tem como tema principal a quest\u00e3o familiar - Instituto Cultural Padre Josimo<\/title>\n<meta name=\"robots\" content=\"index, follow, max-snippet:-1, max-image-preview:large, max-video-preview:-1\" \/>\n<link rel=\"canonical\" href=\"https:\/\/padrejosimo.com.br\/site\/revista_radio\/revista-de-radio-177-tem-como-tema-principal-a-questao-familiar\/\" \/>\n<meta property=\"og:locale\" content=\"pt_BR\" \/>\n<meta property=\"og:type\" content=\"article\" \/>\n<meta property=\"og:title\" content=\"PGM #177 tem como tema principal a quest\u00e3o familiar - Instituto Cultural Padre Josimo\" \/>\n<meta property=\"og:description\" content=\"Temas da semana Nesta semana, primeira de 2017, continuamos com not\u00edcias ruins para o povo brasileiro. Desacelera\u00e7\u00e3o da economia, desemprego em alta, desconfian\u00e7a do mercado no Governo Temer, enfim&#8230; fracasso total do Golpe de 2016 do ponto de vista da economia, da pol\u00edtica e da pacifica\u00e7\u00e3o da Na\u00e7\u00e3o. N\u00e3o podemos perder a esperan\u00e7a! Hoje vou [&hellip;]\" \/>\n<meta property=\"og:url\" content=\"https:\/\/padrejosimo.com.br\/site\/revista_radio\/revista-de-radio-177-tem-como-tema-principal-a-questao-familiar\/\" \/>\n<meta property=\"og:site_name\" content=\"Instituto Cultural Padre Josimo\" \/>\n<meta property=\"article:modified_time\" content=\"2017-05-12T15:00:07+00:00\" \/>\n<meta property=\"og:image\" content=\"https:\/\/padrejosimo.com.br\/site\/wp-content\/uploads\/2025\/09\/cropped-icon-icpj.png\" \/>\n\t<meta property=\"og:image:width\" content=\"512\" \/>\n\t<meta property=\"og:image:height\" content=\"512\" \/>\n\t<meta property=\"og:image:type\" content=\"image\/png\" \/>\n<meta name=\"twitter:card\" content=\"summary_large_image\" \/>\n<meta name=\"twitter:label1\" content=\"Est. tempo de leitura\" \/>\n\t<meta name=\"twitter:data1\" content=\"2 minutos\" \/>\n<script type=\"application\/ld+json\" class=\"yoast-schema-graph\">{\"@context\":\"https:\/\/schema.org\",\"@graph\":[{\"@type\":\"WebPage\",\"@id\":\"https:\/\/padrejosimo.com.br\/site\/revista_radio\/revista-de-radio-177-tem-como-tema-principal-a-questao-familiar\/\",\"url\":\"https:\/\/padrejosimo.com.br\/site\/revista_radio\/revista-de-radio-177-tem-como-tema-principal-a-questao-familiar\/\",\"name\":\"PGM #177 tem como tema principal a quest\u00e3o familiar - Instituto Cultural Padre Josimo\",\"isPartOf\":{\"@id\":\"https:\/\/padrejosimo.com.br\/site\/#website\"},\"datePublished\":\"2017-04-08T20:02:11+00:00\",\"dateModified\":\"2017-05-12T15:00:07+00:00\",\"breadcrumb\":{\"@id\":\"https:\/\/padrejosimo.com.br\/site\/revista_radio\/revista-de-radio-177-tem-como-tema-principal-a-questao-familiar\/#breadcrumb\"},\"inLanguage\":\"pt-BR\",\"potentialAction\":[{\"@type\":\"ReadAction\",\"target\":[\"https:\/\/padrejosimo.com.br\/site\/revista_radio\/revista-de-radio-177-tem-como-tema-principal-a-questao-familiar\/\"]}]},{\"@type\":\"BreadcrumbList\",\"@id\":\"https:\/\/padrejosimo.com.br\/site\/revista_radio\/revista-de-radio-177-tem-como-tema-principal-a-questao-familiar\/#breadcrumb\",\"itemListElement\":[{\"@type\":\"ListItem\",\"position\":1,\"name\":\"In\u00edcio\",\"item\":\"https:\/\/padrejosimo.com.br\/site\/\"},{\"@type\":\"ListItem\",\"position\":2,\"name\":\"Revistas R\u00e1dio\",\"item\":\"https:\/\/padrejosimo.com.br\/site\/revista-radio\/\"},{\"@type\":\"ListItem\",\"position\":3,\"name\":\"PGM #177 tem como tema principal a quest\u00e3o familiar\"}]},{\"@type\":\"WebSite\",\"@id\":\"https:\/\/padrejosimo.com.br\/site\/#website\",\"url\":\"https:\/\/padrejosimo.com.br\/site\/\",\"name\":\"Instituto Cultural Padre Josimo\",\"description\":\"Comprometida com a promo\u00e7\u00e3o da justi\u00e7a social, agroecologia e educa\u00e7\u00e3o popular\",\"publisher\":{\"@id\":\"https:\/\/padrejosimo.com.br\/site\/#organization\"},\"alternateName\":\"ICPJ\",\"potentialAction\":[{\"@type\":\"SearchAction\",\"target\":{\"@type\":\"EntryPoint\",\"urlTemplate\":\"https:\/\/padrejosimo.com.br\/site\/?s={search_term_string}\"},\"query-input\":{\"@type\":\"PropertyValueSpecification\",\"valueRequired\":true,\"valueName\":\"search_term_string\"}}],\"inLanguage\":\"pt-BR\"},{\"@type\":\"Organization\",\"@id\":\"https:\/\/padrejosimo.com.br\/site\/#organization\",\"name\":\"Instituto Cultural Padre Josimo\",\"alternateName\":\"ICPJ\",\"url\":\"https:\/\/padrejosimo.com.br\/site\/\",\"logo\":{\"@type\":\"ImageObject\",\"inLanguage\":\"pt-BR\",\"@id\":\"https:\/\/padrejosimo.com.br\/site\/#\/schema\/logo\/image\/\",\"url\":\"https:\/\/padrejosimo.com.br\/site\/wp-content\/uploads\/2025\/09\/cropped-icon-icpj.png\",\"contentUrl\":\"https:\/\/padrejosimo.com.br\/site\/wp-content\/uploads\/2025\/09\/cropped-icon-icpj.png\",\"width\":512,\"height\":512,\"caption\":\"Instituto Cultural Padre Josimo\"},\"image\":{\"@id\":\"https:\/\/padrejosimo.com.br\/site\/#\/schema\/logo\/image\/\"}}]}<\/script>\n<!-- \/ Yoast SEO plugin. -->","yoast_head_json":{"title":"PGM #177 tem como tema principal a quest\u00e3o familiar - Instituto Cultural Padre Josimo","robots":{"index":"index","follow":"follow","max-snippet":"max-snippet:-1","max-image-preview":"max-image-preview:large","max-video-preview":"max-video-preview:-1"},"canonical":"https:\/\/padrejosimo.com.br\/site\/revista_radio\/revista-de-radio-177-tem-como-tema-principal-a-questao-familiar\/","og_locale":"pt_BR","og_type":"article","og_title":"PGM #177 tem como tema principal a quest\u00e3o familiar - Instituto Cultural Padre Josimo","og_description":"Temas da semana Nesta semana, primeira de 2017, continuamos com not\u00edcias ruins para o povo brasileiro. Desacelera\u00e7\u00e3o da economia, desemprego em alta, desconfian\u00e7a do mercado no Governo Temer, enfim&#8230; fracasso total do Golpe de 2016 do ponto de vista da economia, da pol\u00edtica e da pacifica\u00e7\u00e3o da Na\u00e7\u00e3o. N\u00e3o podemos perder a esperan\u00e7a! Hoje vou [&hellip;]","og_url":"https:\/\/padrejosimo.com.br\/site\/revista_radio\/revista-de-radio-177-tem-como-tema-principal-a-questao-familiar\/","og_site_name":"Instituto Cultural Padre Josimo","article_modified_time":"2017-05-12T15:00:07+00:00","og_image":[{"width":512,"height":512,"url":"https:\/\/padrejosimo.com.br\/site\/wp-content\/uploads\/2025\/09\/cropped-icon-icpj.png","type":"image\/png"}],"twitter_card":"summary_large_image","twitter_misc":{"Est. tempo de leitura":"2 minutos"},"schema":{"@context":"https:\/\/schema.org","@graph":[{"@type":"WebPage","@id":"https:\/\/padrejosimo.com.br\/site\/revista_radio\/revista-de-radio-177-tem-como-tema-principal-a-questao-familiar\/","url":"https:\/\/padrejosimo.com.br\/site\/revista_radio\/revista-de-radio-177-tem-como-tema-principal-a-questao-familiar\/","name":"PGM #177 tem como tema principal a quest\u00e3o familiar - Instituto Cultural Padre Josimo","isPartOf":{"@id":"https:\/\/padrejosimo.com.br\/site\/#website"},"datePublished":"2017-04-08T20:02:11+00:00","dateModified":"2017-05-12T15:00:07+00:00","breadcrumb":{"@id":"https:\/\/padrejosimo.com.br\/site\/revista_radio\/revista-de-radio-177-tem-como-tema-principal-a-questao-familiar\/#breadcrumb"},"inLanguage":"pt-BR","potentialAction":[{"@type":"ReadAction","target":["https:\/\/padrejosimo.com.br\/site\/revista_radio\/revista-de-radio-177-tem-como-tema-principal-a-questao-familiar\/"]}]},{"@type":"BreadcrumbList","@id":"https:\/\/padrejosimo.com.br\/site\/revista_radio\/revista-de-radio-177-tem-como-tema-principal-a-questao-familiar\/#breadcrumb","itemListElement":[{"@type":"ListItem","position":1,"name":"In\u00edcio","item":"https:\/\/padrejosimo.com.br\/site\/"},{"@type":"ListItem","position":2,"name":"Revistas R\u00e1dio","item":"https:\/\/padrejosimo.com.br\/site\/revista-radio\/"},{"@type":"ListItem","position":3,"name":"PGM #177 tem como tema principal a quest\u00e3o familiar"}]},{"@type":"WebSite","@id":"https:\/\/padrejosimo.com.br\/site\/#website","url":"https:\/\/padrejosimo.com.br\/site\/","name":"Instituto Cultural Padre Josimo","description":"Comprometida com a promo\u00e7\u00e3o da justi\u00e7a social, agroecologia e educa\u00e7\u00e3o popular","publisher":{"@id":"https:\/\/padrejosimo.com.br\/site\/#organization"},"alternateName":"ICPJ","potentialAction":[{"@type":"SearchAction","target":{"@type":"EntryPoint","urlTemplate":"https:\/\/padrejosimo.com.br\/site\/?s={search_term_string}"},"query-input":{"@type":"PropertyValueSpecification","valueRequired":true,"valueName":"search_term_string"}}],"inLanguage":"pt-BR"},{"@type":"Organization","@id":"https:\/\/padrejosimo.com.br\/site\/#organization","name":"Instituto Cultural Padre Josimo","alternateName":"ICPJ","url":"https:\/\/padrejosimo.com.br\/site\/","logo":{"@type":"ImageObject","inLanguage":"pt-BR","@id":"https:\/\/padrejosimo.com.br\/site\/#\/schema\/logo\/image\/","url":"https:\/\/padrejosimo.com.br\/site\/wp-content\/uploads\/2025\/09\/cropped-icon-icpj.png","contentUrl":"https:\/\/padrejosimo.com.br\/site\/wp-content\/uploads\/2025\/09\/cropped-icon-icpj.png","width":512,"height":512,"caption":"Instituto Cultural Padre Josimo"},"image":{"@id":"https:\/\/padrejosimo.com.br\/site\/#\/schema\/logo\/image\/"}}]}},"_links":{"self":[{"href":"https:\/\/padrejosimo.com.br\/site\/wp-json\/wp\/v2\/revista_radio\/109","targetHints":{"allow":["GET"]}}],"collection":[{"href":"https:\/\/padrejosimo.com.br\/site\/wp-json\/wp\/v2\/revista_radio"}],"about":[{"href":"https:\/\/padrejosimo.com.br\/site\/wp-json\/wp\/v2\/types\/revista_radio"}],"wp:attachment":[{"href":"https:\/\/padrejosimo.com.br\/site\/wp-json\/wp\/v2\/media?parent=109"}],"curies":[{"name":"wp","href":"https:\/\/api.w.org\/{rel}","templated":true}]}}

PGM #177 tem como tema principal a questão familiar

<p><strong>Temas da semana</strong></p>
<p>Nesta semana, primeira de 2017, continuamos com notícias ruins para o povo brasileiro. Desaceleração da economia, desemprego em alta, desconfiança do mercado no Governo Temer, enfim&#8230; fracasso total do Golpe de 2016 do ponto de vista da economia, da política e da pacificação da Nação. Não podemos perder a esperança! Hoje vou destacar apenas duas notícias da virada do ano que chocaram o Brasil e o mundo: o massacre no presídio que resultou em quase 60 mortos. Vale registrar que é um presídio terceirizado, isto é, estregue ao mercado, onde o custo de um preso é três vezes maior do que em São Paulo. As autoridades estaduais e federais ficam jogando a culpa umas nas outras. A outra notícia da virada do ano é também massacre, mas desta vez por questão de gênero: Em Campinas, SP um homem mata durante a festa da virada de ano sua mulher, seu filho e mais dez pessoas da família. Deixou carta explicando os motivos para o crime: ódio à mulheres que ele chama de “vadias”. É muito triste!</p>
<p><strong>Entrevista</strong></p>
<p>Na entrevista de edição, primeira de duas entrevistas, tem como tema a questão familiar. O entrevistado é Jacson Gross, nascido em Sapucaia do Sul em 1978, onde ainda reside. Trabalha como Comissário de Bordo, é Bacharel em Direito e Mestre em Sociologia Jurídica pela UNILASALE de Canoas, RS. Nesta primeira entrevista ele nos fala um pouco de sua vida, sua trajetória de vida enquanto filho de trabalhadores numa cidade da região metropolitana de Porto Alegre. Como o tema das entrevistas gira em torno da família, vou registrar aqui: o Jacson é meu sobrinho. Ele indicou as músicas que vamos ouvir nos dois programas.</p>
<p><strong>Música</strong>: Aquarela do Brasil, com Gal Costa.</p>

<!-- This site is optimized with the Yoast SEO plugin v27.2 - https://yoast.com/product/yoast-seo-wordpress/ -->
<title>PGM #177 tem como tema principal a questão familiar - Instituto Cultural Padre Josimo</title>
<meta name="robots" content="index, follow, max-snippet:-1, max-image-preview:large, max-video-preview:-1" />
<link rel="canonical" href="https://padrejosimo.com.br/site/revista_radio/revista-de-radio-177-tem-como-tema-principal-a-questao-familiar/" />
<meta property="og:locale" content="pt_BR" />
<meta property="og:type" content="article" />
<meta property="og:title" content="PGM #177 tem como tema principal a questão familiar - Instituto Cultural Padre Josimo" />
<meta property="og:description" content="Temas da semana Nesta semana, primeira de 2017, continuamos com notícias ruins para o povo brasileiro. Desaceleração da economia, desemprego em alta, desconfiança do mercado no Governo Temer, enfim&#8230; fracasso total do Golpe de 2016 do ponto de vista da economia, da política e da pacificação da Nação. Não podemos perder a esperança! Hoje vou [&hellip;]" />
<meta property="og:url" content="https://padrejosimo.com.br/site/revista_radio/revista-de-radio-177-tem-como-tema-principal-a-questao-familiar/" />
<meta property="og:site_name" content="Instituto Cultural Padre Josimo" />
<meta property="article:modified_time" content="2017-05-12T15:00:07+00:00" />
<meta property="og:image" content="https://padrejosimo.com.br/site/wp-content/uploads/2025/09/cropped-icon-icpj.png" />
	<meta property="og:image:width" content="512" />
	<meta property="og:image:height" content="512" />
	<meta property="og:image:type" content="image/png" />
<meta name="twitter:card" content="summary_large_image" />
<meta name="twitter:label1" content="Est. tempo de leitura" />
	<meta name="twitter:data1" content="2 minutos" />
<script type="application/ld+json" class="yoast-schema-graph">{"@context":"https://schema.org","@graph":[{"@type":"WebPage","@id":"https://padrejosimo.com.br/site/revista_radio/revista-de-radio-177-tem-como-tema-principal-a-questao-familiar/","url":"https://padrejosimo.com.br/site/revista_radio/revista-de-radio-177-tem-como-tema-principal-a-questao-familiar/","name":"PGM #177 tem como tema principal a questão familiar - Instituto Cultural Padre Josimo","isPartOf":{"@id":"https://padrejosimo.com.br/site/#website"},"datePublished":"2017-04-08T20:02:11+00:00","dateModified":"2017-05-12T15:00:07+00:00","breadcrumb":{"@id":"https://padrejosimo.com.br/site/revista_radio/revista-de-radio-177-tem-como-tema-principal-a-questao-familiar/#breadcrumb"},"inLanguage":"pt-BR","potentialAction":[{"@type":"ReadAction","target":["https://padrejosimo.com.br/site/revista_radio/revista-de-radio-177-tem-como-tema-principal-a-questao-familiar/"]}]},{"@type":"BreadcrumbList","@id":"https://padrejosimo.com.br/site/revista_radio/revista-de-radio-177-tem-como-tema-principal-a-questao-familiar/#breadcrumb","itemListElement":[{"@type":"ListItem","position":1,"name":"Início","item":"https://padrejosimo.com.br/site/"},{"@type":"ListItem","position":2,"name":"Revistas Rádio","item":"https://padrejosimo.com.br/site/revista-radio/"},{"@type":"ListItem","position":3,"name":"PGM #177 tem como tema principal a questão familiar"}]},{"@type":"WebSite","@id":"https://padrejosimo.com.br/site/#website","url":"https://padrejosimo.com.br/site/","name":"Instituto Cultural Padre Josimo","description":"Comprometida com a promoção da justiça social, agroecologia e educação popular","publisher":{"@id":"https://padrejosimo.com.br/site/#organization"},"alternateName":"ICPJ","potentialAction":[{"@type":"SearchAction","target":{"@type":"EntryPoint","urlTemplate":"https://padrejosimo.com.br/site/?s={search_term_string}"},"query-input":{"@type":"PropertyValueSpecification","valueRequired":true,"valueName":"search_term_string"}}],"inLanguage":"pt-BR"},{"@type":"Organization","@id":"https://padrejosimo.com.br/site/#organization","name":"Instituto Cultural Padre Josimo","alternateName":"ICPJ","url":"https://padrejosimo.com.br/site/","logo":{"@type":"ImageObject","inLanguage":"pt-BR","@id":"https://padrejosimo.com.br/site/#/schema/logo/image/","url":"https://padrejosimo.com.br/site/wp-content/uploads/2025/09/cropped-icon-icpj.png","contentUrl":"https://padrejosimo.com.br/site/wp-content/uploads/2025/09/cropped-icon-icpj.png","width":512,"height":512,"caption":"Instituto Cultural Padre Josimo"},"image":{"@id":"https://padrejosimo.com.br/site/#/schema/logo/image/"}}]}</script>
<!-- / Yoast SEO plugin. -->

PGM #177 tem como tema principal a questão familiar - Instituto Cultural Padre Josimo

Temas da semana Nesta semana, primeira de 2017, continuamos com notícias ruins para o povo brasileiro. Desaceleração da economia, desemprego em alta, desconfiança do mercado no Governo Temer, enfim&#8230; fracasso total do Golpe de 2016 do ponto de vista da economia, da política e da pacificação da Nação. Não podemos perder a esperança! Hoje vou [&hellip;]

Início

Revistas Rádio

Comprometida com a promoção da justiça social, agroecologia e educação popular
