{"id":107,"date":"2017-04-08T17:00:39","date_gmt":"2017-04-08T20:00:39","guid":{"rendered":"http:\/\/bagual.com.br\/site\/?post_type=revista_radio&#038;p=107"},"modified":"2017-05-12T12:00:27","modified_gmt":"2017-05-12T15:00:27","slug":"revista-de-radio-175-entrevista-sobre-ecologia-ii-em-defesa-do-arroio-taquara-em-porto-alegre","status":"publish","type":"revista_radio","link":"https:\/\/padrejosimo.com.br\/site\/revista_radio\/revista-de-radio-175-entrevista-sobre-ecologia-ii-em-defesa-do-arroio-taquara-em-porto-alegre\/","title":{"rendered":"PGM #175: Entrevista sobre ecologia II &#8211; em defesa do Arroio Taquara em Porto Alegre"},"content":{"rendered":"<p><strong>Temas da semana<\/strong><\/p>\n<p>Nesta semana, para muito al\u00e9m das not\u00edcias ruins que chegam a cada dia de Bras\u00edlia, tamb\u00e9m recebemos not\u00edcias ruins aqui no Rio Grande do Sul, como por exemplo a aprova\u00e7\u00e3o pela Assembleia Legislativa do pacote de enxugamento da m\u00e1quina p\u00fablica &#8211; extin\u00e7\u00e3o de \u00f3rg\u00e3os de pesquisa, maio ambiente, comunica\u00e7\u00e3o, dentre outros. Enquanto isso, o Governo Ga\u00facho continua favorecendo a classe dominante e mais bem economicamente. Vale lembrar que, para aprovar suas proposta em plen\u00e1rio, o pal\u00e1cio legislativo foi isolado pela pol\u00edcia, que entrou em confronto com os manifestantes usando de uma viol\u00eancia desproporcional e ferindo pessoas que apenas estavam lutando por seus direitos. Paz e Bem!<\/p>\n<p><strong>Entrevista<\/strong><\/p>\n<p>Na entrevista de hoje vamos conversar com Jos\u00e9 Guilherme Fuentefria, que \u00e9 arquiteto de forma\u00e7\u00e3o, j\u00e1 aposentado, mas que dedicou muito de sua vida na luta em defesa do meio ambiente. Foi um dos t\u00e9cnicos da Prefeitura de Porto Alegre que ajudaram a construir o Projeto do Parque Linear do Arroio Taquara nos anos noventa. O assunto de hoje: continuamos com a defesa do arroio Taquara. Vamos aproveitar os \u00faltimos fins de semana deste ano para aprofundar um tema importante de nossa sociedade. A Ecologia. Nossa metodologia \u00e9 partir do local para o global e vice verso. Pr\u00f3ximo programa tem mais. Feliz Natal!!!<\/p>\n<p><strong>M\u00fasica:<\/strong> Lago Verde Azul (sobre a Lagoa dos Patos), com Oswaldir e Carlos Magr\u00e3o.<\/p>\n","protected":false},"featured_media":0,"template":"","class_list":["post-107","revista_radio","type-revista_radio","status-publish","hentry"],"acf":[],"yoast_head":"<!-- This site is optimized with the Yoast SEO plugin v27.2 - https:\/\/yoast.com\/product\/yoast-seo-wordpress\/ -->\n<title>PGM #175: Entrevista sobre ecologia II - em defesa do Arroio Taquara em Porto Alegre - Instituto Cultural Padre Josimo<\/title>\n<meta name=\"robots\" content=\"index, follow, max-snippet:-1, max-image-preview:large, max-video-preview:-1\" \/>\n<link rel=\"canonical\" href=\"https:\/\/padrejosimo.com.br\/site\/revista_radio\/revista-de-radio-175-entrevista-sobre-ecologia-ii-em-defesa-do-arroio-taquara-em-porto-alegre\/\" \/>\n<meta property=\"og:locale\" content=\"pt_BR\" \/>\n<meta property=\"og:type\" content=\"article\" \/>\n<meta property=\"og:title\" content=\"PGM #175: Entrevista sobre ecologia II - em defesa do Arroio Taquara em Porto Alegre - Instituto Cultural Padre Josimo\" \/>\n<meta property=\"og:description\" content=\"Temas da semana Nesta semana, para muito al\u00e9m das not\u00edcias ruins que chegam a cada dia de Bras\u00edlia, tamb\u00e9m recebemos not\u00edcias ruins aqui no Rio Grande do Sul, como por exemplo a aprova\u00e7\u00e3o pela Assembleia Legislativa do pacote de enxugamento da m\u00e1quina p\u00fablica &#8211; extin\u00e7\u00e3o de \u00f3rg\u00e3os de pesquisa, maio ambiente, comunica\u00e7\u00e3o, dentre outros. Enquanto [&hellip;]\" \/>\n<meta property=\"og:url\" content=\"https:\/\/padrejosimo.com.br\/site\/revista_radio\/revista-de-radio-175-entrevista-sobre-ecologia-ii-em-defesa-do-arroio-taquara-em-porto-alegre\/\" \/>\n<meta property=\"og:site_name\" content=\"Instituto Cultural Padre Josimo\" \/>\n<meta property=\"article:modified_time\" content=\"2017-05-12T15:00:27+00:00\" \/>\n<meta property=\"og:image\" content=\"https:\/\/padrejosimo.com.br\/site\/wp-content\/uploads\/2025\/09\/cropped-icon-icpj.png\" \/>\n\t<meta property=\"og:image:width\" content=\"512\" \/>\n\t<meta property=\"og:image:height\" content=\"512\" \/>\n\t<meta property=\"og:image:type\" content=\"image\/png\" \/>\n<meta name=\"twitter:card\" content=\"summary_large_image\" \/>\n<meta name=\"twitter:label1\" content=\"Est. tempo de leitura\" \/>\n\t<meta name=\"twitter:data1\" content=\"1 minuto\" \/>\n<script type=\"application\/ld+json\" class=\"yoast-schema-graph\">{\"@context\":\"https:\/\/schema.org\",\"@graph\":[{\"@type\":\"WebPage\",\"@id\":\"https:\/\/padrejosimo.com.br\/site\/revista_radio\/revista-de-radio-175-entrevista-sobre-ecologia-ii-em-defesa-do-arroio-taquara-em-porto-alegre\/\",\"url\":\"https:\/\/padrejosimo.com.br\/site\/revista_radio\/revista-de-radio-175-entrevista-sobre-ecologia-ii-em-defesa-do-arroio-taquara-em-porto-alegre\/\",\"name\":\"PGM #175: Entrevista sobre ecologia II - em defesa do Arroio Taquara em Porto Alegre - Instituto Cultural Padre Josimo\",\"isPartOf\":{\"@id\":\"https:\/\/padrejosimo.com.br\/site\/#website\"},\"datePublished\":\"2017-04-08T20:00:39+00:00\",\"dateModified\":\"2017-05-12T15:00:27+00:00\",\"breadcrumb\":{\"@id\":\"https:\/\/padrejosimo.com.br\/site\/revista_radio\/revista-de-radio-175-entrevista-sobre-ecologia-ii-em-defesa-do-arroio-taquara-em-porto-alegre\/#breadcrumb\"},\"inLanguage\":\"pt-BR\",\"potentialAction\":[{\"@type\":\"ReadAction\",\"target\":[\"https:\/\/padrejosimo.com.br\/site\/revista_radio\/revista-de-radio-175-entrevista-sobre-ecologia-ii-em-defesa-do-arroio-taquara-em-porto-alegre\/\"]}]},{\"@type\":\"BreadcrumbList\",\"@id\":\"https:\/\/padrejosimo.com.br\/site\/revista_radio\/revista-de-radio-175-entrevista-sobre-ecologia-ii-em-defesa-do-arroio-taquara-em-porto-alegre\/#breadcrumb\",\"itemListElement\":[{\"@type\":\"ListItem\",\"position\":1,\"name\":\"In\u00edcio\",\"item\":\"https:\/\/padrejosimo.com.br\/site\/\"},{\"@type\":\"ListItem\",\"position\":2,\"name\":\"Revistas R\u00e1dio\",\"item\":\"https:\/\/padrejosimo.com.br\/site\/revista-radio\/\"},{\"@type\":\"ListItem\",\"position\":3,\"name\":\"PGM #175: Entrevista sobre ecologia II &#8211; em defesa do Arroio Taquara em Porto Alegre\"}]},{\"@type\":\"WebSite\",\"@id\":\"https:\/\/padrejosimo.com.br\/site\/#website\",\"url\":\"https:\/\/padrejosimo.com.br\/site\/\",\"name\":\"Instituto Cultural Padre Josimo\",\"description\":\"Comprometida com a promo\u00e7\u00e3o da justi\u00e7a social, agroecologia e educa\u00e7\u00e3o popular\",\"publisher\":{\"@id\":\"https:\/\/padrejosimo.com.br\/site\/#organization\"},\"alternateName\":\"ICPJ\",\"potentialAction\":[{\"@type\":\"SearchAction\",\"target\":{\"@type\":\"EntryPoint\",\"urlTemplate\":\"https:\/\/padrejosimo.com.br\/site\/?s={search_term_string}\"},\"query-input\":{\"@type\":\"PropertyValueSpecification\",\"valueRequired\":true,\"valueName\":\"search_term_string\"}}],\"inLanguage\":\"pt-BR\"},{\"@type\":\"Organization\",\"@id\":\"https:\/\/padrejosimo.com.br\/site\/#organization\",\"name\":\"Instituto Cultural Padre Josimo\",\"alternateName\":\"ICPJ\",\"url\":\"https:\/\/padrejosimo.com.br\/site\/\",\"logo\":{\"@type\":\"ImageObject\",\"inLanguage\":\"pt-BR\",\"@id\":\"https:\/\/padrejosimo.com.br\/site\/#\/schema\/logo\/image\/\",\"url\":\"https:\/\/padrejosimo.com.br\/site\/wp-content\/uploads\/2025\/09\/cropped-icon-icpj.png\",\"contentUrl\":\"https:\/\/padrejosimo.com.br\/site\/wp-content\/uploads\/2025\/09\/cropped-icon-icpj.png\",\"width\":512,\"height\":512,\"caption\":\"Instituto Cultural Padre Josimo\"},\"image\":{\"@id\":\"https:\/\/padrejosimo.com.br\/site\/#\/schema\/logo\/image\/\"}}]}<\/script>\n<!-- \/ Yoast SEO plugin. -->","yoast_head_json":{"title":"PGM #175: Entrevista sobre ecologia II - em defesa do Arroio Taquara em Porto Alegre - Instituto Cultural Padre Josimo","robots":{"index":"index","follow":"follow","max-snippet":"max-snippet:-1","max-image-preview":"max-image-preview:large","max-video-preview":"max-video-preview:-1"},"canonical":"https:\/\/padrejosimo.com.br\/site\/revista_radio\/revista-de-radio-175-entrevista-sobre-ecologia-ii-em-defesa-do-arroio-taquara-em-porto-alegre\/","og_locale":"pt_BR","og_type":"article","og_title":"PGM #175: Entrevista sobre ecologia II - em defesa do Arroio Taquara em Porto Alegre - Instituto Cultural Padre Josimo","og_description":"Temas da semana Nesta semana, para muito al\u00e9m das not\u00edcias ruins que chegam a cada dia de Bras\u00edlia, tamb\u00e9m recebemos not\u00edcias ruins aqui no Rio Grande do Sul, como por exemplo a aprova\u00e7\u00e3o pela Assembleia Legislativa do pacote de enxugamento da m\u00e1quina p\u00fablica &#8211; extin\u00e7\u00e3o de \u00f3rg\u00e3os de pesquisa, maio ambiente, comunica\u00e7\u00e3o, dentre outros. Enquanto [&hellip;]","og_url":"https:\/\/padrejosimo.com.br\/site\/revista_radio\/revista-de-radio-175-entrevista-sobre-ecologia-ii-em-defesa-do-arroio-taquara-em-porto-alegre\/","og_site_name":"Instituto Cultural Padre Josimo","article_modified_time":"2017-05-12T15:00:27+00:00","og_image":[{"width":512,"height":512,"url":"https:\/\/padrejosimo.com.br\/site\/wp-content\/uploads\/2025\/09\/cropped-icon-icpj.png","type":"image\/png"}],"twitter_card":"summary_large_image","twitter_misc":{"Est. tempo de leitura":"1 minuto"},"schema":{"@context":"https:\/\/schema.org","@graph":[{"@type":"WebPage","@id":"https:\/\/padrejosimo.com.br\/site\/revista_radio\/revista-de-radio-175-entrevista-sobre-ecologia-ii-em-defesa-do-arroio-taquara-em-porto-alegre\/","url":"https:\/\/padrejosimo.com.br\/site\/revista_radio\/revista-de-radio-175-entrevista-sobre-ecologia-ii-em-defesa-do-arroio-taquara-em-porto-alegre\/","name":"PGM #175: Entrevista sobre ecologia II - em defesa do Arroio Taquara em Porto Alegre - Instituto Cultural Padre Josimo","isPartOf":{"@id":"https:\/\/padrejosimo.com.br\/site\/#website"},"datePublished":"2017-04-08T20:00:39+00:00","dateModified":"2017-05-12T15:00:27+00:00","breadcrumb":{"@id":"https:\/\/padrejosimo.com.br\/site\/revista_radio\/revista-de-radio-175-entrevista-sobre-ecologia-ii-em-defesa-do-arroio-taquara-em-porto-alegre\/#breadcrumb"},"inLanguage":"pt-BR","potentialAction":[{"@type":"ReadAction","target":["https:\/\/padrejosimo.com.br\/site\/revista_radio\/revista-de-radio-175-entrevista-sobre-ecologia-ii-em-defesa-do-arroio-taquara-em-porto-alegre\/"]}]},{"@type":"BreadcrumbList","@id":"https:\/\/padrejosimo.com.br\/site\/revista_radio\/revista-de-radio-175-entrevista-sobre-ecologia-ii-em-defesa-do-arroio-taquara-em-porto-alegre\/#breadcrumb","itemListElement":[{"@type":"ListItem","position":1,"name":"In\u00edcio","item":"https:\/\/padrejosimo.com.br\/site\/"},{"@type":"ListItem","position":2,"name":"Revistas R\u00e1dio","item":"https:\/\/padrejosimo.com.br\/site\/revista-radio\/"},{"@type":"ListItem","position":3,"name":"PGM #175: Entrevista sobre ecologia II &#8211; em defesa do Arroio Taquara em Porto Alegre"}]},{"@type":"WebSite","@id":"https:\/\/padrejosimo.com.br\/site\/#website","url":"https:\/\/padrejosimo.com.br\/site\/","name":"Instituto Cultural Padre Josimo","description":"Comprometida com a promo\u00e7\u00e3o da justi\u00e7a social, agroecologia e educa\u00e7\u00e3o popular","publisher":{"@id":"https:\/\/padrejosimo.com.br\/site\/#organization"},"alternateName":"ICPJ","potentialAction":[{"@type":"SearchAction","target":{"@type":"EntryPoint","urlTemplate":"https:\/\/padrejosimo.com.br\/site\/?s={search_term_string}"},"query-input":{"@type":"PropertyValueSpecification","valueRequired":true,"valueName":"search_term_string"}}],"inLanguage":"pt-BR"},{"@type":"Organization","@id":"https:\/\/padrejosimo.com.br\/site\/#organization","name":"Instituto Cultural Padre Josimo","alternateName":"ICPJ","url":"https:\/\/padrejosimo.com.br\/site\/","logo":{"@type":"ImageObject","inLanguage":"pt-BR","@id":"https:\/\/padrejosimo.com.br\/site\/#\/schema\/logo\/image\/","url":"https:\/\/padrejosimo.com.br\/site\/wp-content\/uploads\/2025\/09\/cropped-icon-icpj.png","contentUrl":"https:\/\/padrejosimo.com.br\/site\/wp-content\/uploads\/2025\/09\/cropped-icon-icpj.png","width":512,"height":512,"caption":"Instituto Cultural Padre Josimo"},"image":{"@id":"https:\/\/padrejosimo.com.br\/site\/#\/schema\/logo\/image\/"}}]}},"_links":{"self":[{"href":"https:\/\/padrejosimo.com.br\/site\/wp-json\/wp\/v2\/revista_radio\/107","targetHints":{"allow":["GET"]}}],"collection":[{"href":"https:\/\/padrejosimo.com.br\/site\/wp-json\/wp\/v2\/revista_radio"}],"about":[{"href":"https:\/\/padrejosimo.com.br\/site\/wp-json\/wp\/v2\/types\/revista_radio"}],"wp:attachment":[{"href":"https:\/\/padrejosimo.com.br\/site\/wp-json\/wp\/v2\/media?parent=107"}],"curies":[{"name":"wp","href":"https:\/\/api.w.org\/{rel}","templated":true}]}}

<p><strong>Temas da semana</strong></p>
<p>Nesta semana, para muito além das notícias ruins que chegam a cada dia de Brasília, também recebemos notícias ruins aqui no Rio Grande do Sul, como por exemplo a aprovação pela Assembleia Legislativa do pacote de enxugamento da máquina pública &#8211; extinção de órgãos de pesquisa, maio ambiente, comunicação, dentre outros. Enquanto isso, o Governo Gaúcho continua favorecendo a classe dominante e mais bem economicamente. Vale lembrar que, para aprovar suas proposta em plenário, o palácio legislativo foi isolado pela polícia, que entrou em confronto com os manifestantes usando de uma violência desproporcional e ferindo pessoas que apenas estavam lutando por seus direitos. Paz e Bem!</p>
<p><strong>Entrevista</strong></p>
<p>Na entrevista de hoje vamos conversar com José Guilherme Fuentefria, que é arquiteto de formação, já aposentado, mas que dedicou muito de sua vida na luta em defesa do meio ambiente. Foi um dos técnicos da Prefeitura de Porto Alegre que ajudaram a construir o Projeto do Parque Linear do Arroio Taquara nos anos noventa. O assunto de hoje: continuamos com a defesa do arroio Taquara. Vamos aproveitar os últimos fins de semana deste ano para aprofundar um tema importante de nossa sociedade. A Ecologia. Nossa metodologia é partir do local para o global e vice verso. Próximo programa tem mais. Feliz Natal!!!</p>
<p><strong>Música:</strong> Lago Verde Azul (sobre a Lagoa dos Patos), com Oswaldir e Carlos Magrão.</p>

<!-- This site is optimized with the Yoast SEO plugin v27.2 - https://yoast.com/product/yoast-seo-wordpress/ -->
<title>PGM #175: Entrevista sobre ecologia II - em defesa do Arroio Taquara em Porto Alegre - Instituto Cultural Padre Josimo</title>
<meta name="robots" content="index, follow, max-snippet:-1, max-image-preview:large, max-video-preview:-1" />
<link rel="canonical" href="https://padrejosimo.com.br/site/revista_radio/revista-de-radio-175-entrevista-sobre-ecologia-ii-em-defesa-do-arroio-taquara-em-porto-alegre/" />
<meta property="og:locale" content="pt_BR" />
<meta property="og:type" content="article" />
<meta property="og:title" content="PGM #175: Entrevista sobre ecologia II - em defesa do Arroio Taquara em Porto Alegre - Instituto Cultural Padre Josimo" />
<meta property="og:description" content="Temas da semana Nesta semana, para muito além das notícias ruins que chegam a cada dia de Brasília, também recebemos notícias ruins aqui no Rio Grande do Sul, como por exemplo a aprovação pela Assembleia Legislativa do pacote de enxugamento da máquina pública &#8211; extinção de órgãos de pesquisa, maio ambiente, comunicação, dentre outros. Enquanto [&hellip;]" />
<meta property="og:url" content="https://padrejosimo.com.br/site/revista_radio/revista-de-radio-175-entrevista-sobre-ecologia-ii-em-defesa-do-arroio-taquara-em-porto-alegre/" />
<meta property="og:site_name" content="Instituto Cultural Padre Josimo" />
<meta property="article:modified_time" content="2017-05-12T15:00:27+00:00" />
<meta property="og:image" content="https://padrejosimo.com.br/site/wp-content/uploads/2025/09/cropped-icon-icpj.png" />
	<meta property="og:image:width" content="512" />
	<meta property="og:image:height" content="512" />
	<meta property="og:image:type" content="image/png" />
<meta name="twitter:card" content="summary_large_image" />
<meta name="twitter:label1" content="Est. tempo de leitura" />
	<meta name="twitter:data1" content="1 minuto" />
<script type="application/ld+json" class="yoast-schema-graph">{"@context":"https://schema.org","@graph":[{"@type":"WebPage","@id":"https://padrejosimo.com.br/site/revista_radio/revista-de-radio-175-entrevista-sobre-ecologia-ii-em-defesa-do-arroio-taquara-em-porto-alegre/","url":"https://padrejosimo.com.br/site/revista_radio/revista-de-radio-175-entrevista-sobre-ecologia-ii-em-defesa-do-arroio-taquara-em-porto-alegre/","name":"PGM #175: Entrevista sobre ecologia II - em defesa do Arroio Taquara em Porto Alegre - Instituto Cultural Padre Josimo","isPartOf":{"@id":"https://padrejosimo.com.br/site/#website"},"datePublished":"2017-04-08T20:00:39+00:00","dateModified":"2017-05-12T15:00:27+00:00","breadcrumb":{"@id":"https://padrejosimo.com.br/site/revista_radio/revista-de-radio-175-entrevista-sobre-ecologia-ii-em-defesa-do-arroio-taquara-em-porto-alegre/#breadcrumb"},"inLanguage":"pt-BR","potentialAction":[{"@type":"ReadAction","target":["https://padrejosimo.com.br/site/revista_radio/revista-de-radio-175-entrevista-sobre-ecologia-ii-em-defesa-do-arroio-taquara-em-porto-alegre/"]}]},{"@type":"BreadcrumbList","@id":"https://padrejosimo.com.br/site/revista_radio/revista-de-radio-175-entrevista-sobre-ecologia-ii-em-defesa-do-arroio-taquara-em-porto-alegre/#breadcrumb","itemListElement":[{"@type":"ListItem","position":1,"name":"Início","item":"https://padrejosimo.com.br/site/"},{"@type":"ListItem","position":2,"name":"Revistas Rádio","item":"https://padrejosimo.com.br/site/revista-radio/"},{"@type":"ListItem","position":3,"name":"PGM #175: Entrevista sobre ecologia II &#8211; em defesa do Arroio Taquara em Porto Alegre"}]},{"@type":"WebSite","@id":"https://padrejosimo.com.br/site/#website","url":"https://padrejosimo.com.br/site/","name":"Instituto Cultural Padre Josimo","description":"Comprometida com a promoção da justiça social, agroecologia e educação popular","publisher":{"@id":"https://padrejosimo.com.br/site/#organization"},"alternateName":"ICPJ","potentialAction":[{"@type":"SearchAction","target":{"@type":"EntryPoint","urlTemplate":"https://padrejosimo.com.br/site/?s={search_term_string}"},"query-input":{"@type":"PropertyValueSpecification","valueRequired":true,"valueName":"search_term_string"}}],"inLanguage":"pt-BR"},{"@type":"Organization","@id":"https://padrejosimo.com.br/site/#organization","name":"Instituto Cultural Padre Josimo","alternateName":"ICPJ","url":"https://padrejosimo.com.br/site/","logo":{"@type":"ImageObject","inLanguage":"pt-BR","@id":"https://padrejosimo.com.br/site/#/schema/logo/image/","url":"https://padrejosimo.com.br/site/wp-content/uploads/2025/09/cropped-icon-icpj.png","contentUrl":"https://padrejosimo.com.br/site/wp-content/uploads/2025/09/cropped-icon-icpj.png","width":512,"height":512,"caption":"Instituto Cultural Padre Josimo"},"image":{"@id":"https://padrejosimo.com.br/site/#/schema/logo/image/"}}]}</script>
<!-- / Yoast SEO plugin. -->

Temas da semana Nesta semana, para muito além das notícias ruins que chegam a cada dia de Brasília, também recebemos notícias ruins aqui no Rio Grande do Sul, como por exemplo a aprovação pela Assembleia Legislativa do pacote de enxugamento da máquina pública &#8211; extinção de órgãos de pesquisa, maio ambiente, comunicação, dentre outros. Enquanto [&hellip;]

Início

Revistas Rádio

Comprometida com a promoção da justiça social, agroecologia e educação popular
