{"id":104,"date":"2017-04-08T16:57:15","date_gmt":"2017-04-08T19:57:15","guid":{"rendered":"http:\/\/bagual.com.br\/site\/?post_type=revista_radio&#038;p=104"},"modified":"2017-04-08T16:57:15","modified_gmt":"2017-04-08T19:57:15","slug":"revista-de-radio-172-entrevista-com-gerson-winkler-fundador-de-grupo-de-apoio-a-aids-em-porto-alegre","status":"publish","type":"revista_radio","link":"https:\/\/padrejosimo.com.br\/site\/revista_radio\/revista-de-radio-172-entrevista-com-gerson-winkler-fundador-de-grupo-de-apoio-a-aids-em-porto-alegre\/","title":{"rendered":"Revista de R\u00e1dio #172: Entrevista com Gerson Winkler, fundador de grupo de apoio a AIDS em Porto Alegre"},"content":{"rendered":"<p><strong>Temas da semana<\/strong><\/p>\n<p>Estamos em dezembro e caminhamos a passos largos para o final do ano de 2016. Embora tenhamos ainda um longo m\u00eas pela frente, s\u00e3o quatro semanas com os dias mais longos que as noites e muito calor. Este m\u00eas se inicia movimentado no cen\u00e1rio nacional com as aprova\u00e7\u00f5es de projetos e emendas a toque de caixa no congresso Nacional, inclusive entrando madrugada a dentro, at\u00e9 as quatro horas e meia da manh\u00e3. A chamada PEC da maldade avan\u00e7a no Senado e, na C\u00e2mara, o projeto \u201canticorrup\u00e7\u00e3o\u201d \u00e9 mutilado e aprovado, gerando crises e mais crises. Sem falar que, enquanto a pol\u00edcia massacra estudantes que protestam pacificamente nas ruas contra tais absurdos e, por outro lado, o povo se emociona com a trag\u00e9dia a\u00e9rea que vitimou o Clube Chapecoense, matando mais de 70 pessoas.<\/p>\n<p><strong>Entrevista da edi\u00e7\u00e3o<\/strong><\/p>\n<p>Na entrevista de hoje, a conversa \u00e9 com Gerson Winkler, que \u00e9 natural de Porto Alegre e aqui vive at\u00e9 hoje. Ele \u00e9 administrador de empresas e formado em gest\u00e3o p\u00fablica. Foi um dos grandes lutadores contra a epidemia do HIV\/AIDS no Brasil e um dos fundadores do Grupo da Apoio e Preven\u00e7\u00e3o \u00e0 AIDS (GAPA) em Porto Alegre, ainda na d\u00e9cada de 1980. Na entrevista, ele faz hist\u00f3rico da doen\u00e7a e do seu combate e evolu\u00e7\u00e3o, bem como sobre a situa\u00e7\u00e3o hoje no Brasil.<\/p>\n<p><strong>M\u00fasica da edi\u00e7\u00e3o:<\/strong> Vento Negro, com Cleiton e Cledir e Vitor Ramil<\/p>\n","protected":false},"featured_media":0,"template":"","class_list":["post-104","revista_radio","type-revista_radio","status-publish","hentry"],"acf":[],"yoast_head":"<!-- This site is optimized with the Yoast SEO plugin v27.2 - https:\/\/yoast.com\/product\/yoast-seo-wordpress\/ -->\n<title>Revista de R\u00e1dio #172: Entrevista com Gerson Winkler, fundador de grupo de apoio a AIDS em Porto Alegre - Instituto Cultural Padre Josimo<\/title>\n<meta name=\"robots\" content=\"index, follow, max-snippet:-1, max-image-preview:large, max-video-preview:-1\" \/>\n<link rel=\"canonical\" href=\"https:\/\/padrejosimo.com.br\/site\/revista_radio\/revista-de-radio-172-entrevista-com-gerson-winkler-fundador-de-grupo-de-apoio-a-aids-em-porto-alegre\/\" \/>\n<meta property=\"og:locale\" content=\"pt_BR\" \/>\n<meta property=\"og:type\" content=\"article\" \/>\n<meta property=\"og:title\" content=\"Revista de R\u00e1dio #172: Entrevista com Gerson Winkler, fundador de grupo de apoio a AIDS em Porto Alegre - Instituto Cultural Padre Josimo\" \/>\n<meta property=\"og:description\" content=\"Temas da semana Estamos em dezembro e caminhamos a passos largos para o final do ano de 2016. Embora tenhamos ainda um longo m\u00eas pela frente, s\u00e3o quatro semanas com os dias mais longos que as noites e muito calor. Este m\u00eas se inicia movimentado no cen\u00e1rio nacional com as aprova\u00e7\u00f5es de projetos e emendas [&hellip;]\" \/>\n<meta property=\"og:url\" content=\"https:\/\/padrejosimo.com.br\/site\/revista_radio\/revista-de-radio-172-entrevista-com-gerson-winkler-fundador-de-grupo-de-apoio-a-aids-em-porto-alegre\/\" \/>\n<meta property=\"og:site_name\" content=\"Instituto Cultural Padre Josimo\" \/>\n<meta property=\"og:image\" content=\"https:\/\/padrejosimo.com.br\/site\/wp-content\/uploads\/2025\/09\/cropped-icon-icpj.png\" \/>\n\t<meta property=\"og:image:width\" content=\"512\" \/>\n\t<meta property=\"og:image:height\" content=\"512\" \/>\n\t<meta property=\"og:image:type\" content=\"image\/png\" \/>\n<meta name=\"twitter:card\" content=\"summary_large_image\" \/>\n<meta name=\"twitter:label1\" content=\"Est. tempo de leitura\" \/>\n\t<meta name=\"twitter:data1\" content=\"1 minuto\" \/>\n<script type=\"application\/ld+json\" class=\"yoast-schema-graph\">{\"@context\":\"https:\/\/schema.org\",\"@graph\":[{\"@type\":\"WebPage\",\"@id\":\"https:\/\/padrejosimo.com.br\/site\/revista_radio\/revista-de-radio-172-entrevista-com-gerson-winkler-fundador-de-grupo-de-apoio-a-aids-em-porto-alegre\/\",\"url\":\"https:\/\/padrejosimo.com.br\/site\/revista_radio\/revista-de-radio-172-entrevista-com-gerson-winkler-fundador-de-grupo-de-apoio-a-aids-em-porto-alegre\/\",\"name\":\"Revista de R\u00e1dio #172: Entrevista com Gerson Winkler, fundador de grupo de apoio a AIDS em Porto Alegre - Instituto Cultural Padre Josimo\",\"isPartOf\":{\"@id\":\"https:\/\/padrejosimo.com.br\/site\/#website\"},\"datePublished\":\"2017-04-08T19:57:15+00:00\",\"breadcrumb\":{\"@id\":\"https:\/\/padrejosimo.com.br\/site\/revista_radio\/revista-de-radio-172-entrevista-com-gerson-winkler-fundador-de-grupo-de-apoio-a-aids-em-porto-alegre\/#breadcrumb\"},\"inLanguage\":\"pt-BR\",\"potentialAction\":[{\"@type\":\"ReadAction\",\"target\":[\"https:\/\/padrejosimo.com.br\/site\/revista_radio\/revista-de-radio-172-entrevista-com-gerson-winkler-fundador-de-grupo-de-apoio-a-aids-em-porto-alegre\/\"]}]},{\"@type\":\"BreadcrumbList\",\"@id\":\"https:\/\/padrejosimo.com.br\/site\/revista_radio\/revista-de-radio-172-entrevista-com-gerson-winkler-fundador-de-grupo-de-apoio-a-aids-em-porto-alegre\/#breadcrumb\",\"itemListElement\":[{\"@type\":\"ListItem\",\"position\":1,\"name\":\"In\u00edcio\",\"item\":\"https:\/\/padrejosimo.com.br\/site\/\"},{\"@type\":\"ListItem\",\"position\":2,\"name\":\"Revistas R\u00e1dio\",\"item\":\"https:\/\/padrejosimo.com.br\/site\/revista-radio\/\"},{\"@type\":\"ListItem\",\"position\":3,\"name\":\"Revista de R\u00e1dio #172: Entrevista com Gerson Winkler, fundador de grupo de apoio a AIDS em Porto Alegre\"}]},{\"@type\":\"WebSite\",\"@id\":\"https:\/\/padrejosimo.com.br\/site\/#website\",\"url\":\"https:\/\/padrejosimo.com.br\/site\/\",\"name\":\"Instituto Cultural Padre Josimo\",\"description\":\"Comprometida com a promo\u00e7\u00e3o da justi\u00e7a social, agroecologia e educa\u00e7\u00e3o popular\",\"publisher\":{\"@id\":\"https:\/\/padrejosimo.com.br\/site\/#organization\"},\"alternateName\":\"ICPJ\",\"potentialAction\":[{\"@type\":\"SearchAction\",\"target\":{\"@type\":\"EntryPoint\",\"urlTemplate\":\"https:\/\/padrejosimo.com.br\/site\/?s={search_term_string}\"},\"query-input\":{\"@type\":\"PropertyValueSpecification\",\"valueRequired\":true,\"valueName\":\"search_term_string\"}}],\"inLanguage\":\"pt-BR\"},{\"@type\":\"Organization\",\"@id\":\"https:\/\/padrejosimo.com.br\/site\/#organization\",\"name\":\"Instituto Cultural Padre Josimo\",\"alternateName\":\"ICPJ\",\"url\":\"https:\/\/padrejosimo.com.br\/site\/\",\"logo\":{\"@type\":\"ImageObject\",\"inLanguage\":\"pt-BR\",\"@id\":\"https:\/\/padrejosimo.com.br\/site\/#\/schema\/logo\/image\/\",\"url\":\"https:\/\/padrejosimo.com.br\/site\/wp-content\/uploads\/2025\/09\/cropped-icon-icpj.png\",\"contentUrl\":\"https:\/\/padrejosimo.com.br\/site\/wp-content\/uploads\/2025\/09\/cropped-icon-icpj.png\",\"width\":512,\"height\":512,\"caption\":\"Instituto Cultural Padre Josimo\"},\"image\":{\"@id\":\"https:\/\/padrejosimo.com.br\/site\/#\/schema\/logo\/image\/\"}}]}<\/script>\n<!-- \/ Yoast SEO plugin. -->","yoast_head_json":{"title":"Revista de R\u00e1dio #172: Entrevista com Gerson Winkler, fundador de grupo de apoio a AIDS em Porto Alegre - Instituto Cultural Padre Josimo","robots":{"index":"index","follow":"follow","max-snippet":"max-snippet:-1","max-image-preview":"max-image-preview:large","max-video-preview":"max-video-preview:-1"},"canonical":"https:\/\/padrejosimo.com.br\/site\/revista_radio\/revista-de-radio-172-entrevista-com-gerson-winkler-fundador-de-grupo-de-apoio-a-aids-em-porto-alegre\/","og_locale":"pt_BR","og_type":"article","og_title":"Revista de R\u00e1dio #172: Entrevista com Gerson Winkler, fundador de grupo de apoio a AIDS em Porto Alegre - Instituto Cultural Padre Josimo","og_description":"Temas da semana Estamos em dezembro e caminhamos a passos largos para o final do ano de 2016. Embora tenhamos ainda um longo m\u00eas pela frente, s\u00e3o quatro semanas com os dias mais longos que as noites e muito calor. Este m\u00eas se inicia movimentado no cen\u00e1rio nacional com as aprova\u00e7\u00f5es de projetos e emendas [&hellip;]","og_url":"https:\/\/padrejosimo.com.br\/site\/revista_radio\/revista-de-radio-172-entrevista-com-gerson-winkler-fundador-de-grupo-de-apoio-a-aids-em-porto-alegre\/","og_site_name":"Instituto Cultural Padre Josimo","og_image":[{"width":512,"height":512,"url":"https:\/\/padrejosimo.com.br\/site\/wp-content\/uploads\/2025\/09\/cropped-icon-icpj.png","type":"image\/png"}],"twitter_card":"summary_large_image","twitter_misc":{"Est. tempo de leitura":"1 minuto"},"schema":{"@context":"https:\/\/schema.org","@graph":[{"@type":"WebPage","@id":"https:\/\/padrejosimo.com.br\/site\/revista_radio\/revista-de-radio-172-entrevista-com-gerson-winkler-fundador-de-grupo-de-apoio-a-aids-em-porto-alegre\/","url":"https:\/\/padrejosimo.com.br\/site\/revista_radio\/revista-de-radio-172-entrevista-com-gerson-winkler-fundador-de-grupo-de-apoio-a-aids-em-porto-alegre\/","name":"Revista de R\u00e1dio #172: Entrevista com Gerson Winkler, fundador de grupo de apoio a AIDS em Porto Alegre - Instituto Cultural Padre Josimo","isPartOf":{"@id":"https:\/\/padrejosimo.com.br\/site\/#website"},"datePublished":"2017-04-08T19:57:15+00:00","breadcrumb":{"@id":"https:\/\/padrejosimo.com.br\/site\/revista_radio\/revista-de-radio-172-entrevista-com-gerson-winkler-fundador-de-grupo-de-apoio-a-aids-em-porto-alegre\/#breadcrumb"},"inLanguage":"pt-BR","potentialAction":[{"@type":"ReadAction","target":["https:\/\/padrejosimo.com.br\/site\/revista_radio\/revista-de-radio-172-entrevista-com-gerson-winkler-fundador-de-grupo-de-apoio-a-aids-em-porto-alegre\/"]}]},{"@type":"BreadcrumbList","@id":"https:\/\/padrejosimo.com.br\/site\/revista_radio\/revista-de-radio-172-entrevista-com-gerson-winkler-fundador-de-grupo-de-apoio-a-aids-em-porto-alegre\/#breadcrumb","itemListElement":[{"@type":"ListItem","position":1,"name":"In\u00edcio","item":"https:\/\/padrejosimo.com.br\/site\/"},{"@type":"ListItem","position":2,"name":"Revistas R\u00e1dio","item":"https:\/\/padrejosimo.com.br\/site\/revista-radio\/"},{"@type":"ListItem","position":3,"name":"Revista de R\u00e1dio #172: Entrevista com Gerson Winkler, fundador de grupo de apoio a AIDS em Porto Alegre"}]},{"@type":"WebSite","@id":"https:\/\/padrejosimo.com.br\/site\/#website","url":"https:\/\/padrejosimo.com.br\/site\/","name":"Instituto Cultural Padre Josimo","description":"Comprometida com a promo\u00e7\u00e3o da justi\u00e7a social, agroecologia e educa\u00e7\u00e3o popular","publisher":{"@id":"https:\/\/padrejosimo.com.br\/site\/#organization"},"alternateName":"ICPJ","potentialAction":[{"@type":"SearchAction","target":{"@type":"EntryPoint","urlTemplate":"https:\/\/padrejosimo.com.br\/site\/?s={search_term_string}"},"query-input":{"@type":"PropertyValueSpecification","valueRequired":true,"valueName":"search_term_string"}}],"inLanguage":"pt-BR"},{"@type":"Organization","@id":"https:\/\/padrejosimo.com.br\/site\/#organization","name":"Instituto Cultural Padre Josimo","alternateName":"ICPJ","url":"https:\/\/padrejosimo.com.br\/site\/","logo":{"@type":"ImageObject","inLanguage":"pt-BR","@id":"https:\/\/padrejosimo.com.br\/site\/#\/schema\/logo\/image\/","url":"https:\/\/padrejosimo.com.br\/site\/wp-content\/uploads\/2025\/09\/cropped-icon-icpj.png","contentUrl":"https:\/\/padrejosimo.com.br\/site\/wp-content\/uploads\/2025\/09\/cropped-icon-icpj.png","width":512,"height":512,"caption":"Instituto Cultural Padre Josimo"},"image":{"@id":"https:\/\/padrejosimo.com.br\/site\/#\/schema\/logo\/image\/"}}]}},"_links":{"self":[{"href":"https:\/\/padrejosimo.com.br\/site\/wp-json\/wp\/v2\/revista_radio\/104","targetHints":{"allow":["GET"]}}],"collection":[{"href":"https:\/\/padrejosimo.com.br\/site\/wp-json\/wp\/v2\/revista_radio"}],"about":[{"href":"https:\/\/padrejosimo.com.br\/site\/wp-json\/wp\/v2\/types\/revista_radio"}],"wp:attachment":[{"href":"https:\/\/padrejosimo.com.br\/site\/wp-json\/wp\/v2\/media?parent=104"}],"curies":[{"name":"wp","href":"https:\/\/api.w.org\/{rel}","templated":true}]}}

Revista de Rádio #172: Entrevista com Gerson Winkler, fundador de grupo de apoio a AIDS em Porto Alegre

<p><strong>Temas da semana</strong></p>
<p>Estamos em dezembro e caminhamos a passos largos para o final do ano de 2016. Embora tenhamos ainda um longo mês pela frente, são quatro semanas com os dias mais longos que as noites e muito calor. Este mês se inicia movimentado no cenário nacional com as aprovações de projetos e emendas a toque de caixa no congresso Nacional, inclusive entrando madrugada a dentro, até as quatro horas e meia da manhã. A chamada PEC da maldade avança no Senado e, na Câmara, o projeto “anticorrupção” é mutilado e aprovado, gerando crises e mais crises. Sem falar que, enquanto a polícia massacra estudantes que protestam pacificamente nas ruas contra tais absurdos e, por outro lado, o povo se emociona com a tragédia aérea que vitimou o Clube Chapecoense, matando mais de 70 pessoas.</p>
<p><strong>Entrevista da edição</strong></p>
<p>Na entrevista de hoje, a conversa é com Gerson Winkler, que é natural de Porto Alegre e aqui vive até hoje. Ele é administrador de empresas e formado em gestão pública. Foi um dos grandes lutadores contra a epidemia do HIV/AIDS no Brasil e um dos fundadores do Grupo da Apoio e Prevenção à AIDS (GAPA) em Porto Alegre, ainda na década de 1980. Na entrevista, ele faz histórico da doença e do seu combate e evolução, bem como sobre a situação hoje no Brasil.</p>
<p><strong>Música da edição:</strong> Vento Negro, com Cleiton e Cledir e Vitor Ramil</p>

<!-- This site is optimized with the Yoast SEO plugin v27.2 - https://yoast.com/product/yoast-seo-wordpress/ -->
<title>Revista de Rádio #172: Entrevista com Gerson Winkler, fundador de grupo de apoio a AIDS em Porto Alegre - Instituto Cultural Padre Josimo</title>
<meta name="robots" content="index, follow, max-snippet:-1, max-image-preview:large, max-video-preview:-1" />
<link rel="canonical" href="https://padrejosimo.com.br/site/revista_radio/revista-de-radio-172-entrevista-com-gerson-winkler-fundador-de-grupo-de-apoio-a-aids-em-porto-alegre/" />
<meta property="og:locale" content="pt_BR" />
<meta property="og:type" content="article" />
<meta property="og:title" content="Revista de Rádio #172: Entrevista com Gerson Winkler, fundador de grupo de apoio a AIDS em Porto Alegre - Instituto Cultural Padre Josimo" />
<meta property="og:description" content="Temas da semana Estamos em dezembro e caminhamos a passos largos para o final do ano de 2016. Embora tenhamos ainda um longo mês pela frente, são quatro semanas com os dias mais longos que as noites e muito calor. Este mês se inicia movimentado no cenário nacional com as aprovações de projetos e emendas [&hellip;]" />
<meta property="og:url" content="https://padrejosimo.com.br/site/revista_radio/revista-de-radio-172-entrevista-com-gerson-winkler-fundador-de-grupo-de-apoio-a-aids-em-porto-alegre/" />
<meta property="og:site_name" content="Instituto Cultural Padre Josimo" />
<meta property="og:image" content="https://padrejosimo.com.br/site/wp-content/uploads/2025/09/cropped-icon-icpj.png" />
	<meta property="og:image:width" content="512" />
	<meta property="og:image:height" content="512" />
	<meta property="og:image:type" content="image/png" />
<meta name="twitter:card" content="summary_large_image" />
<meta name="twitter:label1" content="Est. tempo de leitura" />
	<meta name="twitter:data1" content="1 minuto" />
<script type="application/ld+json" class="yoast-schema-graph">{"@context":"https://schema.org","@graph":[{"@type":"WebPage","@id":"https://padrejosimo.com.br/site/revista_radio/revista-de-radio-172-entrevista-com-gerson-winkler-fundador-de-grupo-de-apoio-a-aids-em-porto-alegre/","url":"https://padrejosimo.com.br/site/revista_radio/revista-de-radio-172-entrevista-com-gerson-winkler-fundador-de-grupo-de-apoio-a-aids-em-porto-alegre/","name":"Revista de Rádio #172: Entrevista com Gerson Winkler, fundador de grupo de apoio a AIDS em Porto Alegre - Instituto Cultural Padre Josimo","isPartOf":{"@id":"https://padrejosimo.com.br/site/#website"},"datePublished":"2017-04-08T19:57:15+00:00","breadcrumb":{"@id":"https://padrejosimo.com.br/site/revista_radio/revista-de-radio-172-entrevista-com-gerson-winkler-fundador-de-grupo-de-apoio-a-aids-em-porto-alegre/#breadcrumb"},"inLanguage":"pt-BR","potentialAction":[{"@type":"ReadAction","target":["https://padrejosimo.com.br/site/revista_radio/revista-de-radio-172-entrevista-com-gerson-winkler-fundador-de-grupo-de-apoio-a-aids-em-porto-alegre/"]}]},{"@type":"BreadcrumbList","@id":"https://padrejosimo.com.br/site/revista_radio/revista-de-radio-172-entrevista-com-gerson-winkler-fundador-de-grupo-de-apoio-a-aids-em-porto-alegre/#breadcrumb","itemListElement":[{"@type":"ListItem","position":1,"name":"Início","item":"https://padrejosimo.com.br/site/"},{"@type":"ListItem","position":2,"name":"Revistas Rádio","item":"https://padrejosimo.com.br/site/revista-radio/"},{"@type":"ListItem","position":3,"name":"Revista de Rádio #172: Entrevista com Gerson Winkler, fundador de grupo de apoio a AIDS em Porto Alegre"}]},{"@type":"WebSite","@id":"https://padrejosimo.com.br/site/#website","url":"https://padrejosimo.com.br/site/","name":"Instituto Cultural Padre Josimo","description":"Comprometida com a promoção da justiça social, agroecologia e educação popular","publisher":{"@id":"https://padrejosimo.com.br/site/#organization"},"alternateName":"ICPJ","potentialAction":[{"@type":"SearchAction","target":{"@type":"EntryPoint","urlTemplate":"https://padrejosimo.com.br/site/?s={search_term_string}"},"query-input":{"@type":"PropertyValueSpecification","valueRequired":true,"valueName":"search_term_string"}}],"inLanguage":"pt-BR"},{"@type":"Organization","@id":"https://padrejosimo.com.br/site/#organization","name":"Instituto Cultural Padre Josimo","alternateName":"ICPJ","url":"https://padrejosimo.com.br/site/","logo":{"@type":"ImageObject","inLanguage":"pt-BR","@id":"https://padrejosimo.com.br/site/#/schema/logo/image/","url":"https://padrejosimo.com.br/site/wp-content/uploads/2025/09/cropped-icon-icpj.png","contentUrl":"https://padrejosimo.com.br/site/wp-content/uploads/2025/09/cropped-icon-icpj.png","width":512,"height":512,"caption":"Instituto Cultural Padre Josimo"},"image":{"@id":"https://padrejosimo.com.br/site/#/schema/logo/image/"}}]}</script>
<!-- / Yoast SEO plugin. -->

Revista de Rádio #172: Entrevista com Gerson Winkler, fundador de grupo de apoio a AIDS em Porto Alegre - Instituto Cultural Padre Josimo

Temas da semana Estamos em dezembro e caminhamos a passos largos para o final do ano de 2016. Embora tenhamos ainda um longo mês pela frente, são quatro semanas com os dias mais longos que as noites e muito calor. Este mês se inicia movimentado no cenário nacional com as aprovações de projetos e emendas [&hellip;]

Início

Revistas Rádio

Comprometida com a promoção da justiça social, agroecologia e educação popular
