{"id":3296,"date":"2020-08-04T11:13:30","date_gmt":"2020-08-04T14:13:30","guid":{"rendered":"https:\/\/padrejosimo.com.br\/site\/?post_type=projetos&#038;p=3296"},"modified":"2020-08-04T11:21:52","modified_gmt":"2020-08-04T14:21:52","slug":"desenvolvimento-territorial","status":"publish","type":"projetos","link":"https:\/\/padrejosimo.com.br\/site\/projetos\/desenvolvimento-territorial\/","title":{"rendered":"Desenvolvimento territorial"},"content":{"rendered":"<p><span style=\"font-size: 14pt;\"><strong>O que s\u00e3o as a\u00e7\u00f5es?<\/strong><\/span><\/p>\n<p>Esta \u00e1rea constitui numa transversalidade de todos os projetos desenvolvidos pelo ICPJ, uma vez que em todos h\u00e1 objetivos diretos ou indiretos de promover o desenvolvimento dos territ\u00f3rios no Brasil.<\/p>\n<p>Assim sendo, a integra\u00e7\u00e3o regional, a valoriza\u00e7\u00e3o da cultura regional, registro de eventos, compartilhamento de saberes, promo\u00e7\u00e3o de encontros e diversas outras a\u00e7\u00f5es, s\u00e3o executadas desde a funda\u00e7\u00e3o do Instituto.<\/p>\n<p>&nbsp;<\/p>\n<p><span style=\"font-size: 14pt;\"><strong>Exemplo de projetos desenvolvidos com esse enfoque<\/strong><\/span><\/p>\n<p>1) Conv\u00eanio com a Funda\u00e7\u00e3o Banco do Brasil (Programa Ecoforte), visando o fortalecimento dos Centros Territoriais de Forma\u00e7\u00e3o, Coopera\u00e7\u00e3o e Irradia\u00e7\u00e3o da Biodiversidade,.<\/p>\n<p>O objetivos principais foram a estrutura\u00e7\u00e3o de 04 Unidades de Refer\u00eancia relacionadas \u00e0 produ\u00e7\u00e3o de base agroecol\u00f3gica nos\u00a0 munic\u00edpios\u00a0 Seberi,\u00a0 Santa\u00a0 Cruz\u00a0 do\u00a0 Sul\u00a0 e\u00a0 Encruzilhada\u00a0 do\u00a0 Sul,\u00a0 prestar assist\u00eancia t\u00e9cnica a grupos de produ\u00e7\u00e3o agroecol\u00f3gica e prestar assessoria e consultoria qualificada \u00e0s entidades da Rede Camponesa de Agroecologia.<\/p>\n<p>Per\u00edodo de execu\u00e7\u00e3o janeiro de 2015 a fevereiro de 2016.<\/p>\n<p>&nbsp;<\/p>\n<p>2) Implanta\u00e7\u00e3o de experimentos com agroflorestas, banco de sementes crioulas e horto medicinal nos munic\u00edpios de Tupanciret\u00e3 e Hulha Negra no RS;<\/p>\n","protected":false},"excerpt":{"rendered":"<p>O que s\u00e3o as a\u00e7\u00f5es? Esta \u00e1rea constitui numa transversalidade de todos os projetos desenvolvidos pelo ICPJ, uma vez que em todos h\u00e1 objetivos diretos ou indiretos de promover o desenvolvimento dos territ\u00f3rios no Brasil. Assim sendo, a integra\u00e7\u00e3o regional, a valoriza\u00e7\u00e3o da cultura regional, registro de eventos, compartilhamento de saberes, promo\u00e7\u00e3o de encontros e [&hellip;]<\/p>\n","protected":false},"featured_media":0,"template":"","categorias_projetos":[8],"class_list":["post-3296","projetos","type-projetos","status-publish","hentry","categorias_projetos-culturais"],"acf":[],"yoast_head":"<!-- This site is optimized with the Yoast SEO plugin v27.2 - https:\/\/yoast.com\/product\/yoast-seo-wordpress\/ -->\n<title>Desenvolvimento territorial - Instituto Cultural Padre Josimo<\/title>\n<meta name=\"robots\" content=\"index, follow, max-snippet:-1, max-image-preview:large, max-video-preview:-1\" \/>\n<link rel=\"canonical\" href=\"https:\/\/padrejosimo.com.br\/site\/projetos\/desenvolvimento-territorial\/\" \/>\n<meta property=\"og:locale\" content=\"pt_BR\" \/>\n<meta property=\"og:type\" content=\"article\" \/>\n<meta property=\"og:title\" content=\"Desenvolvimento territorial - Instituto Cultural Padre Josimo\" \/>\n<meta property=\"og:description\" content=\"O que s\u00e3o as a\u00e7\u00f5es? Esta \u00e1rea constitui numa transversalidade de todos os projetos desenvolvidos pelo ICPJ, uma vez que em todos h\u00e1 objetivos diretos ou indiretos de promover o desenvolvimento dos territ\u00f3rios no Brasil. Assim sendo, a integra\u00e7\u00e3o regional, a valoriza\u00e7\u00e3o da cultura regional, registro de eventos, compartilhamento de saberes, promo\u00e7\u00e3o de encontros e [&hellip;]\" \/>\n<meta property=\"og:url\" content=\"https:\/\/padrejosimo.com.br\/site\/projetos\/desenvolvimento-territorial\/\" \/>\n<meta property=\"og:site_name\" content=\"Instituto Cultural Padre Josimo\" \/>\n<meta property=\"article:modified_time\" content=\"2020-08-04T14:21:52+00:00\" \/>\n<meta property=\"og:image\" content=\"https:\/\/padrejosimo.com.br\/site\/wp-content\/uploads\/2025\/09\/cropped-icon-icpj.png\" \/>\n\t<meta property=\"og:image:width\" content=\"512\" \/>\n\t<meta property=\"og:image:height\" content=\"512\" \/>\n\t<meta property=\"og:image:type\" content=\"image\/png\" \/>\n<meta name=\"twitter:card\" content=\"summary_large_image\" \/>\n<meta name=\"twitter:label1\" content=\"Est. tempo de leitura\" \/>\n\t<meta name=\"twitter:data1\" content=\"1 minuto\" \/>\n<script type=\"application\/ld+json\" class=\"yoast-schema-graph\">{\"@context\":\"https:\/\/schema.org\",\"@graph\":[{\"@type\":\"WebPage\",\"@id\":\"https:\/\/padrejosimo.com.br\/site\/projetos\/desenvolvimento-territorial\/\",\"url\":\"https:\/\/padrejosimo.com.br\/site\/projetos\/desenvolvimento-territorial\/\",\"name\":\"Desenvolvimento territorial - Instituto Cultural Padre Josimo\",\"isPartOf\":{\"@id\":\"https:\/\/padrejosimo.com.br\/site\/#website\"},\"datePublished\":\"2020-08-04T14:13:30+00:00\",\"dateModified\":\"2020-08-04T14:21:52+00:00\",\"breadcrumb\":{\"@id\":\"https:\/\/padrejosimo.com.br\/site\/projetos\/desenvolvimento-territorial\/#breadcrumb\"},\"inLanguage\":\"pt-BR\",\"potentialAction\":[{\"@type\":\"ReadAction\",\"target\":[\"https:\/\/padrejosimo.com.br\/site\/projetos\/desenvolvimento-territorial\/\"]}]},{\"@type\":\"BreadcrumbList\",\"@id\":\"https:\/\/padrejosimo.com.br\/site\/projetos\/desenvolvimento-territorial\/#breadcrumb\",\"itemListElement\":[{\"@type\":\"ListItem\",\"position\":1,\"name\":\"In\u00edcio\",\"item\":\"https:\/\/padrejosimo.com.br\/site\/\"},{\"@type\":\"ListItem\",\"position\":2,\"name\":\"Projetos\",\"item\":\"https:\/\/padrejosimo.com.br\/site\/projetos\/\"},{\"@type\":\"ListItem\",\"position\":3,\"name\":\"Desenvolvimento territorial\"}]},{\"@type\":\"WebSite\",\"@id\":\"https:\/\/padrejosimo.com.br\/site\/#website\",\"url\":\"https:\/\/padrejosimo.com.br\/site\/\",\"name\":\"Instituto Cultural Padre Josimo\",\"description\":\"Comprometida com a promo\u00e7\u00e3o da justi\u00e7a social, agroecologia e educa\u00e7\u00e3o popular\",\"publisher\":{\"@id\":\"https:\/\/padrejosimo.com.br\/site\/#organization\"},\"alternateName\":\"ICPJ\",\"potentialAction\":[{\"@type\":\"SearchAction\",\"target\":{\"@type\":\"EntryPoint\",\"urlTemplate\":\"https:\/\/padrejosimo.com.br\/site\/?s={search_term_string}\"},\"query-input\":{\"@type\":\"PropertyValueSpecification\",\"valueRequired\":true,\"valueName\":\"search_term_string\"}}],\"inLanguage\":\"pt-BR\"},{\"@type\":\"Organization\",\"@id\":\"https:\/\/padrejosimo.com.br\/site\/#organization\",\"name\":\"Instituto Cultural Padre Josimo\",\"alternateName\":\"ICPJ\",\"url\":\"https:\/\/padrejosimo.com.br\/site\/\",\"logo\":{\"@type\":\"ImageObject\",\"inLanguage\":\"pt-BR\",\"@id\":\"https:\/\/padrejosimo.com.br\/site\/#\/schema\/logo\/image\/\",\"url\":\"https:\/\/padrejosimo.com.br\/site\/wp-content\/uploads\/2025\/09\/cropped-icon-icpj.png\",\"contentUrl\":\"https:\/\/padrejosimo.com.br\/site\/wp-content\/uploads\/2025\/09\/cropped-icon-icpj.png\",\"width\":512,\"height\":512,\"caption\":\"Instituto Cultural Padre Josimo\"},\"image\":{\"@id\":\"https:\/\/padrejosimo.com.br\/site\/#\/schema\/logo\/image\/\"}}]}<\/script>\n<!-- \/ Yoast SEO plugin. -->","yoast_head_json":{"title":"Desenvolvimento territorial - Instituto Cultural Padre Josimo","robots":{"index":"index","follow":"follow","max-snippet":"max-snippet:-1","max-image-preview":"max-image-preview:large","max-video-preview":"max-video-preview:-1"},"canonical":"https:\/\/padrejosimo.com.br\/site\/projetos\/desenvolvimento-territorial\/","og_locale":"pt_BR","og_type":"article","og_title":"Desenvolvimento territorial - Instituto Cultural Padre Josimo","og_description":"O que s\u00e3o as a\u00e7\u00f5es? Esta \u00e1rea constitui numa transversalidade de todos os projetos desenvolvidos pelo ICPJ, uma vez que em todos h\u00e1 objetivos diretos ou indiretos de promover o desenvolvimento dos territ\u00f3rios no Brasil. Assim sendo, a integra\u00e7\u00e3o regional, a valoriza\u00e7\u00e3o da cultura regional, registro de eventos, compartilhamento de saberes, promo\u00e7\u00e3o de encontros e [&hellip;]","og_url":"https:\/\/padrejosimo.com.br\/site\/projetos\/desenvolvimento-territorial\/","og_site_name":"Instituto Cultural Padre Josimo","article_modified_time":"2020-08-04T14:21:52+00:00","og_image":[{"width":512,"height":512,"url":"https:\/\/padrejosimo.com.br\/site\/wp-content\/uploads\/2025\/09\/cropped-icon-icpj.png","type":"image\/png"}],"twitter_card":"summary_large_image","twitter_misc":{"Est. tempo de leitura":"1 minuto"},"schema":{"@context":"https:\/\/schema.org","@graph":[{"@type":"WebPage","@id":"https:\/\/padrejosimo.com.br\/site\/projetos\/desenvolvimento-territorial\/","url":"https:\/\/padrejosimo.com.br\/site\/projetos\/desenvolvimento-territorial\/","name":"Desenvolvimento territorial - Instituto Cultural Padre Josimo","isPartOf":{"@id":"https:\/\/padrejosimo.com.br\/site\/#website"},"datePublished":"2020-08-04T14:13:30+00:00","dateModified":"2020-08-04T14:21:52+00:00","breadcrumb":{"@id":"https:\/\/padrejosimo.com.br\/site\/projetos\/desenvolvimento-territorial\/#breadcrumb"},"inLanguage":"pt-BR","potentialAction":[{"@type":"ReadAction","target":["https:\/\/padrejosimo.com.br\/site\/projetos\/desenvolvimento-territorial\/"]}]},{"@type":"BreadcrumbList","@id":"https:\/\/padrejosimo.com.br\/site\/projetos\/desenvolvimento-territorial\/#breadcrumb","itemListElement":[{"@type":"ListItem","position":1,"name":"In\u00edcio","item":"https:\/\/padrejosimo.com.br\/site\/"},{"@type":"ListItem","position":2,"name":"Projetos","item":"https:\/\/padrejosimo.com.br\/site\/projetos\/"},{"@type":"ListItem","position":3,"name":"Desenvolvimento territorial"}]},{"@type":"WebSite","@id":"https:\/\/padrejosimo.com.br\/site\/#website","url":"https:\/\/padrejosimo.com.br\/site\/","name":"Instituto Cultural Padre Josimo","description":"Comprometida com a promo\u00e7\u00e3o da justi\u00e7a social, agroecologia e educa\u00e7\u00e3o popular","publisher":{"@id":"https:\/\/padrejosimo.com.br\/site\/#organization"},"alternateName":"ICPJ","potentialAction":[{"@type":"SearchAction","target":{"@type":"EntryPoint","urlTemplate":"https:\/\/padrejosimo.com.br\/site\/?s={search_term_string}"},"query-input":{"@type":"PropertyValueSpecification","valueRequired":true,"valueName":"search_term_string"}}],"inLanguage":"pt-BR"},{"@type":"Organization","@id":"https:\/\/padrejosimo.com.br\/site\/#organization","name":"Instituto Cultural Padre Josimo","alternateName":"ICPJ","url":"https:\/\/padrejosimo.com.br\/site\/","logo":{"@type":"ImageObject","inLanguage":"pt-BR","@id":"https:\/\/padrejosimo.com.br\/site\/#\/schema\/logo\/image\/","url":"https:\/\/padrejosimo.com.br\/site\/wp-content\/uploads\/2025\/09\/cropped-icon-icpj.png","contentUrl":"https:\/\/padrejosimo.com.br\/site\/wp-content\/uploads\/2025\/09\/cropped-icon-icpj.png","width":512,"height":512,"caption":"Instituto Cultural Padre Josimo"},"image":{"@id":"https:\/\/padrejosimo.com.br\/site\/#\/schema\/logo\/image\/"}}]}},"_links":{"self":[{"href":"https:\/\/padrejosimo.com.br\/site\/wp-json\/wp\/v2\/projetos\/3296","targetHints":{"allow":["GET"]}}],"collection":[{"href":"https:\/\/padrejosimo.com.br\/site\/wp-json\/wp\/v2\/projetos"}],"about":[{"href":"https:\/\/padrejosimo.com.br\/site\/wp-json\/wp\/v2\/types\/projetos"}],"wp:attachment":[{"href":"https:\/\/padrejosimo.com.br\/site\/wp-json\/wp\/v2\/media?parent=3296"}],"wp:term":[{"taxonomy":"categorias_projetos","embeddable":true,"href":"https:\/\/padrejosimo.com.br\/site\/wp-json\/wp\/v2\/categorias_projetos?post=3296"}],"curies":[{"name":"wp","href":"https:\/\/api.w.org\/{rel}","templated":true}]}}

<p><span style="font-size: 14pt;"><strong>O que são as ações?</strong></span></p>
<p>Esta área constitui numa transversalidade de todos os projetos desenvolvidos pelo ICPJ, uma vez que em todos há objetivos diretos ou indiretos de promover o desenvolvimento dos territórios no Brasil.</p>
<p>Assim sendo, a integração regional, a valorização da cultura regional, registro de eventos, compartilhamento de saberes, promoção de encontros e diversas outras ações, são executadas desde a fundação do Instituto.</p>
<p>&nbsp;</p>
<p><span style="font-size: 14pt;"><strong>Exemplo de projetos desenvolvidos com esse enfoque</strong></span></p>
<p>1) Convênio com a Fundação Banco do Brasil (Programa Ecoforte), visando o fortalecimento dos Centros Territoriais de Formação, Cooperação e Irradiação da Biodiversidade,.</p>
<p>O objetivos principais foram a estruturação de 04 Unidades de Referência relacionadas à produção de base agroecológica nos  municípios  Seberi,  Santa  Cruz  do  Sul  e  Encruzilhada  do  Sul,  prestar assistência técnica a grupos de produção agroecológica e prestar assessoria e consultoria qualificada às entidades da Rede Camponesa de Agroecologia.</p>
<p>Período de execução janeiro de 2015 a fevereiro de 2016.</p>
<p>&nbsp;</p>
<p>2) Implantação de experimentos com agroflorestas, banco de sementes crioulas e horto medicinal nos municípios de Tupanciretã e Hulha Negra no RS;</p>

<p>O que são as ações? Esta área constitui numa transversalidade de todos os projetos desenvolvidos pelo ICPJ, uma vez que em todos há objetivos diretos ou indiretos de promover o desenvolvimento dos territórios no Brasil. Assim sendo, a integração regional, a valorização da cultura regional, registro de eventos, compartilhamento de saberes, promoção de encontros e [&hellip;]</p>

<!-- This site is optimized with the Yoast SEO plugin v27.2 - https://yoast.com/product/yoast-seo-wordpress/ -->
<title>Desenvolvimento territorial - Instituto Cultural Padre Josimo</title>
<meta name="robots" content="index, follow, max-snippet:-1, max-image-preview:large, max-video-preview:-1" />
<link rel="canonical" href="https://padrejosimo.com.br/site/projetos/desenvolvimento-territorial/" />
<meta property="og:locale" content="pt_BR" />
<meta property="og:type" content="article" />
<meta property="og:title" content="Desenvolvimento territorial - Instituto Cultural Padre Josimo" />
<meta property="og:description" content="O que são as ações? Esta área constitui numa transversalidade de todos os projetos desenvolvidos pelo ICPJ, uma vez que em todos há objetivos diretos ou indiretos de promover o desenvolvimento dos territórios no Brasil. Assim sendo, a integração regional, a valorização da cultura regional, registro de eventos, compartilhamento de saberes, promoção de encontros e [&hellip;]" />
<meta property="og:url" content="https://padrejosimo.com.br/site/projetos/desenvolvimento-territorial/" />
<meta property="og:site_name" content="Instituto Cultural Padre Josimo" />
<meta property="article:modified_time" content="2020-08-04T14:21:52+00:00" />
<meta property="og:image" content="https://padrejosimo.com.br/site/wp-content/uploads/2025/09/cropped-icon-icpj.png" />
	<meta property="og:image:width" content="512" />
	<meta property="og:image:height" content="512" />
	<meta property="og:image:type" content="image/png" />
<meta name="twitter:card" content="summary_large_image" />
<meta name="twitter:label1" content="Est. tempo de leitura" />
	<meta name="twitter:data1" content="1 minuto" />
<script type="application/ld+json" class="yoast-schema-graph">{"@context":"https://schema.org","@graph":[{"@type":"WebPage","@id":"https://padrejosimo.com.br/site/projetos/desenvolvimento-territorial/","url":"https://padrejosimo.com.br/site/projetos/desenvolvimento-territorial/","name":"Desenvolvimento territorial - Instituto Cultural Padre Josimo","isPartOf":{"@id":"https://padrejosimo.com.br/site/#website"},"datePublished":"2020-08-04T14:13:30+00:00","dateModified":"2020-08-04T14:21:52+00:00","breadcrumb":{"@id":"https://padrejosimo.com.br/site/projetos/desenvolvimento-territorial/#breadcrumb"},"inLanguage":"pt-BR","potentialAction":[{"@type":"ReadAction","target":["https://padrejosimo.com.br/site/projetos/desenvolvimento-territorial/"]}]},{"@type":"BreadcrumbList","@id":"https://padrejosimo.com.br/site/projetos/desenvolvimento-territorial/#breadcrumb","itemListElement":[{"@type":"ListItem","position":1,"name":"Início","item":"https://padrejosimo.com.br/site/"},{"@type":"ListItem","position":2,"name":"Projetos","item":"https://padrejosimo.com.br/site/projetos/"},{"@type":"ListItem","position":3,"name":"Desenvolvimento territorial"}]},{"@type":"WebSite","@id":"https://padrejosimo.com.br/site/#website","url":"https://padrejosimo.com.br/site/","name":"Instituto Cultural Padre Josimo","description":"Comprometida com a promoção da justiça social, agroecologia e educação popular","publisher":{"@id":"https://padrejosimo.com.br/site/#organization"},"alternateName":"ICPJ","potentialAction":[{"@type":"SearchAction","target":{"@type":"EntryPoint","urlTemplate":"https://padrejosimo.com.br/site/?s={search_term_string}"},"query-input":{"@type":"PropertyValueSpecification","valueRequired":true,"valueName":"search_term_string"}}],"inLanguage":"pt-BR"},{"@type":"Organization","@id":"https://padrejosimo.com.br/site/#organization","name":"Instituto Cultural Padre Josimo","alternateName":"ICPJ","url":"https://padrejosimo.com.br/site/","logo":{"@type":"ImageObject","inLanguage":"pt-BR","@id":"https://padrejosimo.com.br/site/#/schema/logo/image/","url":"https://padrejosimo.com.br/site/wp-content/uploads/2025/09/cropped-icon-icpj.png","contentUrl":"https://padrejosimo.com.br/site/wp-content/uploads/2025/09/cropped-icon-icpj.png","width":512,"height":512,"caption":"Instituto Cultural Padre Josimo"},"image":{"@id":"https://padrejosimo.com.br/site/#/schema/logo/image/"}}]}</script>
<!-- / Yoast SEO plugin. -->

O que são as ações? Esta área constitui numa transversalidade de todos os projetos desenvolvidos pelo ICPJ, uma vez que em todos há objetivos diretos ou indiretos de promover o desenvolvimento dos territórios no Brasil. Assim sendo, a integração regional, a valorização da cultura regional, registro de eventos, compartilhamento de saberes, promoção de encontros e [&hellip;]

Início

Comprometida com a promoção da justiça social, agroecologia e educação popular
