{"id":3290,"date":"2020-08-04T10:43:34","date_gmt":"2020-08-04T13:43:34","guid":{"rendered":"https:\/\/padrejosimo.com.br\/site\/?post_type=projetos&#038;p=3290"},"modified":"2020-08-04T10:52:25","modified_gmt":"2020-08-04T13:52:25","slug":"restauracao-ecologica","status":"publish","type":"projetos","link":"https:\/\/padrejosimo.com.br\/site\/projetos\/restauracao-ecologica\/","title":{"rendered":"Restaura\u00e7\u00e3o ecol\u00f3gica"},"content":{"rendered":"<p><span style=\"font-size: 14pt;\"><strong>O que s\u00e3o as a\u00e7\u00f5es?<\/strong><\/span><\/p>\n<p>A\u00e7\u00f5es desenvolvidas que visam recuperar ambientes naturais a fim de contribuir com a melhoria da qualidade do meio ambiente, recupera\u00e7\u00f5es de \u00e1reas degradadas, reposi\u00e7\u00f5es florestais, revegeta\u00e7\u00e3o de matas ciliares, recupera\u00e7\u00e3o de nascentes entre outras.<\/p>\n<p>&nbsp;<\/p>\n<p><span style=\"font-size: 14pt;\"><strong>Alguns projetos desenvolvidos<br \/>\n<\/strong><\/span><\/p>\n<p>1) Conv\u00eanios firmados com a Companhia de Gera\u00e7\u00e3o T\u00e9rmica de Energia El\u00e9trica \u2013CGTEE &#8211; Projeto de Revegeta\u00e7\u00e3o e Recupera\u00e7\u00e3o de \u00c1reas Degradas e Matas Ciliares nas Bacias dos Rios Candiota e Jaguar\u00e3o e desenvolvimento s\u00f3cio Ambiental nos munic\u00edpios de Candiota \u2013 Hulha Negra e Acegu\u00e1.\u00a0<\/p>\n<p>Objetivo: revegetar, recuperar e recompor 1000 ha de \u00e1reas degradadas e matas ciliares nas bacias hidrogr\u00e1ficas dos\u00a0 rios Jaguar\u00e3o e Candiota.<\/p>\n<p>Per\u00edodo &#8211; 2012 a 2017.<\/p>\n<p>&nbsp;<\/p>\n<p>2) Contrato firmado com a Usina Termel\u00e9trica Pampa Sul que objetiva a presta\u00e7\u00e3o de servi\u00e7o de Reposi\u00e7\u00e3o Florestal, Revegeta\u00e7\u00e3o da Mata Ciliar e Cortina Vegetal da UTE Pampa Sul, compreendendo o plantio de 182mil mudas esp\u00e9cies nativas e 2800 de mudas de eucalipto em 111,88 ha, no munic\u00edpio de Candiota\/RS.<\/p>\n<p>Per\u00edodo: 2017 a 2021<\/p>\n<p>&nbsp;<\/p>\n<p>&nbsp;<\/p>\n<p>&nbsp;<\/p>\n","protected":false},"excerpt":{"rendered":"<p>O que s\u00e3o as a\u00e7\u00f5es? A\u00e7\u00f5es desenvolvidas que visam recuperar ambientes naturais a fim de contribuir com a melhoria da qualidade do meio ambiente, recupera\u00e7\u00f5es de \u00e1reas degradadas, reposi\u00e7\u00f5es florestais, revegeta\u00e7\u00e3o de matas ciliares, recupera\u00e7\u00e3o de nascentes entre outras. &nbsp; Alguns projetos desenvolvidos 1) Conv\u00eanios firmados com a Companhia de Gera\u00e7\u00e3o T\u00e9rmica de Energia El\u00e9trica [&hellip;]<\/p>\n","protected":false},"featured_media":0,"template":"","categorias_projetos":[10],"class_list":["post-3290","projetos","type-projetos","status-publish","hentry","categorias_projetos-socioambientais"],"acf":[],"yoast_head":"<!-- This site is optimized with the Yoast SEO plugin v27.2 - https:\/\/yoast.com\/product\/yoast-seo-wordpress\/ -->\n<title>Restaura\u00e7\u00e3o ecol\u00f3gica - Instituto Cultural Padre Josimo<\/title>\n<meta name=\"description\" content=\"A\u00e7\u00f5es desenvolvidas que visam recuperar ambientes naturais a fim de contribuir com a melhoria da qualidade do meio ambiente, recupera\u00e7\u00f5es de \u00e1reas degradadas, reposi\u00e7\u00f5es florestais, revegeta\u00e7\u00e3o de matas ciliares, recupera\u00e7\u00e3o de nascentes entre outras\" \/>\n<meta name=\"robots\" content=\"index, follow, max-snippet:-1, max-image-preview:large, max-video-preview:-1\" \/>\n<link rel=\"canonical\" href=\"https:\/\/padrejosimo.com.br\/site\/projetos\/restauracao-ecologica\/\" \/>\n<meta property=\"og:locale\" content=\"pt_BR\" \/>\n<meta property=\"og:type\" content=\"article\" \/>\n<meta property=\"og:title\" content=\"Restaura\u00e7\u00e3o ecol\u00f3gica - Instituto Cultural Padre Josimo\" \/>\n<meta property=\"og:description\" content=\"A\u00e7\u00f5es desenvolvidas que visam recuperar ambientes naturais a fim de contribuir com a melhoria da qualidade do meio ambiente, recupera\u00e7\u00f5es de \u00e1reas degradadas, reposi\u00e7\u00f5es florestais, revegeta\u00e7\u00e3o de matas ciliares, recupera\u00e7\u00e3o de nascentes entre outras\" \/>\n<meta property=\"og:url\" content=\"https:\/\/padrejosimo.com.br\/site\/projetos\/restauracao-ecologica\/\" \/>\n<meta property=\"og:site_name\" content=\"Instituto Cultural Padre Josimo\" \/>\n<meta property=\"article:modified_time\" content=\"2020-08-04T13:52:25+00:00\" \/>\n<meta property=\"og:image\" content=\"https:\/\/padrejosimo.com.br\/site\/wp-content\/uploads\/2025\/09\/cropped-icon-icpj.png\" \/>\n\t<meta property=\"og:image:width\" content=\"512\" \/>\n\t<meta property=\"og:image:height\" content=\"512\" \/>\n\t<meta property=\"og:image:type\" content=\"image\/png\" \/>\n<meta name=\"twitter:card\" content=\"summary_large_image\" \/>\n<meta name=\"twitter:label1\" content=\"Est. tempo de leitura\" \/>\n\t<meta name=\"twitter:data1\" content=\"1 minuto\" \/>\n<script type=\"application\/ld+json\" class=\"yoast-schema-graph\">{\"@context\":\"https:\/\/schema.org\",\"@graph\":[{\"@type\":\"WebPage\",\"@id\":\"https:\/\/padrejosimo.com.br\/site\/projetos\/restauracao-ecologica\/\",\"url\":\"https:\/\/padrejosimo.com.br\/site\/projetos\/restauracao-ecologica\/\",\"name\":\"Restaura\u00e7\u00e3o ecol\u00f3gica - Instituto Cultural Padre Josimo\",\"isPartOf\":{\"@id\":\"https:\/\/padrejosimo.com.br\/site\/#website\"},\"datePublished\":\"2020-08-04T13:43:34+00:00\",\"dateModified\":\"2020-08-04T13:52:25+00:00\",\"description\":\"A\u00e7\u00f5es desenvolvidas que visam recuperar ambientes naturais a fim de contribuir com a melhoria da qualidade do meio ambiente, recupera\u00e7\u00f5es de \u00e1reas degradadas, reposi\u00e7\u00f5es florestais, revegeta\u00e7\u00e3o de matas ciliares, recupera\u00e7\u00e3o de nascentes entre outras\",\"breadcrumb\":{\"@id\":\"https:\/\/padrejosimo.com.br\/site\/projetos\/restauracao-ecologica\/#breadcrumb\"},\"inLanguage\":\"pt-BR\",\"potentialAction\":[{\"@type\":\"ReadAction\",\"target\":[\"https:\/\/padrejosimo.com.br\/site\/projetos\/restauracao-ecologica\/\"]}]},{\"@type\":\"BreadcrumbList\",\"@id\":\"https:\/\/padrejosimo.com.br\/site\/projetos\/restauracao-ecologica\/#breadcrumb\",\"itemListElement\":[{\"@type\":\"ListItem\",\"position\":1,\"name\":\"In\u00edcio\",\"item\":\"https:\/\/padrejosimo.com.br\/site\/\"},{\"@type\":\"ListItem\",\"position\":2,\"name\":\"Projetos\",\"item\":\"https:\/\/padrejosimo.com.br\/site\/projetos\/\"},{\"@type\":\"ListItem\",\"position\":3,\"name\":\"Restaura\u00e7\u00e3o ecol\u00f3gica\"}]},{\"@type\":\"WebSite\",\"@id\":\"https:\/\/padrejosimo.com.br\/site\/#website\",\"url\":\"https:\/\/padrejosimo.com.br\/site\/\",\"name\":\"Instituto Cultural Padre Josimo\",\"description\":\"Comprometida com a promo\u00e7\u00e3o da justi\u00e7a social, agroecologia e educa\u00e7\u00e3o popular\",\"publisher\":{\"@id\":\"https:\/\/padrejosimo.com.br\/site\/#organization\"},\"alternateName\":\"ICPJ\",\"potentialAction\":[{\"@type\":\"SearchAction\",\"target\":{\"@type\":\"EntryPoint\",\"urlTemplate\":\"https:\/\/padrejosimo.com.br\/site\/?s={search_term_string}\"},\"query-input\":{\"@type\":\"PropertyValueSpecification\",\"valueRequired\":true,\"valueName\":\"search_term_string\"}}],\"inLanguage\":\"pt-BR\"},{\"@type\":\"Organization\",\"@id\":\"https:\/\/padrejosimo.com.br\/site\/#organization\",\"name\":\"Instituto Cultural Padre Josimo\",\"alternateName\":\"ICPJ\",\"url\":\"https:\/\/padrejosimo.com.br\/site\/\",\"logo\":{\"@type\":\"ImageObject\",\"inLanguage\":\"pt-BR\",\"@id\":\"https:\/\/padrejosimo.com.br\/site\/#\/schema\/logo\/image\/\",\"url\":\"https:\/\/padrejosimo.com.br\/site\/wp-content\/uploads\/2025\/09\/cropped-icon-icpj.png\",\"contentUrl\":\"https:\/\/padrejosimo.com.br\/site\/wp-content\/uploads\/2025\/09\/cropped-icon-icpj.png\",\"width\":512,\"height\":512,\"caption\":\"Instituto Cultural Padre Josimo\"},\"image\":{\"@id\":\"https:\/\/padrejosimo.com.br\/site\/#\/schema\/logo\/image\/\"}}]}<\/script>\n<!-- \/ Yoast SEO plugin. -->","yoast_head_json":{"title":"Restaura\u00e7\u00e3o ecol\u00f3gica - Instituto Cultural Padre Josimo","description":"A\u00e7\u00f5es desenvolvidas que visam recuperar ambientes naturais a fim de contribuir com a melhoria da qualidade do meio ambiente, recupera\u00e7\u00f5es de \u00e1reas degradadas, reposi\u00e7\u00f5es florestais, revegeta\u00e7\u00e3o de matas ciliares, recupera\u00e7\u00e3o de nascentes entre outras","robots":{"index":"index","follow":"follow","max-snippet":"max-snippet:-1","max-image-preview":"max-image-preview:large","max-video-preview":"max-video-preview:-1"},"canonical":"https:\/\/padrejosimo.com.br\/site\/projetos\/restauracao-ecologica\/","og_locale":"pt_BR","og_type":"article","og_title":"Restaura\u00e7\u00e3o ecol\u00f3gica - Instituto Cultural Padre Josimo","og_description":"A\u00e7\u00f5es desenvolvidas que visam recuperar ambientes naturais a fim de contribuir com a melhoria da qualidade do meio ambiente, recupera\u00e7\u00f5es de \u00e1reas degradadas, reposi\u00e7\u00f5es florestais, revegeta\u00e7\u00e3o de matas ciliares, recupera\u00e7\u00e3o de nascentes entre outras","og_url":"https:\/\/padrejosimo.com.br\/site\/projetos\/restauracao-ecologica\/","og_site_name":"Instituto Cultural Padre Josimo","article_modified_time":"2020-08-04T13:52:25+00:00","og_image":[{"width":512,"height":512,"url":"https:\/\/padrejosimo.com.br\/site\/wp-content\/uploads\/2025\/09\/cropped-icon-icpj.png","type":"image\/png"}],"twitter_card":"summary_large_image","twitter_misc":{"Est. tempo de leitura":"1 minuto"},"schema":{"@context":"https:\/\/schema.org","@graph":[{"@type":"WebPage","@id":"https:\/\/padrejosimo.com.br\/site\/projetos\/restauracao-ecologica\/","url":"https:\/\/padrejosimo.com.br\/site\/projetos\/restauracao-ecologica\/","name":"Restaura\u00e7\u00e3o ecol\u00f3gica - Instituto Cultural Padre Josimo","isPartOf":{"@id":"https:\/\/padrejosimo.com.br\/site\/#website"},"datePublished":"2020-08-04T13:43:34+00:00","dateModified":"2020-08-04T13:52:25+00:00","description":"A\u00e7\u00f5es desenvolvidas que visam recuperar ambientes naturais a fim de contribuir com a melhoria da qualidade do meio ambiente, recupera\u00e7\u00f5es de \u00e1reas degradadas, reposi\u00e7\u00f5es florestais, revegeta\u00e7\u00e3o de matas ciliares, recupera\u00e7\u00e3o de nascentes entre outras","breadcrumb":{"@id":"https:\/\/padrejosimo.com.br\/site\/projetos\/restauracao-ecologica\/#breadcrumb"},"inLanguage":"pt-BR","potentialAction":[{"@type":"ReadAction","target":["https:\/\/padrejosimo.com.br\/site\/projetos\/restauracao-ecologica\/"]}]},{"@type":"BreadcrumbList","@id":"https:\/\/padrejosimo.com.br\/site\/projetos\/restauracao-ecologica\/#breadcrumb","itemListElement":[{"@type":"ListItem","position":1,"name":"In\u00edcio","item":"https:\/\/padrejosimo.com.br\/site\/"},{"@type":"ListItem","position":2,"name":"Projetos","item":"https:\/\/padrejosimo.com.br\/site\/projetos\/"},{"@type":"ListItem","position":3,"name":"Restaura\u00e7\u00e3o ecol\u00f3gica"}]},{"@type":"WebSite","@id":"https:\/\/padrejosimo.com.br\/site\/#website","url":"https:\/\/padrejosimo.com.br\/site\/","name":"Instituto Cultural Padre Josimo","description":"Comprometida com a promo\u00e7\u00e3o da justi\u00e7a social, agroecologia e educa\u00e7\u00e3o popular","publisher":{"@id":"https:\/\/padrejosimo.com.br\/site\/#organization"},"alternateName":"ICPJ","potentialAction":[{"@type":"SearchAction","target":{"@type":"EntryPoint","urlTemplate":"https:\/\/padrejosimo.com.br\/site\/?s={search_term_string}"},"query-input":{"@type":"PropertyValueSpecification","valueRequired":true,"valueName":"search_term_string"}}],"inLanguage":"pt-BR"},{"@type":"Organization","@id":"https:\/\/padrejosimo.com.br\/site\/#organization","name":"Instituto Cultural Padre Josimo","alternateName":"ICPJ","url":"https:\/\/padrejosimo.com.br\/site\/","logo":{"@type":"ImageObject","inLanguage":"pt-BR","@id":"https:\/\/padrejosimo.com.br\/site\/#\/schema\/logo\/image\/","url":"https:\/\/padrejosimo.com.br\/site\/wp-content\/uploads\/2025\/09\/cropped-icon-icpj.png","contentUrl":"https:\/\/padrejosimo.com.br\/site\/wp-content\/uploads\/2025\/09\/cropped-icon-icpj.png","width":512,"height":512,"caption":"Instituto Cultural Padre Josimo"},"image":{"@id":"https:\/\/padrejosimo.com.br\/site\/#\/schema\/logo\/image\/"}}]}},"_links":{"self":[{"href":"https:\/\/padrejosimo.com.br\/site\/wp-json\/wp\/v2\/projetos\/3290","targetHints":{"allow":["GET"]}}],"collection":[{"href":"https:\/\/padrejosimo.com.br\/site\/wp-json\/wp\/v2\/projetos"}],"about":[{"href":"https:\/\/padrejosimo.com.br\/site\/wp-json\/wp\/v2\/types\/projetos"}],"wp:attachment":[{"href":"https:\/\/padrejosimo.com.br\/site\/wp-json\/wp\/v2\/media?parent=3290"}],"wp:term":[{"taxonomy":"categorias_projetos","embeddable":true,"href":"https:\/\/padrejosimo.com.br\/site\/wp-json\/wp\/v2\/categorias_projetos?post=3290"}],"curies":[{"name":"wp","href":"https:\/\/api.w.org\/{rel}","templated":true}]}}

Restauração ecológica

<p><span style="font-size: 14pt;"><strong>O que são as ações?</strong></span></p>
<p>Ações desenvolvidas que visam recuperar ambientes naturais a fim de contribuir com a melhoria da qualidade do meio ambiente, recuperações de áreas degradadas, reposições florestais, revegetação de matas ciliares, recuperação de nascentes entre outras.</p>
<p>&nbsp;</p>
<p><span style="font-size: 14pt;"><strong>Alguns projetos desenvolvidos<br />
</strong></span></p>
<p>1) Convênios firmados com a Companhia de Geração Térmica de Energia Elétrica –CGTEE &#8211; Projeto de Revegetação e Recuperação de Áreas Degradas e Matas Ciliares nas Bacias dos Rios Candiota e Jaguarão e desenvolvimento sócio Ambiental nos municípios de Candiota – Hulha Negra e Aceguá. </p>
<p>Objetivo: revegetar, recuperar e recompor 1000 ha de áreas degradadas e matas ciliares nas bacias hidrográficas dos  rios Jaguarão e Candiota.</p>
<p>Período &#8211; 2012 a 2017.</p>
<p>&nbsp;</p>
<p>2) Contrato firmado com a Usina Termelétrica Pampa Sul que objetiva a prestação de serviço de Reposição Florestal, Revegetação da Mata Ciliar e Cortina Vegetal da UTE Pampa Sul, compreendendo o plantio de 182mil mudas espécies nativas e 2800 de mudas de eucalipto em 111,88 ha, no município de Candiota/RS.</p>
<p>Período: 2017 a 2021</p>
<p>&nbsp;</p>
<p>&nbsp;</p>
<p>&nbsp;</p>

<p>O que são as ações? Ações desenvolvidas que visam recuperar ambientes naturais a fim de contribuir com a melhoria da qualidade do meio ambiente, recuperações de áreas degradadas, reposições florestais, revegetação de matas ciliares, recuperação de nascentes entre outras. &nbsp; Alguns projetos desenvolvidos 1) Convênios firmados com a Companhia de Geração Térmica de Energia Elétrica [&hellip;]</p>

<!-- This site is optimized with the Yoast SEO plugin v27.2 - https://yoast.com/product/yoast-seo-wordpress/ -->
<title>Restauração ecológica - Instituto Cultural Padre Josimo</title>
<meta name="description" content="Ações desenvolvidas que visam recuperar ambientes naturais a fim de contribuir com a melhoria da qualidade do meio ambiente, recuperações de áreas degradadas, reposições florestais, revegetação de matas ciliares, recuperação de nascentes entre outras" />
<meta name="robots" content="index, follow, max-snippet:-1, max-image-preview:large, max-video-preview:-1" />
<link rel="canonical" href="https://padrejosimo.com.br/site/projetos/restauracao-ecologica/" />
<meta property="og:locale" content="pt_BR" />
<meta property="og:type" content="article" />
<meta property="og:title" content="Restauração ecológica - Instituto Cultural Padre Josimo" />
<meta property="og:description" content="Ações desenvolvidas que visam recuperar ambientes naturais a fim de contribuir com a melhoria da qualidade do meio ambiente, recuperações de áreas degradadas, reposições florestais, revegetação de matas ciliares, recuperação de nascentes entre outras" />
<meta property="og:url" content="https://padrejosimo.com.br/site/projetos/restauracao-ecologica/" />
<meta property="og:site_name" content="Instituto Cultural Padre Josimo" />
<meta property="article:modified_time" content="2020-08-04T13:52:25+00:00" />
<meta property="og:image" content="https://padrejosimo.com.br/site/wp-content/uploads/2025/09/cropped-icon-icpj.png" />
	<meta property="og:image:width" content="512" />
	<meta property="og:image:height" content="512" />
	<meta property="og:image:type" content="image/png" />
<meta name="twitter:card" content="summary_large_image" />
<meta name="twitter:label1" content="Est. tempo de leitura" />
	<meta name="twitter:data1" content="1 minuto" />
<script type="application/ld+json" class="yoast-schema-graph">{"@context":"https://schema.org","@graph":[{"@type":"WebPage","@id":"https://padrejosimo.com.br/site/projetos/restauracao-ecologica/","url":"https://padrejosimo.com.br/site/projetos/restauracao-ecologica/","name":"Restauração ecológica - Instituto Cultural Padre Josimo","isPartOf":{"@id":"https://padrejosimo.com.br/site/#website"},"datePublished":"2020-08-04T13:43:34+00:00","dateModified":"2020-08-04T13:52:25+00:00","description":"Ações desenvolvidas que visam recuperar ambientes naturais a fim de contribuir com a melhoria da qualidade do meio ambiente, recuperações de áreas degradadas, reposições florestais, revegetação de matas ciliares, recuperação de nascentes entre outras","breadcrumb":{"@id":"https://padrejosimo.com.br/site/projetos/restauracao-ecologica/#breadcrumb"},"inLanguage":"pt-BR","potentialAction":[{"@type":"ReadAction","target":["https://padrejosimo.com.br/site/projetos/restauracao-ecologica/"]}]},{"@type":"BreadcrumbList","@id":"https://padrejosimo.com.br/site/projetos/restauracao-ecologica/#breadcrumb","itemListElement":[{"@type":"ListItem","position":1,"name":"Início","item":"https://padrejosimo.com.br/site/"},{"@type":"ListItem","position":2,"name":"Projetos","item":"https://padrejosimo.com.br/site/projetos/"},{"@type":"ListItem","position":3,"name":"Restauração ecológica"}]},{"@type":"WebSite","@id":"https://padrejosimo.com.br/site/#website","url":"https://padrejosimo.com.br/site/","name":"Instituto Cultural Padre Josimo","description":"Comprometida com a promoção da justiça social, agroecologia e educação popular","publisher":{"@id":"https://padrejosimo.com.br/site/#organization"},"alternateName":"ICPJ","potentialAction":[{"@type":"SearchAction","target":{"@type":"EntryPoint","urlTemplate":"https://padrejosimo.com.br/site/?s={search_term_string}"},"query-input":{"@type":"PropertyValueSpecification","valueRequired":true,"valueName":"search_term_string"}}],"inLanguage":"pt-BR"},{"@type":"Organization","@id":"https://padrejosimo.com.br/site/#organization","name":"Instituto Cultural Padre Josimo","alternateName":"ICPJ","url":"https://padrejosimo.com.br/site/","logo":{"@type":"ImageObject","inLanguage":"pt-BR","@id":"https://padrejosimo.com.br/site/#/schema/logo/image/","url":"https://padrejosimo.com.br/site/wp-content/uploads/2025/09/cropped-icon-icpj.png","contentUrl":"https://padrejosimo.com.br/site/wp-content/uploads/2025/09/cropped-icon-icpj.png","width":512,"height":512,"caption":"Instituto Cultural Padre Josimo"},"image":{"@id":"https://padrejosimo.com.br/site/#/schema/logo/image/"}}]}</script>
<!-- / Yoast SEO plugin. -->

Restauração ecológica - Instituto Cultural Padre Josimo

Ações desenvolvidas que visam recuperar ambientes naturais a fim de contribuir com a melhoria da qualidade do meio ambiente, recuperações de áreas degradadas, reposições florestais, revegetação de matas ciliares, recuperação de nascentes entre outras

Início

Comprometida com a promoção da justiça social, agroecologia e educação popular
