{"id":4020,"date":"2022-02-07T16:17:03","date_gmt":"2022-02-07T19:17:03","guid":{"rendered":"https:\/\/padrejosimo.com.br\/site\/?post_type=artigos&#038;p=4020"},"modified":"2022-02-07T16:17:03","modified_gmt":"2022-02-07T19:17:03","slug":"artigo-sete-de-fevereiro","status":"publish","type":"artigos","link":"https:\/\/padrejosimo.com.br\/site\/artigos\/artigo-sete-de-fevereiro\/","title":{"rendered":"Artigo | Sete de fevereiro"},"content":{"rendered":"<blockquote>\n<p><em><strong>Roberto Liebgott<\/strong><\/em><\/p>\n<\/blockquote>\n<p><img fetchpriority=\"high\" decoding=\"async\" class=\"size-full wp-image-4021 aligncenter\" src=\"https:\/\/padrejosimo.com.br\/site\/wp-content\/uploads\/2022\/02\/indice.webp\" alt=\"\" width=\"512\" height=\"512\" srcset=\"https:\/\/padrejosimo.com.br\/site\/wp-content\/uploads\/2022\/02\/indice.webp 512w, https:\/\/padrejosimo.com.br\/site\/wp-content\/uploads\/2022\/02\/indice-300x300.webp 300w, https:\/\/padrejosimo.com.br\/site\/wp-content\/uploads\/2022\/02\/indice-150x150.webp 150w\" sizes=\"(max-width: 512px) 100vw, 512px\" \/><\/p>\n<p>Dia de Sep\u00e9 Tiaraju.<br \/>\nGuerreiro de luz,<br \/>\nclar\u00e3o das manh\u00e3s, <br \/>\nluar das madrugadas,<br \/>\nguerreiro-Xondaro &#8211; das mem\u00f3rias que n\u00e3o se esgotam.<\/p>\n<p>Sep\u00e9 dos sete, setenta, setecentos, de todos os povos origin\u00e1rios. Sep\u00e9 da Terra Sem Males, do Bem Viver, do bem querer e da resist\u00eancia que n\u00e3o finda.<\/p>\n<p>Sep\u00e9 dos Mbya, dos Kaiow\u00e1, dos Av\u00e1 Guarani. Um cacique sem trono, her\u00f3i sem p\u00e1tria gentil. L\u00edder do ch\u00e3o a ser protegido, de um territ\u00f3rio que deveria ser livre, sempre amado e sagrado.<\/p>\n<p>Sep\u00e9 das batalhas passadas, atuais e futuras, das lutas que n\u00e3o cessaram, contra o genoc\u00eddio, o ecoc\u00eddio e a dizima\u00e7\u00e3o.<\/p>\n<p>Sep\u00e9 sempre a irradiar coragem, pois est\u00e1 l\u00e1 nas beiras das estradas, nos acampamentos, <br \/>\nentre cercas, asfaltos e \u00e1reas degradadas. Tornou-se perene junto aos seus que n\u00e3o pararam de retomar a M\u00e3e Terra.<\/p>\n<p>Sep\u00e9 que ensina a sermos fortes, corajosos, persistentes e compromissados.<br \/>\nQue ajuda a esperan\u00e7ar diante da morte que se mostra, a cada dia, mais cruel e perversa pelas m\u00e3os dos covardes.<\/p>\n<p>Salve, salve fachos do Sol e da Lua! Salve, salve encanto de luz!<br \/>\nSalve, salve Sep\u00e9 do bravo grito: Alto l\u00e1! Esta terra tem dono!<\/p>\n<p>Sep\u00e9 Tiaraju, presente!<\/p>\n","protected":false},"excerpt":{"rendered":"<p>Roberto Liebgott relembra Sep\u00e9 Tiaraj\u00fa nos 266 anos de seu mart\u00edrio.<\/p>\n","protected":false},"author":1,"template":"","class_list":["post-4020","artigos","type-artigos","status-publish","hentry"],"acf":[],"yoast_head":"<!-- This site is optimized with the Yoast SEO plugin v27.2 - https:\/\/yoast.com\/product\/yoast-seo-wordpress\/ -->\n<title>Artigo | Sete de fevereiro - Instituto Cultural Padre Josimo<\/title>\n<meta name=\"robots\" content=\"index, follow, max-snippet:-1, max-image-preview:large, max-video-preview:-1\" \/>\n<link rel=\"canonical\" href=\"https:\/\/padrejosimo.com.br\/site\/artigos\/artigo-sete-de-fevereiro\/\" \/>\n<meta property=\"og:locale\" content=\"pt_BR\" \/>\n<meta property=\"og:type\" content=\"article\" \/>\n<meta property=\"og:title\" content=\"Artigo | Sete de fevereiro - Instituto Cultural Padre Josimo\" \/>\n<meta property=\"og:description\" content=\"Roberto Liebgott relembra Sep\u00e9 Tiaraj\u00fa nos 266 anos de seu mart\u00edrio.\" \/>\n<meta property=\"og:url\" content=\"https:\/\/padrejosimo.com.br\/site\/artigos\/artigo-sete-de-fevereiro\/\" \/>\n<meta property=\"og:site_name\" content=\"Instituto Cultural Padre Josimo\" \/>\n<meta property=\"og:image\" content=\"https:\/\/padrejosimo.com.br\/site\/wp-content\/uploads\/2022\/02\/indice.webp\" \/>\n<meta name=\"twitter:card\" content=\"summary_large_image\" \/>\n<meta name=\"twitter:label1\" content=\"Est. tempo de leitura\" \/>\n\t<meta name=\"twitter:data1\" content=\"2 minutos\" \/>\n<script type=\"application\/ld+json\" class=\"yoast-schema-graph\">{\"@context\":\"https:\/\/schema.org\",\"@graph\":[{\"@type\":\"WebPage\",\"@id\":\"https:\/\/padrejosimo.com.br\/site\/artigos\/artigo-sete-de-fevereiro\/\",\"url\":\"https:\/\/padrejosimo.com.br\/site\/artigos\/artigo-sete-de-fevereiro\/\",\"name\":\"Artigo | Sete de fevereiro - Instituto Cultural Padre Josimo\",\"isPartOf\":{\"@id\":\"https:\/\/padrejosimo.com.br\/site\/#website\"},\"primaryImageOfPage\":{\"@id\":\"https:\/\/padrejosimo.com.br\/site\/artigos\/artigo-sete-de-fevereiro\/#primaryimage\"},\"image\":{\"@id\":\"https:\/\/padrejosimo.com.br\/site\/artigos\/artigo-sete-de-fevereiro\/#primaryimage\"},\"thumbnailUrl\":\"https:\/\/padrejosimo.com.br\/site\/wp-content\/uploads\/2022\/02\/indice.webp\",\"datePublished\":\"2022-02-07T19:17:03+00:00\",\"breadcrumb\":{\"@id\":\"https:\/\/padrejosimo.com.br\/site\/artigos\/artigo-sete-de-fevereiro\/#breadcrumb\"},\"inLanguage\":\"pt-BR\",\"potentialAction\":[{\"@type\":\"ReadAction\",\"target\":[\"https:\/\/padrejosimo.com.br\/site\/artigos\/artigo-sete-de-fevereiro\/\"]}]},{\"@type\":\"ImageObject\",\"inLanguage\":\"pt-BR\",\"@id\":\"https:\/\/padrejosimo.com.br\/site\/artigos\/artigo-sete-de-fevereiro\/#primaryimage\",\"url\":\"https:\/\/padrejosimo.com.br\/site\/wp-content\/uploads\/2022\/02\/indice.webp\",\"contentUrl\":\"https:\/\/padrejosimo.com.br\/site\/wp-content\/uploads\/2022\/02\/indice.webp\",\"width\":512,\"height\":512},{\"@type\":\"BreadcrumbList\",\"@id\":\"https:\/\/padrejosimo.com.br\/site\/artigos\/artigo-sete-de-fevereiro\/#breadcrumb\",\"itemListElement\":[{\"@type\":\"ListItem\",\"position\":1,\"name\":\"In\u00edcio\",\"item\":\"https:\/\/padrejosimo.com.br\/site\/\"},{\"@type\":\"ListItem\",\"position\":2,\"name\":\"Artigos\",\"item\":\"https:\/\/padrejosimo.com.br\/site\/artigos\/\"},{\"@type\":\"ListItem\",\"position\":3,\"name\":\"Artigo | Sete de fevereiro\"}]},{\"@type\":\"WebSite\",\"@id\":\"https:\/\/padrejosimo.com.br\/site\/#website\",\"url\":\"https:\/\/padrejosimo.com.br\/site\/\",\"name\":\"Instituto Cultural Padre Josimo\",\"description\":\"Comprometida com a promo\u00e7\u00e3o da justi\u00e7a social, agroecologia e educa\u00e7\u00e3o popular\",\"publisher\":{\"@id\":\"https:\/\/padrejosimo.com.br\/site\/#organization\"},\"alternateName\":\"ICPJ\",\"potentialAction\":[{\"@type\":\"SearchAction\",\"target\":{\"@type\":\"EntryPoint\",\"urlTemplate\":\"https:\/\/padrejosimo.com.br\/site\/?s={search_term_string}\"},\"query-input\":{\"@type\":\"PropertyValueSpecification\",\"valueRequired\":true,\"valueName\":\"search_term_string\"}}],\"inLanguage\":\"pt-BR\"},{\"@type\":\"Organization\",\"@id\":\"https:\/\/padrejosimo.com.br\/site\/#organization\",\"name\":\"Instituto Cultural Padre Josimo\",\"alternateName\":\"ICPJ\",\"url\":\"https:\/\/padrejosimo.com.br\/site\/\",\"logo\":{\"@type\":\"ImageObject\",\"inLanguage\":\"pt-BR\",\"@id\":\"https:\/\/padrejosimo.com.br\/site\/#\/schema\/logo\/image\/\",\"url\":\"https:\/\/padrejosimo.com.br\/site\/wp-content\/uploads\/2025\/09\/cropped-icon-icpj.png\",\"contentUrl\":\"https:\/\/padrejosimo.com.br\/site\/wp-content\/uploads\/2025\/09\/cropped-icon-icpj.png\",\"width\":512,\"height\":512,\"caption\":\"Instituto Cultural Padre Josimo\"},\"image\":{\"@id\":\"https:\/\/padrejosimo.com.br\/site\/#\/schema\/logo\/image\/\"}}]}<\/script>\n<!-- \/ Yoast SEO plugin. -->","yoast_head_json":{"title":"Artigo | Sete de fevereiro - Instituto Cultural Padre Josimo","robots":{"index":"index","follow":"follow","max-snippet":"max-snippet:-1","max-image-preview":"max-image-preview:large","max-video-preview":"max-video-preview:-1"},"canonical":"https:\/\/padrejosimo.com.br\/site\/artigos\/artigo-sete-de-fevereiro\/","og_locale":"pt_BR","og_type":"article","og_title":"Artigo | Sete de fevereiro - Instituto Cultural Padre Josimo","og_description":"Roberto Liebgott relembra Sep\u00e9 Tiaraj\u00fa nos 266 anos de seu mart\u00edrio.","og_url":"https:\/\/padrejosimo.com.br\/site\/artigos\/artigo-sete-de-fevereiro\/","og_site_name":"Instituto Cultural Padre Josimo","og_image":[{"url":"https:\/\/padrejosimo.com.br\/site\/wp-content\/uploads\/2022\/02\/indice.webp","type":"","width":"","height":""}],"twitter_card":"summary_large_image","twitter_misc":{"Est. tempo de leitura":"2 minutos"},"schema":{"@context":"https:\/\/schema.org","@graph":[{"@type":"WebPage","@id":"https:\/\/padrejosimo.com.br\/site\/artigos\/artigo-sete-de-fevereiro\/","url":"https:\/\/padrejosimo.com.br\/site\/artigos\/artigo-sete-de-fevereiro\/","name":"Artigo | Sete de fevereiro - Instituto Cultural Padre Josimo","isPartOf":{"@id":"https:\/\/padrejosimo.com.br\/site\/#website"},"primaryImageOfPage":{"@id":"https:\/\/padrejosimo.com.br\/site\/artigos\/artigo-sete-de-fevereiro\/#primaryimage"},"image":{"@id":"https:\/\/padrejosimo.com.br\/site\/artigos\/artigo-sete-de-fevereiro\/#primaryimage"},"thumbnailUrl":"https:\/\/padrejosimo.com.br\/site\/wp-content\/uploads\/2022\/02\/indice.webp","datePublished":"2022-02-07T19:17:03+00:00","breadcrumb":{"@id":"https:\/\/padrejosimo.com.br\/site\/artigos\/artigo-sete-de-fevereiro\/#breadcrumb"},"inLanguage":"pt-BR","potentialAction":[{"@type":"ReadAction","target":["https:\/\/padrejosimo.com.br\/site\/artigos\/artigo-sete-de-fevereiro\/"]}]},{"@type":"ImageObject","inLanguage":"pt-BR","@id":"https:\/\/padrejosimo.com.br\/site\/artigos\/artigo-sete-de-fevereiro\/#primaryimage","url":"https:\/\/padrejosimo.com.br\/site\/wp-content\/uploads\/2022\/02\/indice.webp","contentUrl":"https:\/\/padrejosimo.com.br\/site\/wp-content\/uploads\/2022\/02\/indice.webp","width":512,"height":512},{"@type":"BreadcrumbList","@id":"https:\/\/padrejosimo.com.br\/site\/artigos\/artigo-sete-de-fevereiro\/#breadcrumb","itemListElement":[{"@type":"ListItem","position":1,"name":"In\u00edcio","item":"https:\/\/padrejosimo.com.br\/site\/"},{"@type":"ListItem","position":2,"name":"Artigos","item":"https:\/\/padrejosimo.com.br\/site\/artigos\/"},{"@type":"ListItem","position":3,"name":"Artigo | Sete de fevereiro"}]},{"@type":"WebSite","@id":"https:\/\/padrejosimo.com.br\/site\/#website","url":"https:\/\/padrejosimo.com.br\/site\/","name":"Instituto Cultural Padre Josimo","description":"Comprometida com a promo\u00e7\u00e3o da justi\u00e7a social, agroecologia e educa\u00e7\u00e3o popular","publisher":{"@id":"https:\/\/padrejosimo.com.br\/site\/#organization"},"alternateName":"ICPJ","potentialAction":[{"@type":"SearchAction","target":{"@type":"EntryPoint","urlTemplate":"https:\/\/padrejosimo.com.br\/site\/?s={search_term_string}"},"query-input":{"@type":"PropertyValueSpecification","valueRequired":true,"valueName":"search_term_string"}}],"inLanguage":"pt-BR"},{"@type":"Organization","@id":"https:\/\/padrejosimo.com.br\/site\/#organization","name":"Instituto Cultural Padre Josimo","alternateName":"ICPJ","url":"https:\/\/padrejosimo.com.br\/site\/","logo":{"@type":"ImageObject","inLanguage":"pt-BR","@id":"https:\/\/padrejosimo.com.br\/site\/#\/schema\/logo\/image\/","url":"https:\/\/padrejosimo.com.br\/site\/wp-content\/uploads\/2025\/09\/cropped-icon-icpj.png","contentUrl":"https:\/\/padrejosimo.com.br\/site\/wp-content\/uploads\/2025\/09\/cropped-icon-icpj.png","width":512,"height":512,"caption":"Instituto Cultural Padre Josimo"},"image":{"@id":"https:\/\/padrejosimo.com.br\/site\/#\/schema\/logo\/image\/"}}]}},"_links":{"self":[{"href":"https:\/\/padrejosimo.com.br\/site\/wp-json\/wp\/v2\/artigos\/4020","targetHints":{"allow":["GET"]}}],"collection":[{"href":"https:\/\/padrejosimo.com.br\/site\/wp-json\/wp\/v2\/artigos"}],"about":[{"href":"https:\/\/padrejosimo.com.br\/site\/wp-json\/wp\/v2\/types\/artigos"}],"author":[{"embeddable":true,"href":"https:\/\/padrejosimo.com.br\/site\/wp-json\/wp\/v2\/users\/1"}],"wp:attachment":[{"href":"https:\/\/padrejosimo.com.br\/site\/wp-json\/wp\/v2\/media?parent=4020"}],"curies":[{"name":"wp","href":"https:\/\/api.w.org\/{rel}","templated":true}]}}

<blockquote>
<p><em><strong>Roberto Liebgott</strong></em></p>
</blockquote>
<p><img fetchpriority="high" decoding="async" class="size-full wp-image-4021 aligncenter" src="https://padrejosimo.com.br/site/wp-content/uploads/2022/02/indice.webp" alt="" width="512" height="512" srcset="https://padrejosimo.com.br/site/wp-content/uploads/2022/02/indice.webp 512w, https://padrejosimo.com.br/site/wp-content/uploads/2022/02/indice-300x300.webp 300w, https://padrejosimo.com.br/site/wp-content/uploads/2022/02/indice-150x150.webp 150w" sizes="(max-width: 512px) 100vw, 512px" /></p>
<p>Dia de Sepé Tiaraju.<br />
Guerreiro de luz,<br />
clarão das manhãs, <br />
luar das madrugadas,<br />
guerreiro-Xondaro &#8211; das memórias que não se esgotam.</p>
<p>Sepé dos sete, setenta, setecentos, de todos os povos originários. Sepé da Terra Sem Males, do Bem Viver, do bem querer e da resistência que não finda.</p>
<p>Sepé dos Mbya, dos Kaiowá, dos Avá Guarani. Um cacique sem trono, herói sem pátria gentil. Líder do chão a ser protegido, de um território que deveria ser livre, sempre amado e sagrado.</p>
<p>Sepé das batalhas passadas, atuais e futuras, das lutas que não cessaram, contra o genocídio, o ecocídio e a dizimação.</p>
<p>Sepé sempre a irradiar coragem, pois está lá nas beiras das estradas, nos acampamentos, <br />
entre cercas, asfaltos e áreas degradadas. Tornou-se perene junto aos seus que não pararam de retomar a Mãe Terra.</p>
<p>Sepé que ensina a sermos fortes, corajosos, persistentes e compromissados.<br />
Que ajuda a esperançar diante da morte que se mostra, a cada dia, mais cruel e perversa pelas mãos dos covardes.</p>
<p>Salve, salve fachos do Sol e da Lua! Salve, salve encanto de luz!<br />
Salve, salve Sepé do bravo grito: Alto lá! Esta terra tem dono!</p>
<p>Sepé Tiaraju, presente!</p>

<p>Roberto Liebgott relembra Sepé Tiarajú nos 266 anos de seu martírio.</p>

<!-- This site is optimized with the Yoast SEO plugin v27.2 - https://yoast.com/product/yoast-seo-wordpress/ -->
<title>Artigo | Sete de fevereiro - Instituto Cultural Padre Josimo</title>
<meta name="robots" content="index, follow, max-snippet:-1, max-image-preview:large, max-video-preview:-1" />
<link rel="canonical" href="https://padrejosimo.com.br/site/artigos/artigo-sete-de-fevereiro/" />
<meta property="og:locale" content="pt_BR" />
<meta property="og:type" content="article" />
<meta property="og:title" content="Artigo | Sete de fevereiro - Instituto Cultural Padre Josimo" />
<meta property="og:description" content="Roberto Liebgott relembra Sepé Tiarajú nos 266 anos de seu martírio." />
<meta property="og:url" content="https://padrejosimo.com.br/site/artigos/artigo-sete-de-fevereiro/" />
<meta property="og:site_name" content="Instituto Cultural Padre Josimo" />
<meta property="og:image" content="https://padrejosimo.com.br/site/wp-content/uploads/2022/02/indice.webp" />
<meta name="twitter:card" content="summary_large_image" />
<meta name="twitter:label1" content="Est. tempo de leitura" />
	<meta name="twitter:data1" content="2 minutos" />
<script type="application/ld+json" class="yoast-schema-graph">{"@context":"https://schema.org","@graph":[{"@type":"WebPage","@id":"https://padrejosimo.com.br/site/artigos/artigo-sete-de-fevereiro/","url":"https://padrejosimo.com.br/site/artigos/artigo-sete-de-fevereiro/","name":"Artigo | Sete de fevereiro - Instituto Cultural Padre Josimo","isPartOf":{"@id":"https://padrejosimo.com.br/site/#website"},"primaryImageOfPage":{"@id":"https://padrejosimo.com.br/site/artigos/artigo-sete-de-fevereiro/#primaryimage"},"image":{"@id":"https://padrejosimo.com.br/site/artigos/artigo-sete-de-fevereiro/#primaryimage"},"thumbnailUrl":"https://padrejosimo.com.br/site/wp-content/uploads/2022/02/indice.webp","datePublished":"2022-02-07T19:17:03+00:00","breadcrumb":{"@id":"https://padrejosimo.com.br/site/artigos/artigo-sete-de-fevereiro/#breadcrumb"},"inLanguage":"pt-BR","potentialAction":[{"@type":"ReadAction","target":["https://padrejosimo.com.br/site/artigos/artigo-sete-de-fevereiro/"]}]},{"@type":"ImageObject","inLanguage":"pt-BR","@id":"https://padrejosimo.com.br/site/artigos/artigo-sete-de-fevereiro/#primaryimage","url":"https://padrejosimo.com.br/site/wp-content/uploads/2022/02/indice.webp","contentUrl":"https://padrejosimo.com.br/site/wp-content/uploads/2022/02/indice.webp","width":512,"height":512},{"@type":"BreadcrumbList","@id":"https://padrejosimo.com.br/site/artigos/artigo-sete-de-fevereiro/#breadcrumb","itemListElement":[{"@type":"ListItem","position":1,"name":"Início","item":"https://padrejosimo.com.br/site/"},{"@type":"ListItem","position":2,"name":"Artigos","item":"https://padrejosimo.com.br/site/artigos/"},{"@type":"ListItem","position":3,"name":"Artigo | Sete de fevereiro"}]},{"@type":"WebSite","@id":"https://padrejosimo.com.br/site/#website","url":"https://padrejosimo.com.br/site/","name":"Instituto Cultural Padre Josimo","description":"Comprometida com a promoção da justiça social, agroecologia e educação popular","publisher":{"@id":"https://padrejosimo.com.br/site/#organization"},"alternateName":"ICPJ","potentialAction":[{"@type":"SearchAction","target":{"@type":"EntryPoint","urlTemplate":"https://padrejosimo.com.br/site/?s={search_term_string}"},"query-input":{"@type":"PropertyValueSpecification","valueRequired":true,"valueName":"search_term_string"}}],"inLanguage":"pt-BR"},{"@type":"Organization","@id":"https://padrejosimo.com.br/site/#organization","name":"Instituto Cultural Padre Josimo","alternateName":"ICPJ","url":"https://padrejosimo.com.br/site/","logo":{"@type":"ImageObject","inLanguage":"pt-BR","@id":"https://padrejosimo.com.br/site/#/schema/logo/image/","url":"https://padrejosimo.com.br/site/wp-content/uploads/2025/09/cropped-icon-icpj.png","contentUrl":"https://padrejosimo.com.br/site/wp-content/uploads/2025/09/cropped-icon-icpj.png","width":512,"height":512,"caption":"Instituto Cultural Padre Josimo"},"image":{"@id":"https://padrejosimo.com.br/site/#/schema/logo/image/"}}]}</script>
<!-- / Yoast SEO plugin. -->

Roberto Liebgott relembra Sepé Tiarajú nos 266 anos de seu martírio.

Início

Comprometida com a promoção da justiça social, agroecologia e educação popular
