{"id":3308,"date":"2020-08-09T18:37:06","date_gmt":"2020-08-09T21:37:06","guid":{"rendered":"https:\/\/padrejosimo.com.br\/site\/?post_type=artigos&#038;p=3308"},"modified":"2020-08-09T18:37:06","modified_gmt":"2020-08-09T21:37:06","slug":"artigo-nada-a-celebrar","status":"publish","type":"artigos","link":"https:\/\/padrejosimo.com.br\/site\/artigos\/artigo-nada-a-celebrar\/","title":{"rendered":"Artigo | Nada a celebrar"},"content":{"rendered":"<p>Frei S\u00e9rgio Ant\u00f4nio G\u00f6rgen ofm<\/p>\n<p>Frei Franciscano, militante do MPA, autor de \u201cEm Prece com os Evangelhos\u201d<\/p>\n<p><img fetchpriority=\"high\" decoding=\"async\" class=\" wp-image-3309 aligncenter\" src=\"https:\/\/padrejosimo.com.br\/site\/wp-content\/uploads\/2020\/08\/100MIL-1024x727.jpg\" alt=\"\" width=\"601\" height=\"427\" srcset=\"https:\/\/padrejosimo.com.br\/site\/wp-content\/uploads\/2020\/08\/100MIL-1024x727.jpg 1024w, https:\/\/padrejosimo.com.br\/site\/wp-content\/uploads\/2020\/08\/100MIL-300x213.jpg 300w, https:\/\/padrejosimo.com.br\/site\/wp-content\/uploads\/2020\/08\/100MIL-768x545.jpg 768w, https:\/\/padrejosimo.com.br\/site\/wp-content\/uploads\/2020\/08\/100MIL-1536x1091.jpg 1536w, https:\/\/padrejosimo.com.br\/site\/wp-content\/uploads\/2020\/08\/100MIL.jpg 1752w\" sizes=\"(max-width: 601px) 100vw, 601px\" \/><\/p>\n<p>Cem mil perdas humanas.<\/p>\n<p>Cem mil fam\u00edlias enlutadas.<\/p>\n<p>Mesmo com a pandemia, com outra estrat\u00e9gia de enfrentamento da crise sanit\u00e1ria, talvez mais de 70% destas mortes seriam evit\u00e1veis.<\/p>\n<p>Tr\u00eas milh\u00f5es de pessoas infectadas, de acordo com estat\u00edsticas oficiais. Provavelmente, muitas mais.<\/p>\n<p>N\u00e3o n\u00fameros, vidas, gente, pessoas, emo\u00e7\u00f5es, hist\u00f3rias, rela\u00e7\u00f5es.<\/p>\n<p>8 de agosto. Um dia de luto, de revolta e de luta.<\/p>\n<p>Luto e dor por tantas mortes.<\/p>\n<p>Revolta e indigna\u00e7\u00e3o, porque a principal causa destas mortes n\u00e3o \u00e9 a pandemia, mas a forma como um governo federal genocida agiu em rela\u00e7\u00e3o a ela. Indigna\u00e7\u00e3o com a desinforma\u00e7\u00e3o e a mentira que confunde e divide. Indigna\u00e7\u00e3o \u00e9 o primeiro passo da mudan\u00e7a. \u00c9 o in\u00edcio da vontade de transforma\u00e7\u00e3o.<\/p>\n<p>Somos chamados \u00e0 luta. E para a luta ter resultados, necess\u00e1rios organizar-se, reconstruir-se como movimentos sociais e pol\u00edticos, como classes oprimidas, debater alternativas, contraditar o fascismo e sua vis\u00e3o de mundo, compreender e dialogar, \u00e0s vezes convencer, com dimens\u00e3o \u00e9tica e com projeto de futuro.<\/p>\n<p>\u00c9 preciso reagir e, com coragem, desafiar a banalidade do mal e a banalidade da morte. E fazer futuro com dignidade, direitos e respeito.<\/p>\n<p>Entre tantas mortes diante das quais perguntamos \u2013 qual o sentido? \u2013 uma, por\u00e9m, que nos enche de esperan\u00e7a e sentido.<\/p>\n<p>A P\u00e1scoa de Pedro Casald\u00e1liga, que lutou pela vida de tantos, pela vida digna dos pobres, dos \u00edndios, dos machucados pelo latif\u00fandio e pelo capitalismo, nos deixa o exemplo de lutar pela vida at\u00e9 o \u00faltimo fio. E, finalmente, passar \u00e0 outra forma de viver, com o tempo realmente vencido, sem antecipa\u00e7\u00e3o por desgra\u00e7a evit\u00e1vel.<\/p>\n<p>Pedro, de onde estiveres, console nosso luto, alimente nossa indigna\u00e7\u00e3o e alimente nossa luta com este raio de sentido e amor que tua vida nos inspira.<\/p>\n","protected":false},"excerpt":{"rendered":"<p>8 de agosto. Um dia de luto, de revolta e de luta.<br \/>\nLuto e dor por tantas mortes.<\/p>\n","protected":false},"author":3,"template":"","class_list":["post-3308","artigos","type-artigos","status-publish","hentry"],"acf":[],"yoast_head":"<!-- This site is optimized with the Yoast SEO plugin v27.2 - https:\/\/yoast.com\/product\/yoast-seo-wordpress\/ -->\n<title>Artigo | Nada a celebrar - Instituto Cultural Padre Josimo<\/title>\n<meta name=\"robots\" content=\"index, follow, max-snippet:-1, max-image-preview:large, max-video-preview:-1\" \/>\n<link rel=\"canonical\" href=\"https:\/\/padrejosimo.com.br\/site\/artigos\/artigo-nada-a-celebrar\/\" \/>\n<meta property=\"og:locale\" content=\"pt_BR\" \/>\n<meta property=\"og:type\" content=\"article\" \/>\n<meta property=\"og:title\" content=\"Artigo | Nada a celebrar - Instituto Cultural Padre Josimo\" \/>\n<meta property=\"og:description\" content=\"8 de agosto. Um dia de luto, de revolta e de luta.  Luto e dor por tantas mortes.\" \/>\n<meta property=\"og:url\" content=\"https:\/\/padrejosimo.com.br\/site\/artigos\/artigo-nada-a-celebrar\/\" \/>\n<meta property=\"og:site_name\" content=\"Instituto Cultural Padre Josimo\" \/>\n<meta property=\"og:image\" content=\"https:\/\/padrejosimo.com.br\/site\/wp-content\/uploads\/2020\/08\/100MIL-1024x727.jpg\" \/>\n<meta name=\"twitter:card\" content=\"summary_large_image\" \/>\n<meta name=\"twitter:label1\" content=\"Est. tempo de leitura\" \/>\n\t<meta name=\"twitter:data1\" content=\"2 minutos\" \/>\n<script type=\"application\/ld+json\" class=\"yoast-schema-graph\">{\"@context\":\"https:\/\/schema.org\",\"@graph\":[{\"@type\":\"WebPage\",\"@id\":\"https:\/\/padrejosimo.com.br\/site\/artigos\/artigo-nada-a-celebrar\/\",\"url\":\"https:\/\/padrejosimo.com.br\/site\/artigos\/artigo-nada-a-celebrar\/\",\"name\":\"Artigo | Nada a celebrar - Instituto Cultural Padre Josimo\",\"isPartOf\":{\"@id\":\"https:\/\/padrejosimo.com.br\/site\/#website\"},\"primaryImageOfPage\":{\"@id\":\"https:\/\/padrejosimo.com.br\/site\/artigos\/artigo-nada-a-celebrar\/#primaryimage\"},\"image\":{\"@id\":\"https:\/\/padrejosimo.com.br\/site\/artigos\/artigo-nada-a-celebrar\/#primaryimage\"},\"thumbnailUrl\":\"https:\/\/padrejosimo.com.br\/site\/wp-content\/uploads\/2020\/08\/100MIL-1024x727.jpg\",\"datePublished\":\"2020-08-09T21:37:06+00:00\",\"breadcrumb\":{\"@id\":\"https:\/\/padrejosimo.com.br\/site\/artigos\/artigo-nada-a-celebrar\/#breadcrumb\"},\"inLanguage\":\"pt-BR\",\"potentialAction\":[{\"@type\":\"ReadAction\",\"target\":[\"https:\/\/padrejosimo.com.br\/site\/artigos\/artigo-nada-a-celebrar\/\"]}]},{\"@type\":\"ImageObject\",\"inLanguage\":\"pt-BR\",\"@id\":\"https:\/\/padrejosimo.com.br\/site\/artigos\/artigo-nada-a-celebrar\/#primaryimage\",\"url\":\"https:\/\/padrejosimo.com.br\/site\/wp-content\/uploads\/2020\/08\/100MIL.jpg\",\"contentUrl\":\"https:\/\/padrejosimo.com.br\/site\/wp-content\/uploads\/2020\/08\/100MIL.jpg\",\"width\":1752,\"height\":1244},{\"@type\":\"BreadcrumbList\",\"@id\":\"https:\/\/padrejosimo.com.br\/site\/artigos\/artigo-nada-a-celebrar\/#breadcrumb\",\"itemListElement\":[{\"@type\":\"ListItem\",\"position\":1,\"name\":\"In\u00edcio\",\"item\":\"https:\/\/padrejosimo.com.br\/site\/\"},{\"@type\":\"ListItem\",\"position\":2,\"name\":\"Artigos\",\"item\":\"https:\/\/padrejosimo.com.br\/site\/artigos\/\"},{\"@type\":\"ListItem\",\"position\":3,\"name\":\"Artigo | Nada a celebrar\"}]},{\"@type\":\"WebSite\",\"@id\":\"https:\/\/padrejosimo.com.br\/site\/#website\",\"url\":\"https:\/\/padrejosimo.com.br\/site\/\",\"name\":\"Instituto Cultural Padre Josimo\",\"description\":\"Comprometida com a promo\u00e7\u00e3o da justi\u00e7a social, agroecologia e educa\u00e7\u00e3o popular\",\"publisher\":{\"@id\":\"https:\/\/padrejosimo.com.br\/site\/#organization\"},\"alternateName\":\"ICPJ\",\"potentialAction\":[{\"@type\":\"SearchAction\",\"target\":{\"@type\":\"EntryPoint\",\"urlTemplate\":\"https:\/\/padrejosimo.com.br\/site\/?s={search_term_string}\"},\"query-input\":{\"@type\":\"PropertyValueSpecification\",\"valueRequired\":true,\"valueName\":\"search_term_string\"}}],\"inLanguage\":\"pt-BR\"},{\"@type\":\"Organization\",\"@id\":\"https:\/\/padrejosimo.com.br\/site\/#organization\",\"name\":\"Instituto Cultural Padre Josimo\",\"alternateName\":\"ICPJ\",\"url\":\"https:\/\/padrejosimo.com.br\/site\/\",\"logo\":{\"@type\":\"ImageObject\",\"inLanguage\":\"pt-BR\",\"@id\":\"https:\/\/padrejosimo.com.br\/site\/#\/schema\/logo\/image\/\",\"url\":\"https:\/\/padrejosimo.com.br\/site\/wp-content\/uploads\/2025\/09\/cropped-icon-icpj.png\",\"contentUrl\":\"https:\/\/padrejosimo.com.br\/site\/wp-content\/uploads\/2025\/09\/cropped-icon-icpj.png\",\"width\":512,\"height\":512,\"caption\":\"Instituto Cultural Padre Josimo\"},\"image\":{\"@id\":\"https:\/\/padrejosimo.com.br\/site\/#\/schema\/logo\/image\/\"}}]}<\/script>\n<!-- \/ Yoast SEO plugin. -->","yoast_head_json":{"title":"Artigo | Nada a celebrar - Instituto Cultural Padre Josimo","robots":{"index":"index","follow":"follow","max-snippet":"max-snippet:-1","max-image-preview":"max-image-preview:large","max-video-preview":"max-video-preview:-1"},"canonical":"https:\/\/padrejosimo.com.br\/site\/artigos\/artigo-nada-a-celebrar\/","og_locale":"pt_BR","og_type":"article","og_title":"Artigo | Nada a celebrar - Instituto Cultural Padre Josimo","og_description":"8 de agosto. Um dia de luto, de revolta e de luta.  Luto e dor por tantas mortes.","og_url":"https:\/\/padrejosimo.com.br\/site\/artigos\/artigo-nada-a-celebrar\/","og_site_name":"Instituto Cultural Padre Josimo","og_image":[{"url":"https:\/\/padrejosimo.com.br\/site\/wp-content\/uploads\/2020\/08\/100MIL-1024x727.jpg","type":"","width":"","height":""}],"twitter_card":"summary_large_image","twitter_misc":{"Est. tempo de leitura":"2 minutos"},"schema":{"@context":"https:\/\/schema.org","@graph":[{"@type":"WebPage","@id":"https:\/\/padrejosimo.com.br\/site\/artigos\/artigo-nada-a-celebrar\/","url":"https:\/\/padrejosimo.com.br\/site\/artigos\/artigo-nada-a-celebrar\/","name":"Artigo | Nada a celebrar - Instituto Cultural Padre Josimo","isPartOf":{"@id":"https:\/\/padrejosimo.com.br\/site\/#website"},"primaryImageOfPage":{"@id":"https:\/\/padrejosimo.com.br\/site\/artigos\/artigo-nada-a-celebrar\/#primaryimage"},"image":{"@id":"https:\/\/padrejosimo.com.br\/site\/artigos\/artigo-nada-a-celebrar\/#primaryimage"},"thumbnailUrl":"https:\/\/padrejosimo.com.br\/site\/wp-content\/uploads\/2020\/08\/100MIL-1024x727.jpg","datePublished":"2020-08-09T21:37:06+00:00","breadcrumb":{"@id":"https:\/\/padrejosimo.com.br\/site\/artigos\/artigo-nada-a-celebrar\/#breadcrumb"},"inLanguage":"pt-BR","potentialAction":[{"@type":"ReadAction","target":["https:\/\/padrejosimo.com.br\/site\/artigos\/artigo-nada-a-celebrar\/"]}]},{"@type":"ImageObject","inLanguage":"pt-BR","@id":"https:\/\/padrejosimo.com.br\/site\/artigos\/artigo-nada-a-celebrar\/#primaryimage","url":"https:\/\/padrejosimo.com.br\/site\/wp-content\/uploads\/2020\/08\/100MIL.jpg","contentUrl":"https:\/\/padrejosimo.com.br\/site\/wp-content\/uploads\/2020\/08\/100MIL.jpg","width":1752,"height":1244},{"@type":"BreadcrumbList","@id":"https:\/\/padrejosimo.com.br\/site\/artigos\/artigo-nada-a-celebrar\/#breadcrumb","itemListElement":[{"@type":"ListItem","position":1,"name":"In\u00edcio","item":"https:\/\/padrejosimo.com.br\/site\/"},{"@type":"ListItem","position":2,"name":"Artigos","item":"https:\/\/padrejosimo.com.br\/site\/artigos\/"},{"@type":"ListItem","position":3,"name":"Artigo | Nada a celebrar"}]},{"@type":"WebSite","@id":"https:\/\/padrejosimo.com.br\/site\/#website","url":"https:\/\/padrejosimo.com.br\/site\/","name":"Instituto Cultural Padre Josimo","description":"Comprometida com a promo\u00e7\u00e3o da justi\u00e7a social, agroecologia e educa\u00e7\u00e3o popular","publisher":{"@id":"https:\/\/padrejosimo.com.br\/site\/#organization"},"alternateName":"ICPJ","potentialAction":[{"@type":"SearchAction","target":{"@type":"EntryPoint","urlTemplate":"https:\/\/padrejosimo.com.br\/site\/?s={search_term_string}"},"query-input":{"@type":"PropertyValueSpecification","valueRequired":true,"valueName":"search_term_string"}}],"inLanguage":"pt-BR"},{"@type":"Organization","@id":"https:\/\/padrejosimo.com.br\/site\/#organization","name":"Instituto Cultural Padre Josimo","alternateName":"ICPJ","url":"https:\/\/padrejosimo.com.br\/site\/","logo":{"@type":"ImageObject","inLanguage":"pt-BR","@id":"https:\/\/padrejosimo.com.br\/site\/#\/schema\/logo\/image\/","url":"https:\/\/padrejosimo.com.br\/site\/wp-content\/uploads\/2025\/09\/cropped-icon-icpj.png","contentUrl":"https:\/\/padrejosimo.com.br\/site\/wp-content\/uploads\/2025\/09\/cropped-icon-icpj.png","width":512,"height":512,"caption":"Instituto Cultural Padre Josimo"},"image":{"@id":"https:\/\/padrejosimo.com.br\/site\/#\/schema\/logo\/image\/"}}]}},"_links":{"self":[{"href":"https:\/\/padrejosimo.com.br\/site\/wp-json\/wp\/v2\/artigos\/3308","targetHints":{"allow":["GET"]}}],"collection":[{"href":"https:\/\/padrejosimo.com.br\/site\/wp-json\/wp\/v2\/artigos"}],"about":[{"href":"https:\/\/padrejosimo.com.br\/site\/wp-json\/wp\/v2\/types\/artigos"}],"author":[{"embeddable":true,"href":"https:\/\/padrejosimo.com.br\/site\/wp-json\/wp\/v2\/users\/3"}],"wp:attachment":[{"href":"https:\/\/padrejosimo.com.br\/site\/wp-json\/wp\/v2\/media?parent=3308"}],"curies":[{"name":"wp","href":"https:\/\/api.w.org\/{rel}","templated":true}]}}

<p>Frei Sérgio Antônio Görgen ofm</p>
<p>Frei Franciscano, militante do MPA, autor de “Em Prece com os Evangelhos”</p>
<p><img fetchpriority="high" decoding="async" class=" wp-image-3309 aligncenter" src="https://padrejosimo.com.br/site/wp-content/uploads/2020/08/100MIL-1024x727.jpg" alt="" width="601" height="427" srcset="https://padrejosimo.com.br/site/wp-content/uploads/2020/08/100MIL-1024x727.jpg 1024w, https://padrejosimo.com.br/site/wp-content/uploads/2020/08/100MIL-300x213.jpg 300w, https://padrejosimo.com.br/site/wp-content/uploads/2020/08/100MIL-768x545.jpg 768w, https://padrejosimo.com.br/site/wp-content/uploads/2020/08/100MIL-1536x1091.jpg 1536w, https://padrejosimo.com.br/site/wp-content/uploads/2020/08/100MIL.jpg 1752w" sizes="(max-width: 601px) 100vw, 601px" /></p>
<p>Cem mil perdas humanas.</p>
<p>Cem mil famílias enlutadas.</p>
<p>Mesmo com a pandemia, com outra estratégia de enfrentamento da crise sanitária, talvez mais de 70% destas mortes seriam evitáveis.</p>
<p>Três milhões de pessoas infectadas, de acordo com estatísticas oficiais. Provavelmente, muitas mais.</p>
<p>Não números, vidas, gente, pessoas, emoções, histórias, relações.</p>
<p>8 de agosto. Um dia de luto, de revolta e de luta.</p>
<p>Luto e dor por tantas mortes.</p>
<p>Revolta e indignação, porque a principal causa destas mortes não é a pandemia, mas a forma como um governo federal genocida agiu em relação a ela. Indignação com a desinformação e a mentira que confunde e divide. Indignação é o primeiro passo da mudança. É o início da vontade de transformação.</p>
<p>Somos chamados à luta. E para a luta ter resultados, necessários organizar-se, reconstruir-se como movimentos sociais e políticos, como classes oprimidas, debater alternativas, contraditar o fascismo e sua visão de mundo, compreender e dialogar, às vezes convencer, com dimensão ética e com projeto de futuro.</p>
<p>É preciso reagir e, com coragem, desafiar a banalidade do mal e a banalidade da morte. E fazer futuro com dignidade, direitos e respeito.</p>
<p>Entre tantas mortes diante das quais perguntamos – qual o sentido? – uma, porém, que nos enche de esperança e sentido.</p>
<p>A Páscoa de Pedro Casaldáliga, que lutou pela vida de tantos, pela vida digna dos pobres, dos índios, dos machucados pelo latifúndio e pelo capitalismo, nos deixa o exemplo de lutar pela vida até o último fio. E, finalmente, passar à outra forma de viver, com o tempo realmente vencido, sem antecipação por desgraça evitável.</p>
<p>Pedro, de onde estiveres, console nosso luto, alimente nossa indignação e alimente nossa luta com este raio de sentido e amor que tua vida nos inspira.</p>

<!-- This site is optimized with the Yoast SEO plugin v27.2 - https://yoast.com/product/yoast-seo-wordpress/ -->
<title>Artigo | Nada a celebrar - Instituto Cultural Padre Josimo</title>
<meta name="robots" content="index, follow, max-snippet:-1, max-image-preview:large, max-video-preview:-1" />
<link rel="canonical" href="https://padrejosimo.com.br/site/artigos/artigo-nada-a-celebrar/" />
<meta property="og:locale" content="pt_BR" />
<meta property="og:type" content="article" />
<meta property="og:title" content="Artigo | Nada a celebrar - Instituto Cultural Padre Josimo" />
<meta property="og:description" content="8 de agosto. Um dia de luto, de revolta e de luta.  Luto e dor por tantas mortes." />
<meta property="og:url" content="https://padrejosimo.com.br/site/artigos/artigo-nada-a-celebrar/" />
<meta property="og:site_name" content="Instituto Cultural Padre Josimo" />
<meta property="og:image" content="https://padrejosimo.com.br/site/wp-content/uploads/2020/08/100MIL-1024x727.jpg" />
<meta name="twitter:card" content="summary_large_image" />
<meta name="twitter:label1" content="Est. tempo de leitura" />
	<meta name="twitter:data1" content="2 minutos" />
<script type="application/ld+json" class="yoast-schema-graph">{"@context":"https://schema.org","@graph":[{"@type":"WebPage","@id":"https://padrejosimo.com.br/site/artigos/artigo-nada-a-celebrar/","url":"https://padrejosimo.com.br/site/artigos/artigo-nada-a-celebrar/","name":"Artigo | Nada a celebrar - Instituto Cultural Padre Josimo","isPartOf":{"@id":"https://padrejosimo.com.br/site/#website"},"primaryImageOfPage":{"@id":"https://padrejosimo.com.br/site/artigos/artigo-nada-a-celebrar/#primaryimage"},"image":{"@id":"https://padrejosimo.com.br/site/artigos/artigo-nada-a-celebrar/#primaryimage"},"thumbnailUrl":"https://padrejosimo.com.br/site/wp-content/uploads/2020/08/100MIL-1024x727.jpg","datePublished":"2020-08-09T21:37:06+00:00","breadcrumb":{"@id":"https://padrejosimo.com.br/site/artigos/artigo-nada-a-celebrar/#breadcrumb"},"inLanguage":"pt-BR","potentialAction":[{"@type":"ReadAction","target":["https://padrejosimo.com.br/site/artigos/artigo-nada-a-celebrar/"]}]},{"@type":"ImageObject","inLanguage":"pt-BR","@id":"https://padrejosimo.com.br/site/artigos/artigo-nada-a-celebrar/#primaryimage","url":"https://padrejosimo.com.br/site/wp-content/uploads/2020/08/100MIL.jpg","contentUrl":"https://padrejosimo.com.br/site/wp-content/uploads/2020/08/100MIL.jpg","width":1752,"height":1244},{"@type":"BreadcrumbList","@id":"https://padrejosimo.com.br/site/artigos/artigo-nada-a-celebrar/#breadcrumb","itemListElement":[{"@type":"ListItem","position":1,"name":"Início","item":"https://padrejosimo.com.br/site/"},{"@type":"ListItem","position":2,"name":"Artigos","item":"https://padrejosimo.com.br/site/artigos/"},{"@type":"ListItem","position":3,"name":"Artigo | Nada a celebrar"}]},{"@type":"WebSite","@id":"https://padrejosimo.com.br/site/#website","url":"https://padrejosimo.com.br/site/","name":"Instituto Cultural Padre Josimo","description":"Comprometida com a promoção da justiça social, agroecologia e educação popular","publisher":{"@id":"https://padrejosimo.com.br/site/#organization"},"alternateName":"ICPJ","potentialAction":[{"@type":"SearchAction","target":{"@type":"EntryPoint","urlTemplate":"https://padrejosimo.com.br/site/?s={search_term_string}"},"query-input":{"@type":"PropertyValueSpecification","valueRequired":true,"valueName":"search_term_string"}}],"inLanguage":"pt-BR"},{"@type":"Organization","@id":"https://padrejosimo.com.br/site/#organization","name":"Instituto Cultural Padre Josimo","alternateName":"ICPJ","url":"https://padrejosimo.com.br/site/","logo":{"@type":"ImageObject","inLanguage":"pt-BR","@id":"https://padrejosimo.com.br/site/#/schema/logo/image/","url":"https://padrejosimo.com.br/site/wp-content/uploads/2025/09/cropped-icon-icpj.png","contentUrl":"https://padrejosimo.com.br/site/wp-content/uploads/2025/09/cropped-icon-icpj.png","width":512,"height":512,"caption":"Instituto Cultural Padre Josimo"},"image":{"@id":"https://padrejosimo.com.br/site/#/schema/logo/image/"}}]}</script>
<!-- / Yoast SEO plugin. -->

Início

Comprometida com a promoção da justiça social, agroecologia e educação popular
