{"id":3273,"date":"2020-07-31T16:39:08","date_gmt":"2020-07-31T19:39:08","guid":{"rendered":"https:\/\/padrejosimo.com.br\/site\/?post_type=artigos&#038;p=3273"},"modified":"2020-07-31T16:39:08","modified_gmt":"2020-07-31T19:39:08","slug":"artigo-se-eles-calarem","status":"publish","type":"artigos","link":"https:\/\/padrejosimo.com.br\/site\/artigos\/artigo-se-eles-calarem\/","title":{"rendered":"Artigo | \u201cSe Eles Calarem\u201d"},"content":{"rendered":"<blockquote>\n<p><em><strong>Frei S\u00e9rgio G\u00f6rgen<\/strong> \u2013 Frade Franciscano, autor de \u201cEm Prece com os Evangelhos\u201d<\/em><\/p>\n<\/blockquote>\n<p><img fetchpriority=\"high\" decoding=\"async\" class=\"wp-image-3274 aligncenter\" src=\"https:\/\/padrejosimo.com.br\/site\/wp-content\/uploads\/2020\/07\/as-pedras-falar\u00e3o-1024x744.jpg\" alt=\"\" width=\"701\" height=\"509\" srcset=\"https:\/\/padrejosimo.com.br\/site\/wp-content\/uploads\/2020\/07\/as-pedras-falar\u00e3o-1024x744.jpg 1024w, https:\/\/padrejosimo.com.br\/site\/wp-content\/uploads\/2020\/07\/as-pedras-falar\u00e3o-300x218.jpg 300w, https:\/\/padrejosimo.com.br\/site\/wp-content\/uploads\/2020\/07\/as-pedras-falar\u00e3o-768x558.jpg 768w, https:\/\/padrejosimo.com.br\/site\/wp-content\/uploads\/2020\/07\/as-pedras-falar\u00e3o.jpg 1493w\" sizes=\"(max-width: 701px) 100vw, 701px\" \/><\/p>\n<p>&nbsp;<\/p>\n<p>Os pobres desorientados, abandonados e enganados. O povo ind\u00edgena abandonado \u00e0 sua pr\u00f3pria sorte. O desemprego e a fome batendo \u00e0s portas de milh\u00f5es. Camponeses sem apoio. A democracia amea\u00e7ada, Amaz\u00f4nia devastada, \u00a0meio ambiente degradado e as ideias fascistas buscando legitima\u00e7\u00e3o na sociedade. A mentira grassando em todos os cantos.<\/p>\n<p>Muitos, milh\u00f5es, fi\u00e9is em Deus, assumindo-se crist\u00e3os, confusos, desorientados, com tantas palavras desencontradas. Alguns ditos representantes de Deus aben\u00e7oando e defendendo este descalabro todo. E o santo nome de Deus e o Evangelho de Jesus usado para legitimar a opress\u00e3o, a injusti\u00e7a, o autoritarismo e o genoc\u00eddio.<\/p>\n<p>Vozes prof\u00e9ticas soavam c\u00e1 e l\u00e1, importantes, significativas, por\u00e9m, sem a for\u00e7a coletiva da investidura sagrada.<\/p>\n<p>H\u00e1 momentos na hist\u00f3ria em que o sil\u00eancio \u00e9 o pecado da omiss\u00e3o.<\/p>\n<p>Quando Jesus entrou em Jerusal\u00e9m, montado no burrico, sinal da humildade e servi\u00e7o ao povo, representava a esperan\u00e7a e o caminho a seguir. Numerosos disc\u00edpulos, no relato de Lucas, \u00a0levantaram a voz e saudaram o fulcro de vida que Jesus representava em meio \u00e0 tanta injusti\u00e7a, morte e opress\u00e3o. Os poderosos, representados na voz dos fariseus, exigiam seu sil\u00eancio.<\/p>\n<p>\u201cDo meio da multid\u00e3o, alguns fariseus lhe disseram: \u2018Mestre, repreende teus disc\u00edpulos\u2019. Mas ele respondeu: \u2018Eu lhes digo: se eles calarem, as pedras gritar\u00e3o\u2019.\u201d Lc 19, 39-40.<\/p>\n<p>H\u00e1 horas em que h\u00e1 de se dizer: chega. Ou as \u201cpedras gritar\u00e3o\u201d. Acredito que este momento soou no cora\u00e7\u00e3o e na mente dos bispos que assinaram a <u><em><strong><a href=\"https:\/\/www.brasildefato.com.br\/2020\/07\/27\/em-carta-ao-povo-de-deus-152-bispos-criticam-incapacidade-de-jair-bolsonaro\">Carta ao Povo de Deus<\/a><\/strong><\/em><\/u>. Por isto a voz prof\u00e9tica necess\u00e1ria irrompeu no documento de 152 bispos cat\u00f3licos e ecoou pelo Brasil afora. \u00a0\u00a0<\/p>\n<p>H\u00e1 que se valorizar a coragem destes profetas. H\u00e1 que se ter compreens\u00e3o com os v\u00e1rios que, de cora\u00e7\u00e3o, assinariam, mas que, por cuidados locais, cautelas pastorais, raz\u00f5es institucionais, n\u00e3o puderam ou preferiram n\u00e3o aportar seus nomes na importante carta.<\/p>\n<p>Para os mornos, rezo para que a miseric\u00f3rdia divina seja maior do que o ad\u00e1gio de Apocalipse 3, 15-16.<\/p>\n<p>J\u00e1 os pastores cat\u00f3licos que defendem e apoiam o atual governo, aguardo e respeitarei sua posi\u00e7\u00e3o p\u00fablica em manifesto escrito, com seus argumentos e suas raz\u00f5es. Seria importante para o debate, para o pluralismo, o respeito \u00e0s posi\u00e7\u00f5es diversas, mas tamb\u00e9m, a exposi\u00e7\u00e3o ao escrut\u00ednio p\u00fablico.<\/p>\n<p>De resto, bendito momento que 152 disc\u00edpulos gritaram antes que as pedras.<\/p>\n<p>Sinal de est\u00edmulo \u00e0 organiza\u00e7\u00e3o da sociedade para salvar vidas e construir processos coletivos para reestruturar a sociedade brasileira em bases solid\u00e1rias, justas e fraternas, durante e p\u00f3s pandemia.<\/p>\n<p>&nbsp;<\/p>\n","protected":false},"excerpt":{"rendered":"<p>Frei S\u00e9rgio interpreta carta de Bispos ao Povo como sinal de est\u00edmulo \u00e0 organiza\u00e7\u00e3o da sociedade para salvar vidas.<\/p>\n","protected":false},"author":3,"template":"","class_list":["post-3273","artigos","type-artigos","status-publish","hentry"],"acf":[],"yoast_head":"<!-- This site is optimized with the Yoast SEO plugin v27.2 - https:\/\/yoast.com\/product\/yoast-seo-wordpress\/ -->\n<title>Artigo | \u201cSe Eles Calarem\u201d - Instituto Cultural Padre Josimo<\/title>\n<meta name=\"robots\" content=\"index, follow, max-snippet:-1, max-image-preview:large, max-video-preview:-1\" \/>\n<link rel=\"canonical\" href=\"https:\/\/padrejosimo.com.br\/site\/artigos\/artigo-se-eles-calarem\/\" \/>\n<meta property=\"og:locale\" content=\"pt_BR\" \/>\n<meta property=\"og:type\" content=\"article\" \/>\n<meta property=\"og:title\" content=\"Artigo | \u201cSe Eles Calarem\u201d - Instituto Cultural Padre Josimo\" \/>\n<meta property=\"og:description\" content=\"Frei S\u00e9rgio interpreta carta de Bispos ao Povo como sinal de est\u00edmulo \u00e0 organiza\u00e7\u00e3o da sociedade para salvar vidas.\" \/>\n<meta property=\"og:url\" content=\"https:\/\/padrejosimo.com.br\/site\/artigos\/artigo-se-eles-calarem\/\" \/>\n<meta property=\"og:site_name\" content=\"Instituto Cultural Padre Josimo\" \/>\n<meta property=\"og:image\" content=\"https:\/\/padrejosimo.com.br\/site\/wp-content\/uploads\/2025\/09\/cropped-icon-icpj.png\" \/>\n\t<meta property=\"og:image:width\" content=\"512\" \/>\n\t<meta property=\"og:image:height\" content=\"512\" \/>\n\t<meta property=\"og:image:type\" content=\"image\/png\" \/>\n<meta name=\"twitter:card\" content=\"summary_large_image\" \/>\n<meta name=\"twitter:label1\" content=\"Est. tempo de leitura\" \/>\n\t<meta name=\"twitter:data1\" content=\"2 minutos\" \/>\n<script type=\"application\/ld+json\" class=\"yoast-schema-graph\">{\"@context\":\"https:\/\/schema.org\",\"@graph\":[{\"@type\":\"WebPage\",\"@id\":\"https:\/\/padrejosimo.com.br\/site\/artigos\/artigo-se-eles-calarem\/\",\"url\":\"https:\/\/padrejosimo.com.br\/site\/artigos\/artigo-se-eles-calarem\/\",\"name\":\"Artigo | \u201cSe Eles Calarem\u201d - Instituto Cultural Padre Josimo\",\"isPartOf\":{\"@id\":\"https:\/\/padrejosimo.com.br\/site\/#website\"},\"datePublished\":\"2020-07-31T19:39:08+00:00\",\"breadcrumb\":{\"@id\":\"https:\/\/padrejosimo.com.br\/site\/artigos\/artigo-se-eles-calarem\/#breadcrumb\"},\"inLanguage\":\"pt-BR\",\"potentialAction\":[{\"@type\":\"ReadAction\",\"target\":[\"https:\/\/padrejosimo.com.br\/site\/artigos\/artigo-se-eles-calarem\/\"]}]},{\"@type\":\"BreadcrumbList\",\"@id\":\"https:\/\/padrejosimo.com.br\/site\/artigos\/artigo-se-eles-calarem\/#breadcrumb\",\"itemListElement\":[{\"@type\":\"ListItem\",\"position\":1,\"name\":\"In\u00edcio\",\"item\":\"https:\/\/padrejosimo.com.br\/site\/\"},{\"@type\":\"ListItem\",\"position\":2,\"name\":\"Artigos\",\"item\":\"https:\/\/padrejosimo.com.br\/site\/artigos\/\"},{\"@type\":\"ListItem\",\"position\":3,\"name\":\"Artigo | \u201cSe Eles Calarem\u201d\"}]},{\"@type\":\"WebSite\",\"@id\":\"https:\/\/padrejosimo.com.br\/site\/#website\",\"url\":\"https:\/\/padrejosimo.com.br\/site\/\",\"name\":\"Instituto Cultural Padre Josimo\",\"description\":\"Comprometida com a promo\u00e7\u00e3o da justi\u00e7a social, agroecologia e educa\u00e7\u00e3o popular\",\"publisher\":{\"@id\":\"https:\/\/padrejosimo.com.br\/site\/#organization\"},\"alternateName\":\"ICPJ\",\"potentialAction\":[{\"@type\":\"SearchAction\",\"target\":{\"@type\":\"EntryPoint\",\"urlTemplate\":\"https:\/\/padrejosimo.com.br\/site\/?s={search_term_string}\"},\"query-input\":{\"@type\":\"PropertyValueSpecification\",\"valueRequired\":true,\"valueName\":\"search_term_string\"}}],\"inLanguage\":\"pt-BR\"},{\"@type\":\"Organization\",\"@id\":\"https:\/\/padrejosimo.com.br\/site\/#organization\",\"name\":\"Instituto Cultural Padre Josimo\",\"alternateName\":\"ICPJ\",\"url\":\"https:\/\/padrejosimo.com.br\/site\/\",\"logo\":{\"@type\":\"ImageObject\",\"inLanguage\":\"pt-BR\",\"@id\":\"https:\/\/padrejosimo.com.br\/site\/#\/schema\/logo\/image\/\",\"url\":\"https:\/\/padrejosimo.com.br\/site\/wp-content\/uploads\/2025\/09\/cropped-icon-icpj.png\",\"contentUrl\":\"https:\/\/padrejosimo.com.br\/site\/wp-content\/uploads\/2025\/09\/cropped-icon-icpj.png\",\"width\":512,\"height\":512,\"caption\":\"Instituto Cultural Padre Josimo\"},\"image\":{\"@id\":\"https:\/\/padrejosimo.com.br\/site\/#\/schema\/logo\/image\/\"}}]}<\/script>\n<!-- \/ Yoast SEO plugin. -->","yoast_head_json":{"title":"Artigo | \u201cSe Eles Calarem\u201d - Instituto Cultural Padre Josimo","robots":{"index":"index","follow":"follow","max-snippet":"max-snippet:-1","max-image-preview":"max-image-preview:large","max-video-preview":"max-video-preview:-1"},"canonical":"https:\/\/padrejosimo.com.br\/site\/artigos\/artigo-se-eles-calarem\/","og_locale":"pt_BR","og_type":"article","og_title":"Artigo | \u201cSe Eles Calarem\u201d - Instituto Cultural Padre Josimo","og_description":"Frei S\u00e9rgio interpreta carta de Bispos ao Povo como sinal de est\u00edmulo \u00e0 organiza\u00e7\u00e3o da sociedade para salvar vidas.","og_url":"https:\/\/padrejosimo.com.br\/site\/artigos\/artigo-se-eles-calarem\/","og_site_name":"Instituto Cultural Padre Josimo","og_image":[{"width":512,"height":512,"url":"https:\/\/padrejosimo.com.br\/site\/wp-content\/uploads\/2025\/09\/cropped-icon-icpj.png","type":"image\/png"}],"twitter_card":"summary_large_image","twitter_misc":{"Est. tempo de leitura":"2 minutos"},"schema":{"@context":"https:\/\/schema.org","@graph":[{"@type":"WebPage","@id":"https:\/\/padrejosimo.com.br\/site\/artigos\/artigo-se-eles-calarem\/","url":"https:\/\/padrejosimo.com.br\/site\/artigos\/artigo-se-eles-calarem\/","name":"Artigo | \u201cSe Eles Calarem\u201d - Instituto Cultural Padre Josimo","isPartOf":{"@id":"https:\/\/padrejosimo.com.br\/site\/#website"},"datePublished":"2020-07-31T19:39:08+00:00","breadcrumb":{"@id":"https:\/\/padrejosimo.com.br\/site\/artigos\/artigo-se-eles-calarem\/#breadcrumb"},"inLanguage":"pt-BR","potentialAction":[{"@type":"ReadAction","target":["https:\/\/padrejosimo.com.br\/site\/artigos\/artigo-se-eles-calarem\/"]}]},{"@type":"BreadcrumbList","@id":"https:\/\/padrejosimo.com.br\/site\/artigos\/artigo-se-eles-calarem\/#breadcrumb","itemListElement":[{"@type":"ListItem","position":1,"name":"In\u00edcio","item":"https:\/\/padrejosimo.com.br\/site\/"},{"@type":"ListItem","position":2,"name":"Artigos","item":"https:\/\/padrejosimo.com.br\/site\/artigos\/"},{"@type":"ListItem","position":3,"name":"Artigo | \u201cSe Eles Calarem\u201d"}]},{"@type":"WebSite","@id":"https:\/\/padrejosimo.com.br\/site\/#website","url":"https:\/\/padrejosimo.com.br\/site\/","name":"Instituto Cultural Padre Josimo","description":"Comprometida com a promo\u00e7\u00e3o da justi\u00e7a social, agroecologia e educa\u00e7\u00e3o popular","publisher":{"@id":"https:\/\/padrejosimo.com.br\/site\/#organization"},"alternateName":"ICPJ","potentialAction":[{"@type":"SearchAction","target":{"@type":"EntryPoint","urlTemplate":"https:\/\/padrejosimo.com.br\/site\/?s={search_term_string}"},"query-input":{"@type":"PropertyValueSpecification","valueRequired":true,"valueName":"search_term_string"}}],"inLanguage":"pt-BR"},{"@type":"Organization","@id":"https:\/\/padrejosimo.com.br\/site\/#organization","name":"Instituto Cultural Padre Josimo","alternateName":"ICPJ","url":"https:\/\/padrejosimo.com.br\/site\/","logo":{"@type":"ImageObject","inLanguage":"pt-BR","@id":"https:\/\/padrejosimo.com.br\/site\/#\/schema\/logo\/image\/","url":"https:\/\/padrejosimo.com.br\/site\/wp-content\/uploads\/2025\/09\/cropped-icon-icpj.png","contentUrl":"https:\/\/padrejosimo.com.br\/site\/wp-content\/uploads\/2025\/09\/cropped-icon-icpj.png","width":512,"height":512,"caption":"Instituto Cultural Padre Josimo"},"image":{"@id":"https:\/\/padrejosimo.com.br\/site\/#\/schema\/logo\/image\/"}}]}},"_links":{"self":[{"href":"https:\/\/padrejosimo.com.br\/site\/wp-json\/wp\/v2\/artigos\/3273","targetHints":{"allow":["GET"]}}],"collection":[{"href":"https:\/\/padrejosimo.com.br\/site\/wp-json\/wp\/v2\/artigos"}],"about":[{"href":"https:\/\/padrejosimo.com.br\/site\/wp-json\/wp\/v2\/types\/artigos"}],"author":[{"embeddable":true,"href":"https:\/\/padrejosimo.com.br\/site\/wp-json\/wp\/v2\/users\/3"}],"wp:attachment":[{"href":"https:\/\/padrejosimo.com.br\/site\/wp-json\/wp\/v2\/media?parent=3273"}],"curies":[{"name":"wp","href":"https:\/\/api.w.org\/{rel}","templated":true}]}}

<blockquote>
<p><em><strong>Frei Sérgio Görgen</strong> – Frade Franciscano, autor de “Em Prece com os Evangelhos”</em></p>
</blockquote>
<p><img fetchpriority="high" decoding="async" class="wp-image-3274 aligncenter" src="https://padrejosimo.com.br/site/wp-content/uploads/2020/07/as-pedras-falarão-1024x744.jpg" alt="" width="701" height="509" srcset="https://padrejosimo.com.br/site/wp-content/uploads/2020/07/as-pedras-falarão-1024x744.jpg 1024w, https://padrejosimo.com.br/site/wp-content/uploads/2020/07/as-pedras-falarão-300x218.jpg 300w, https://padrejosimo.com.br/site/wp-content/uploads/2020/07/as-pedras-falarão-768x558.jpg 768w, https://padrejosimo.com.br/site/wp-content/uploads/2020/07/as-pedras-falarão.jpg 1493w" sizes="(max-width: 701px) 100vw, 701px" /></p>
<p>&nbsp;</p>
<p>Os pobres desorientados, abandonados e enganados. O povo indígena abandonado à sua própria sorte. O desemprego e a fome batendo às portas de milhões. Camponeses sem apoio. A democracia ameaçada, Amazônia devastada,  meio ambiente degradado e as ideias fascistas buscando legitimação na sociedade. A mentira grassando em todos os cantos.</p>
<p>Muitos, milhões, fiéis em Deus, assumindo-se cristãos, confusos, desorientados, com tantas palavras desencontradas. Alguns ditos representantes de Deus abençoando e defendendo este descalabro todo. E o santo nome de Deus e o Evangelho de Jesus usado para legitimar a opressão, a injustiça, o autoritarismo e o genocídio.</p>
<p>Vozes proféticas soavam cá e lá, importantes, significativas, porém, sem a força coletiva da investidura sagrada.</p>
<p>Há momentos na história em que o silêncio é o pecado da omissão.</p>
<p>Quando Jesus entrou em Jerusalém, montado no burrico, sinal da humildade e serviço ao povo, representava a esperança e o caminho a seguir. Numerosos discípulos, no relato de Lucas,  levantaram a voz e saudaram o fulcro de vida que Jesus representava em meio à tanta injustiça, morte e opressão. Os poderosos, representados na voz dos fariseus, exigiam seu silêncio.</p>
<p>“Do meio da multidão, alguns fariseus lhe disseram: ‘Mestre, repreende teus discípulos’. Mas ele respondeu: ‘Eu lhes digo: se eles calarem, as pedras gritarão’.” Lc 19, 39-40.</p>
<p>Há horas em que há de se dizer: chega. Ou as “pedras gritarão”. Acredito que este momento soou no coração e na mente dos bispos que assinaram a <u><em><strong><a href="https://www.brasildefato.com.br/2020/07/27/em-carta-ao-povo-de-deus-152-bispos-criticam-incapacidade-de-jair-bolsonaro">Carta ao Povo de Deus</a></strong></em></u>. Por isto a voz profética necessária irrompeu no documento de 152 bispos católicos e ecoou pelo Brasil afora.   </p>
<p>Há que se valorizar a coragem destes profetas. Há que se ter compreensão com os vários que, de coração, assinariam, mas que, por cuidados locais, cautelas pastorais, razões institucionais, não puderam ou preferiram não aportar seus nomes na importante carta.</p>
<p>Para os mornos, rezo para que a misericórdia divina seja maior do que o adágio de Apocalipse 3, 15-16.</p>
<p>Já os pastores católicos que defendem e apoiam o atual governo, aguardo e respeitarei sua posição pública em manifesto escrito, com seus argumentos e suas razões. Seria importante para o debate, para o pluralismo, o respeito às posições diversas, mas também, a exposição ao escrutínio público.</p>
<p>De resto, bendito momento que 152 discípulos gritaram antes que as pedras.</p>
<p>Sinal de estímulo à organização da sociedade para salvar vidas e construir processos coletivos para reestruturar a sociedade brasileira em bases solidárias, justas e fraternas, durante e pós pandemia.</p>
<p>&nbsp;</p>

<p>Frei Sérgio interpreta carta de Bispos ao Povo como sinal de estímulo à organização da sociedade para salvar vidas.</p>

<!-- This site is optimized with the Yoast SEO plugin v27.2 - https://yoast.com/product/yoast-seo-wordpress/ -->
<title>Artigo | “Se Eles Calarem” - Instituto Cultural Padre Josimo</title>
<meta name="robots" content="index, follow, max-snippet:-1, max-image-preview:large, max-video-preview:-1" />
<link rel="canonical" href="https://padrejosimo.com.br/site/artigos/artigo-se-eles-calarem/" />
<meta property="og:locale" content="pt_BR" />
<meta property="og:type" content="article" />
<meta property="og:title" content="Artigo | “Se Eles Calarem” - Instituto Cultural Padre Josimo" />
<meta property="og:description" content="Frei Sérgio interpreta carta de Bispos ao Povo como sinal de estímulo à organização da sociedade para salvar vidas." />
<meta property="og:url" content="https://padrejosimo.com.br/site/artigos/artigo-se-eles-calarem/" />
<meta property="og:site_name" content="Instituto Cultural Padre Josimo" />
<meta property="og:image" content="https://padrejosimo.com.br/site/wp-content/uploads/2025/09/cropped-icon-icpj.png" />
	<meta property="og:image:width" content="512" />
	<meta property="og:image:height" content="512" />
	<meta property="og:image:type" content="image/png" />
<meta name="twitter:card" content="summary_large_image" />
<meta name="twitter:label1" content="Est. tempo de leitura" />
	<meta name="twitter:data1" content="2 minutos" />
<script type="application/ld+json" class="yoast-schema-graph">{"@context":"https://schema.org","@graph":[{"@type":"WebPage","@id":"https://padrejosimo.com.br/site/artigos/artigo-se-eles-calarem/","url":"https://padrejosimo.com.br/site/artigos/artigo-se-eles-calarem/","name":"Artigo | “Se Eles Calarem” - Instituto Cultural Padre Josimo","isPartOf":{"@id":"https://padrejosimo.com.br/site/#website"},"datePublished":"2020-07-31T19:39:08+00:00","breadcrumb":{"@id":"https://padrejosimo.com.br/site/artigos/artigo-se-eles-calarem/#breadcrumb"},"inLanguage":"pt-BR","potentialAction":[{"@type":"ReadAction","target":["https://padrejosimo.com.br/site/artigos/artigo-se-eles-calarem/"]}]},{"@type":"BreadcrumbList","@id":"https://padrejosimo.com.br/site/artigos/artigo-se-eles-calarem/#breadcrumb","itemListElement":[{"@type":"ListItem","position":1,"name":"Início","item":"https://padrejosimo.com.br/site/"},{"@type":"ListItem","position":2,"name":"Artigos","item":"https://padrejosimo.com.br/site/artigos/"},{"@type":"ListItem","position":3,"name":"Artigo | “Se Eles Calarem”"}]},{"@type":"WebSite","@id":"https://padrejosimo.com.br/site/#website","url":"https://padrejosimo.com.br/site/","name":"Instituto Cultural Padre Josimo","description":"Comprometida com a promoção da justiça social, agroecologia e educação popular","publisher":{"@id":"https://padrejosimo.com.br/site/#organization"},"alternateName":"ICPJ","potentialAction":[{"@type":"SearchAction","target":{"@type":"EntryPoint","urlTemplate":"https://padrejosimo.com.br/site/?s={search_term_string}"},"query-input":{"@type":"PropertyValueSpecification","valueRequired":true,"valueName":"search_term_string"}}],"inLanguage":"pt-BR"},{"@type":"Organization","@id":"https://padrejosimo.com.br/site/#organization","name":"Instituto Cultural Padre Josimo","alternateName":"ICPJ","url":"https://padrejosimo.com.br/site/","logo":{"@type":"ImageObject","inLanguage":"pt-BR","@id":"https://padrejosimo.com.br/site/#/schema/logo/image/","url":"https://padrejosimo.com.br/site/wp-content/uploads/2025/09/cropped-icon-icpj.png","contentUrl":"https://padrejosimo.com.br/site/wp-content/uploads/2025/09/cropped-icon-icpj.png","width":512,"height":512,"caption":"Instituto Cultural Padre Josimo"},"image":{"@id":"https://padrejosimo.com.br/site/#/schema/logo/image/"}}]}</script>
<!-- / Yoast SEO plugin. -->

Frei Sérgio interpreta carta de Bispos ao Povo como sinal de estímulo à organização da sociedade para salvar vidas.

Início

Comprometida com a promoção da justiça social, agroecologia e educação popular
