{"id":3266,"date":"2020-07-30T05:10:57","date_gmt":"2020-07-30T08:10:57","guid":{"rendered":"https:\/\/padrejosimo.com.br\/site\/?post_type=artigos&#038;p=3266"},"modified":"2020-07-30T05:10:57","modified_gmt":"2020-07-30T08:10:57","slug":"artigo-o-paradoxo-da-abundancia","status":"publish","type":"artigos","link":"https:\/\/padrejosimo.com.br\/site\/artigos\/artigo-o-paradoxo-da-abundancia\/","title":{"rendered":"Artigo | O paradoxo da abund\u00e2ncia"},"content":{"rendered":"<p><strong>Frei Vanildo Luiz Zugno OFMcap<br \/>\n<\/strong><\/p>\n<p><img fetchpriority=\"high\" decoding=\"async\" class=\"size-full wp-image-3267 aligncenter\" src=\"https:\/\/padrejosimo.com.br\/site\/wp-content\/uploads\/2020\/07\/fome.jpg\" alt=\"\" width=\"686\" height=\"498\" srcset=\"https:\/\/padrejosimo.com.br\/site\/wp-content\/uploads\/2020\/07\/fome.jpg 686w, https:\/\/padrejosimo.com.br\/site\/wp-content\/uploads\/2020\/07\/fome-300x218.jpg 300w\" sizes=\"(max-width: 686px) 100vw, 686px\" \/><\/p>\n<p>Comer \u00e9 um ato biol\u00f3gico. Nosso corpo precisa ser provido dos nutrientes necess\u00e1rios para permanecer vivo. Se n\u00e3o comemos, morremos. Por isso a fome \u00e9 algo t\u00e3o terr\u00edvel. Ela \u00e9 a antessala da morte. A pessoa que est\u00e1 com fome, para comer, ou seja, para sobreviver, \u00e9 capaz de qualquer coisa: trapacear, roubar e, no limite, at\u00e9 matar.<\/p>\n<p>Mas, comer, \u00e9 tamb\u00e9m um ato social. Amostra disto \u00e9 afirma\u00e7\u00e3o de que, mais importante do que comemos, \u00e9 com quem comemos. Como diz a B\u00edblia no Livro dos Prov\u00e9rbios, \u201c\u00e9 melhor comer um prato de hortali\u00e7as, onde h\u00e1 amor, do que ter um boi gordo acompanhado de \u00f3dio na refei\u00e7\u00e3o\u201d. A forma como s\u00e3o produzidos, intercambiados e consumidos os alimentos revelam a verdadeira natureza de uma sociedade.<\/p>\n<p>A comida, por ser indispens\u00e1vel para a sobreviv\u00eancia e por ser s\u00edmbolo de rela\u00e7\u00f5es sociais, \u00e9 um elemento presente em todas as religi\u00f5es, inclusive no cristianismo. Nos Evangelhos, h\u00e1 mais comida e refei\u00e7\u00f5es do que milagres e exorcismos. Se tomamos, por exemplo, o Evangelho de Jo\u00e3o, a obra do Salvador come\u00e7a com uma festa de casamento em Can\u00e1 onde ele transforma a \u00e1gua em vinho e termina com um encontro do Ressuscitado com os disc\u00edpulos \u00e0 beira do lago onde Jesus partilha p\u00e3o e peixe assado com seus amigos e amigas.<\/p>\n<p>Partilha de comida e bebida que, durante o percurso da Galileia at\u00e9 Jerusal\u00e9m, Jesus j\u00e1 havia feito em muitos lugares e com muitas pessoas. Na casa de pobres e de ricos, de santos e de pecadores, de homens e de mulheres, de judeus e de estrangeiros. \u00c0s vezes comendo e bebendo muito, a ponto de dizerem que era um comil\u00e3o e um beberr\u00e3o. Outras vezes, comendo as sobras ou o quase nada do que as pessoas tinham. E, em algumas situa\u00e7\u00f5es, at\u00e9 roubando o trigo da beira da estrada para poder saciar a fome dos disc\u00edpulos.<\/p>\n<p>Mas acima de tudo e em todas as ocasi\u00f5es, ensinando que a comida deve ser partilhada sem que ningu\u00e9m fique de fora. Quando os disc\u00edpulos, vendo a multid\u00e3o com fome, pedem que o Mestre mande todos embora para que cada um se vire como pode, Jesus ensina que a partilha \u00e9 o caminho para que todos fiquem saciados. E dos cinco p\u00e3es e dois peixes nasce a consci\u00eancia e a pr\u00e1tica de que, para que todos comam, \u00e9 preciso que os que tem muito partilhem com os que pouco ou nada t\u00eam.<\/p>\n<p>No tempo de Jesus, assim como hoje, o problema n\u00e3o \u00e9 a falta de comida. \u00c9 a falta de partilha. No mundo, h\u00e1 comida de sobra. No caso do Brasil, somos o maior exportador mundial de alimentos. E, mesmo assim, h\u00e1 gente passando fome&#8230;<\/p>\n<p>Como dizia o Papa Jo\u00e3o Paulo II na Inaugura\u00e7\u00e3o da Primeira Confer\u00eancia da ONU sobre alimenta\u00e7\u00e3o no ano de 1992, vivemos o \u201cparadoxo da abund\u00e2ncia\u201d: h\u00e1 alimento para todos, mas nem todos podem comer.<\/p>\n<p>Precisamos de novo, aprender com Jesus: que a partilha do p\u00e3o, do peixe, do vinho, da alegria e da mesa aberta para todos e todas, nos ajude a matar a fome de comida e o anseio por uma nova e justa sociedade.<\/p>\n","protected":false},"excerpt":{"rendered":"<p>No tempo de Jesus, assim como hoje, o problema n\u00e3o \u00e9 a falta de comida. \u00c9 a falta de partilha.<\/p>\n","protected":false},"author":20,"template":"","class_list":["post-3266","artigos","type-artigos","status-publish","hentry"],"acf":[],"yoast_head":"<!-- This site is optimized with the Yoast SEO plugin v27.2 - https:\/\/yoast.com\/product\/yoast-seo-wordpress\/ -->\n<title>Artigo | O paradoxo da abund\u00e2ncia - Instituto Cultural Padre Josimo<\/title>\n<meta name=\"robots\" content=\"index, follow, max-snippet:-1, max-image-preview:large, max-video-preview:-1\" \/>\n<link rel=\"canonical\" href=\"https:\/\/padrejosimo.com.br\/site\/artigos\/artigo-o-paradoxo-da-abundancia\/\" \/>\n<meta property=\"og:locale\" content=\"pt_BR\" \/>\n<meta property=\"og:type\" content=\"article\" \/>\n<meta property=\"og:title\" content=\"Artigo | O paradoxo da abund\u00e2ncia - Instituto Cultural Padre Josimo\" \/>\n<meta property=\"og:description\" content=\"No tempo de Jesus, assim como hoje, o problema n\u00e3o \u00e9 a falta de comida. \u00c9 a falta de partilha.\" \/>\n<meta property=\"og:url\" content=\"https:\/\/padrejosimo.com.br\/site\/artigos\/artigo-o-paradoxo-da-abundancia\/\" \/>\n<meta property=\"og:site_name\" content=\"Instituto Cultural Padre Josimo\" \/>\n<meta property=\"og:image\" content=\"https:\/\/padrejosimo.com.br\/site\/wp-content\/uploads\/2020\/07\/fome.jpg\" \/>\n<meta name=\"twitter:card\" content=\"summary_large_image\" \/>\n<meta name=\"twitter:label1\" content=\"Est. tempo de leitura\" \/>\n\t<meta name=\"twitter:data1\" content=\"3 minutos\" \/>\n<script type=\"application\/ld+json\" class=\"yoast-schema-graph\">{\"@context\":\"https:\/\/schema.org\",\"@graph\":[{\"@type\":\"WebPage\",\"@id\":\"https:\/\/padrejosimo.com.br\/site\/artigos\/artigo-o-paradoxo-da-abundancia\/\",\"url\":\"https:\/\/padrejosimo.com.br\/site\/artigos\/artigo-o-paradoxo-da-abundancia\/\",\"name\":\"Artigo | O paradoxo da abund\u00e2ncia - Instituto Cultural Padre Josimo\",\"isPartOf\":{\"@id\":\"https:\/\/padrejosimo.com.br\/site\/#website\"},\"primaryImageOfPage\":{\"@id\":\"https:\/\/padrejosimo.com.br\/site\/artigos\/artigo-o-paradoxo-da-abundancia\/#primaryimage\"},\"image\":{\"@id\":\"https:\/\/padrejosimo.com.br\/site\/artigos\/artigo-o-paradoxo-da-abundancia\/#primaryimage\"},\"thumbnailUrl\":\"https:\/\/padrejosimo.com.br\/site\/wp-content\/uploads\/2020\/07\/fome.jpg\",\"datePublished\":\"2020-07-30T08:10:57+00:00\",\"breadcrumb\":{\"@id\":\"https:\/\/padrejosimo.com.br\/site\/artigos\/artigo-o-paradoxo-da-abundancia\/#breadcrumb\"},\"inLanguage\":\"pt-BR\",\"potentialAction\":[{\"@type\":\"ReadAction\",\"target\":[\"https:\/\/padrejosimo.com.br\/site\/artigos\/artigo-o-paradoxo-da-abundancia\/\"]}]},{\"@type\":\"ImageObject\",\"inLanguage\":\"pt-BR\",\"@id\":\"https:\/\/padrejosimo.com.br\/site\/artigos\/artigo-o-paradoxo-da-abundancia\/#primaryimage\",\"url\":\"https:\/\/padrejosimo.com.br\/site\/wp-content\/uploads\/2020\/07\/fome.jpg\",\"contentUrl\":\"https:\/\/padrejosimo.com.br\/site\/wp-content\/uploads\/2020\/07\/fome.jpg\",\"width\":686,\"height\":498},{\"@type\":\"BreadcrumbList\",\"@id\":\"https:\/\/padrejosimo.com.br\/site\/artigos\/artigo-o-paradoxo-da-abundancia\/#breadcrumb\",\"itemListElement\":[{\"@type\":\"ListItem\",\"position\":1,\"name\":\"In\u00edcio\",\"item\":\"https:\/\/padrejosimo.com.br\/site\/\"},{\"@type\":\"ListItem\",\"position\":2,\"name\":\"Artigos\",\"item\":\"https:\/\/padrejosimo.com.br\/site\/artigos\/\"},{\"@type\":\"ListItem\",\"position\":3,\"name\":\"Artigo | O paradoxo da abund\u00e2ncia\"}]},{\"@type\":\"WebSite\",\"@id\":\"https:\/\/padrejosimo.com.br\/site\/#website\",\"url\":\"https:\/\/padrejosimo.com.br\/site\/\",\"name\":\"Instituto Cultural Padre Josimo\",\"description\":\"Comprometida com a promo\u00e7\u00e3o da justi\u00e7a social, agroecologia e educa\u00e7\u00e3o popular\",\"publisher\":{\"@id\":\"https:\/\/padrejosimo.com.br\/site\/#organization\"},\"alternateName\":\"ICPJ\",\"potentialAction\":[{\"@type\":\"SearchAction\",\"target\":{\"@type\":\"EntryPoint\",\"urlTemplate\":\"https:\/\/padrejosimo.com.br\/site\/?s={search_term_string}\"},\"query-input\":{\"@type\":\"PropertyValueSpecification\",\"valueRequired\":true,\"valueName\":\"search_term_string\"}}],\"inLanguage\":\"pt-BR\"},{\"@type\":\"Organization\",\"@id\":\"https:\/\/padrejosimo.com.br\/site\/#organization\",\"name\":\"Instituto Cultural Padre Josimo\",\"alternateName\":\"ICPJ\",\"url\":\"https:\/\/padrejosimo.com.br\/site\/\",\"logo\":{\"@type\":\"ImageObject\",\"inLanguage\":\"pt-BR\",\"@id\":\"https:\/\/padrejosimo.com.br\/site\/#\/schema\/logo\/image\/\",\"url\":\"https:\/\/padrejosimo.com.br\/site\/wp-content\/uploads\/2025\/09\/cropped-icon-icpj.png\",\"contentUrl\":\"https:\/\/padrejosimo.com.br\/site\/wp-content\/uploads\/2025\/09\/cropped-icon-icpj.png\",\"width\":512,\"height\":512,\"caption\":\"Instituto Cultural Padre Josimo\"},\"image\":{\"@id\":\"https:\/\/padrejosimo.com.br\/site\/#\/schema\/logo\/image\/\"}}]}<\/script>\n<!-- \/ Yoast SEO plugin. -->","yoast_head_json":{"title":"Artigo | O paradoxo da abund\u00e2ncia - Instituto Cultural Padre Josimo","robots":{"index":"index","follow":"follow","max-snippet":"max-snippet:-1","max-image-preview":"max-image-preview:large","max-video-preview":"max-video-preview:-1"},"canonical":"https:\/\/padrejosimo.com.br\/site\/artigos\/artigo-o-paradoxo-da-abundancia\/","og_locale":"pt_BR","og_type":"article","og_title":"Artigo | O paradoxo da abund\u00e2ncia - Instituto Cultural Padre Josimo","og_description":"No tempo de Jesus, assim como hoje, o problema n\u00e3o \u00e9 a falta de comida. \u00c9 a falta de partilha.","og_url":"https:\/\/padrejosimo.com.br\/site\/artigos\/artigo-o-paradoxo-da-abundancia\/","og_site_name":"Instituto Cultural Padre Josimo","og_image":[{"url":"https:\/\/padrejosimo.com.br\/site\/wp-content\/uploads\/2020\/07\/fome.jpg","type":"","width":"","height":""}],"twitter_card":"summary_large_image","twitter_misc":{"Est. tempo de leitura":"3 minutos"},"schema":{"@context":"https:\/\/schema.org","@graph":[{"@type":"WebPage","@id":"https:\/\/padrejosimo.com.br\/site\/artigos\/artigo-o-paradoxo-da-abundancia\/","url":"https:\/\/padrejosimo.com.br\/site\/artigos\/artigo-o-paradoxo-da-abundancia\/","name":"Artigo | O paradoxo da abund\u00e2ncia - Instituto Cultural Padre Josimo","isPartOf":{"@id":"https:\/\/padrejosimo.com.br\/site\/#website"},"primaryImageOfPage":{"@id":"https:\/\/padrejosimo.com.br\/site\/artigos\/artigo-o-paradoxo-da-abundancia\/#primaryimage"},"image":{"@id":"https:\/\/padrejosimo.com.br\/site\/artigos\/artigo-o-paradoxo-da-abundancia\/#primaryimage"},"thumbnailUrl":"https:\/\/padrejosimo.com.br\/site\/wp-content\/uploads\/2020\/07\/fome.jpg","datePublished":"2020-07-30T08:10:57+00:00","breadcrumb":{"@id":"https:\/\/padrejosimo.com.br\/site\/artigos\/artigo-o-paradoxo-da-abundancia\/#breadcrumb"},"inLanguage":"pt-BR","potentialAction":[{"@type":"ReadAction","target":["https:\/\/padrejosimo.com.br\/site\/artigos\/artigo-o-paradoxo-da-abundancia\/"]}]},{"@type":"ImageObject","inLanguage":"pt-BR","@id":"https:\/\/padrejosimo.com.br\/site\/artigos\/artigo-o-paradoxo-da-abundancia\/#primaryimage","url":"https:\/\/padrejosimo.com.br\/site\/wp-content\/uploads\/2020\/07\/fome.jpg","contentUrl":"https:\/\/padrejosimo.com.br\/site\/wp-content\/uploads\/2020\/07\/fome.jpg","width":686,"height":498},{"@type":"BreadcrumbList","@id":"https:\/\/padrejosimo.com.br\/site\/artigos\/artigo-o-paradoxo-da-abundancia\/#breadcrumb","itemListElement":[{"@type":"ListItem","position":1,"name":"In\u00edcio","item":"https:\/\/padrejosimo.com.br\/site\/"},{"@type":"ListItem","position":2,"name":"Artigos","item":"https:\/\/padrejosimo.com.br\/site\/artigos\/"},{"@type":"ListItem","position":3,"name":"Artigo | O paradoxo da abund\u00e2ncia"}]},{"@type":"WebSite","@id":"https:\/\/padrejosimo.com.br\/site\/#website","url":"https:\/\/padrejosimo.com.br\/site\/","name":"Instituto Cultural Padre Josimo","description":"Comprometida com a promo\u00e7\u00e3o da justi\u00e7a social, agroecologia e educa\u00e7\u00e3o popular","publisher":{"@id":"https:\/\/padrejosimo.com.br\/site\/#organization"},"alternateName":"ICPJ","potentialAction":[{"@type":"SearchAction","target":{"@type":"EntryPoint","urlTemplate":"https:\/\/padrejosimo.com.br\/site\/?s={search_term_string}"},"query-input":{"@type":"PropertyValueSpecification","valueRequired":true,"valueName":"search_term_string"}}],"inLanguage":"pt-BR"},{"@type":"Organization","@id":"https:\/\/padrejosimo.com.br\/site\/#organization","name":"Instituto Cultural Padre Josimo","alternateName":"ICPJ","url":"https:\/\/padrejosimo.com.br\/site\/","logo":{"@type":"ImageObject","inLanguage":"pt-BR","@id":"https:\/\/padrejosimo.com.br\/site\/#\/schema\/logo\/image\/","url":"https:\/\/padrejosimo.com.br\/site\/wp-content\/uploads\/2025\/09\/cropped-icon-icpj.png","contentUrl":"https:\/\/padrejosimo.com.br\/site\/wp-content\/uploads\/2025\/09\/cropped-icon-icpj.png","width":512,"height":512,"caption":"Instituto Cultural Padre Josimo"},"image":{"@id":"https:\/\/padrejosimo.com.br\/site\/#\/schema\/logo\/image\/"}}]}},"_links":{"self":[{"href":"https:\/\/padrejosimo.com.br\/site\/wp-json\/wp\/v2\/artigos\/3266","targetHints":{"allow":["GET"]}}],"collection":[{"href":"https:\/\/padrejosimo.com.br\/site\/wp-json\/wp\/v2\/artigos"}],"about":[{"href":"https:\/\/padrejosimo.com.br\/site\/wp-json\/wp\/v2\/types\/artigos"}],"author":[{"embeddable":true,"href":"https:\/\/padrejosimo.com.br\/site\/wp-json\/wp\/v2\/users\/20"}],"wp:attachment":[{"href":"https:\/\/padrejosimo.com.br\/site\/wp-json\/wp\/v2\/media?parent=3266"}],"curies":[{"name":"wp","href":"https:\/\/api.w.org\/{rel}","templated":true}]}}

Artigo | O paradoxo da abundância

<p><strong>Frei Vanildo Luiz Zugno OFMcap<br />
</strong></p>
<p><img fetchpriority="high" decoding="async" class="size-full wp-image-3267 aligncenter" src="https://padrejosimo.com.br/site/wp-content/uploads/2020/07/fome.jpg" alt="" width="686" height="498" srcset="https://padrejosimo.com.br/site/wp-content/uploads/2020/07/fome.jpg 686w, https://padrejosimo.com.br/site/wp-content/uploads/2020/07/fome-300x218.jpg 300w" sizes="(max-width: 686px) 100vw, 686px" /></p>
<p>Comer é um ato biológico. Nosso corpo precisa ser provido dos nutrientes necessários para permanecer vivo. Se não comemos, morremos. Por isso a fome é algo tão terrível. Ela é a antessala da morte. A pessoa que está com fome, para comer, ou seja, para sobreviver, é capaz de qualquer coisa: trapacear, roubar e, no limite, até matar.</p>
<p>Mas, comer, é também um ato social. Amostra disto é afirmação de que, mais importante do que comemos, é com quem comemos. Como diz a Bíblia no Livro dos Provérbios, “é melhor comer um prato de hortaliças, onde há amor, do que ter um boi gordo acompanhado de ódio na refeição”. A forma como são produzidos, intercambiados e consumidos os alimentos revelam a verdadeira natureza de uma sociedade.</p>
<p>A comida, por ser indispensável para a sobrevivência e por ser símbolo de relações sociais, é um elemento presente em todas as religiões, inclusive no cristianismo. Nos Evangelhos, há mais comida e refeições do que milagres e exorcismos. Se tomamos, por exemplo, o Evangelho de João, a obra do Salvador começa com uma festa de casamento em Caná onde ele transforma a água em vinho e termina com um encontro do Ressuscitado com os discípulos à beira do lago onde Jesus partilha pão e peixe assado com seus amigos e amigas.</p>
<p>Partilha de comida e bebida que, durante o percurso da Galileia até Jerusalém, Jesus já havia feito em muitos lugares e com muitas pessoas. Na casa de pobres e de ricos, de santos e de pecadores, de homens e de mulheres, de judeus e de estrangeiros. Às vezes comendo e bebendo muito, a ponto de dizerem que era um comilão e um beberrão. Outras vezes, comendo as sobras ou o quase nada do que as pessoas tinham. E, em algumas situações, até roubando o trigo da beira da estrada para poder saciar a fome dos discípulos.</p>
<p>Mas acima de tudo e em todas as ocasiões, ensinando que a comida deve ser partilhada sem que ninguém fique de fora. Quando os discípulos, vendo a multidão com fome, pedem que o Mestre mande todos embora para que cada um se vire como pode, Jesus ensina que a partilha é o caminho para que todos fiquem saciados. E dos cinco pães e dois peixes nasce a consciência e a prática de que, para que todos comam, é preciso que os que tem muito partilhem com os que pouco ou nada têm.</p>
<p>No tempo de Jesus, assim como hoje, o problema não é a falta de comida. É a falta de partilha. No mundo, há comida de sobra. No caso do Brasil, somos o maior exportador mundial de alimentos. E, mesmo assim, há gente passando fome&#8230;</p>
<p>Como dizia o Papa João Paulo II na Inauguração da Primeira Conferência da ONU sobre alimentação no ano de 1992, vivemos o “paradoxo da abundância”: há alimento para todos, mas nem todos podem comer.</p>
<p>Precisamos de novo, aprender com Jesus: que a partilha do pão, do peixe, do vinho, da alegria e da mesa aberta para todos e todas, nos ajude a matar a fome de comida e o anseio por uma nova e justa sociedade.</p>

<p>No tempo de Jesus, assim como hoje, o problema não é a falta de comida. É a falta de partilha.</p>

<!-- This site is optimized with the Yoast SEO plugin v27.2 - https://yoast.com/product/yoast-seo-wordpress/ -->
<title>Artigo | O paradoxo da abundância - Instituto Cultural Padre Josimo</title>
<meta name="robots" content="index, follow, max-snippet:-1, max-image-preview:large, max-video-preview:-1" />
<link rel="canonical" href="https://padrejosimo.com.br/site/artigos/artigo-o-paradoxo-da-abundancia/" />
<meta property="og:locale" content="pt_BR" />
<meta property="og:type" content="article" />
<meta property="og:title" content="Artigo | O paradoxo da abundância - Instituto Cultural Padre Josimo" />
<meta property="og:description" content="No tempo de Jesus, assim como hoje, o problema não é a falta de comida. É a falta de partilha." />
<meta property="og:url" content="https://padrejosimo.com.br/site/artigos/artigo-o-paradoxo-da-abundancia/" />
<meta property="og:site_name" content="Instituto Cultural Padre Josimo" />
<meta property="og:image" content="https://padrejosimo.com.br/site/wp-content/uploads/2020/07/fome.jpg" />
<meta name="twitter:card" content="summary_large_image" />
<meta name="twitter:label1" content="Est. tempo de leitura" />
	<meta name="twitter:data1" content="3 minutos" />
<script type="application/ld+json" class="yoast-schema-graph">{"@context":"https://schema.org","@graph":[{"@type":"WebPage","@id":"https://padrejosimo.com.br/site/artigos/artigo-o-paradoxo-da-abundancia/","url":"https://padrejosimo.com.br/site/artigos/artigo-o-paradoxo-da-abundancia/","name":"Artigo | O paradoxo da abundância - Instituto Cultural Padre Josimo","isPartOf":{"@id":"https://padrejosimo.com.br/site/#website"},"primaryImageOfPage":{"@id":"https://padrejosimo.com.br/site/artigos/artigo-o-paradoxo-da-abundancia/#primaryimage"},"image":{"@id":"https://padrejosimo.com.br/site/artigos/artigo-o-paradoxo-da-abundancia/#primaryimage"},"thumbnailUrl":"https://padrejosimo.com.br/site/wp-content/uploads/2020/07/fome.jpg","datePublished":"2020-07-30T08:10:57+00:00","breadcrumb":{"@id":"https://padrejosimo.com.br/site/artigos/artigo-o-paradoxo-da-abundancia/#breadcrumb"},"inLanguage":"pt-BR","potentialAction":[{"@type":"ReadAction","target":["https://padrejosimo.com.br/site/artigos/artigo-o-paradoxo-da-abundancia/"]}]},{"@type":"ImageObject","inLanguage":"pt-BR","@id":"https://padrejosimo.com.br/site/artigos/artigo-o-paradoxo-da-abundancia/#primaryimage","url":"https://padrejosimo.com.br/site/wp-content/uploads/2020/07/fome.jpg","contentUrl":"https://padrejosimo.com.br/site/wp-content/uploads/2020/07/fome.jpg","width":686,"height":498},{"@type":"BreadcrumbList","@id":"https://padrejosimo.com.br/site/artigos/artigo-o-paradoxo-da-abundancia/#breadcrumb","itemListElement":[{"@type":"ListItem","position":1,"name":"Início","item":"https://padrejosimo.com.br/site/"},{"@type":"ListItem","position":2,"name":"Artigos","item":"https://padrejosimo.com.br/site/artigos/"},{"@type":"ListItem","position":3,"name":"Artigo | O paradoxo da abundância"}]},{"@type":"WebSite","@id":"https://padrejosimo.com.br/site/#website","url":"https://padrejosimo.com.br/site/","name":"Instituto Cultural Padre Josimo","description":"Comprometida com a promoção da justiça social, agroecologia e educação popular","publisher":{"@id":"https://padrejosimo.com.br/site/#organization"},"alternateName":"ICPJ","potentialAction":[{"@type":"SearchAction","target":{"@type":"EntryPoint","urlTemplate":"https://padrejosimo.com.br/site/?s={search_term_string}"},"query-input":{"@type":"PropertyValueSpecification","valueRequired":true,"valueName":"search_term_string"}}],"inLanguage":"pt-BR"},{"@type":"Organization","@id":"https://padrejosimo.com.br/site/#organization","name":"Instituto Cultural Padre Josimo","alternateName":"ICPJ","url":"https://padrejosimo.com.br/site/","logo":{"@type":"ImageObject","inLanguage":"pt-BR","@id":"https://padrejosimo.com.br/site/#/schema/logo/image/","url":"https://padrejosimo.com.br/site/wp-content/uploads/2025/09/cropped-icon-icpj.png","contentUrl":"https://padrejosimo.com.br/site/wp-content/uploads/2025/09/cropped-icon-icpj.png","width":512,"height":512,"caption":"Instituto Cultural Padre Josimo"},"image":{"@id":"https://padrejosimo.com.br/site/#/schema/logo/image/"}}]}</script>
<!-- / Yoast SEO plugin. -->

Artigo | O paradoxo da abundância - Instituto Cultural Padre Josimo

No tempo de Jesus, assim como hoje, o problema não é a falta de comida. É a falta de partilha.

Início

Comprometida com a promoção da justiça social, agroecologia e educação popular
