{"id":3014,"date":"2020-04-05T18:59:25","date_gmt":"2020-04-05T21:59:25","guid":{"rendered":"https:\/\/padrejosimo.com.br\/site\/?post_type=artigos&#038;p=3014"},"modified":"2020-04-05T18:59:25","modified_gmt":"2020-04-05T21:59:25","slug":"artigo-tenho-medo","status":"publish","type":"artigos","link":"https:\/\/padrejosimo.com.br\/site\/artigos\/artigo-tenho-medo\/","title":{"rendered":"Artigo | Tenho medo!"},"content":{"rendered":"<blockquote>\n<p><em>Frei Vanildo Luiz Zugno<\/em><\/p>\n<\/blockquote>\n<p><img fetchpriority=\"high\" decoding=\"async\" class=\"size-full wp-image-3015 alignnone\" src=\"https:\/\/padrejosimo.com.br\/site\/wp-content\/uploads\/2020\/04\/unnamed.jpg\" alt=\"\" width=\"512\" height=\"354\" srcset=\"https:\/\/padrejosimo.com.br\/site\/wp-content\/uploads\/2020\/04\/unnamed.jpg 512w, https:\/\/padrejosimo.com.br\/site\/wp-content\/uploads\/2020\/04\/unnamed-300x207.jpg 300w\" sizes=\"(max-width: 512px) 100vw, 512px\" \/><\/p>\n<p>Tenho medo, sim! E n\u00e3o tenho medo de dizer que tenho medo&#8230; Diz\u00ea-lo com todas as palavras, \u00e9 uma forma de afast\u00e1-lo e poder viver com os medos que me atormentam no dia a dia. S\u00e3o muitos medos: de morrer antes do tempo, medo de nunca mais ver a pessoa amiga que n\u00e3o vejo h\u00e1 tanto tempo, medo de sair de noite, de ser assaltado, medo de aranhas, de subir num lugar alto&#8230; Medos med\u00edocres e grandes medos!<\/p>\n<p>Ter medo \u00e9 natural no ser humano. Faz parte da din\u00e2mica de preserva\u00e7\u00e3o. \u00c9 uma prote\u00e7\u00e3o que nos impede de ir em dire\u00e7\u00e3o ao perigo. O sujeito mais perigoso \u00e9 o que n\u00e3o tem medo. Ele \u00e9 capaz de arriscar a pr\u00f3pria vida por qualquer coisa. Traficantes e milicianos utilizam jovens e crian\u00e7as em suas a\u00e7\u00f5es assassinas. Elas n\u00e3o t\u00eam medo de morrer, pois ainda n\u00e3o sabem o valor da vida.<\/p>\n<p>O medo coletivo pode ser utilizado como estrat\u00e9gia de controle social. Jean Delumeau mostra isso no livro cl\u00e1ssico \u201cA Hist\u00f3ria do Medo no Ocidente\u201d. Tanto as religi\u00f5es como o poder pol\u00edtico utilizaram o medo para controlar fieis e s\u00faditos. Medo do inferno e medo da cadeia. A pol\u00edtica do terror \u00e9 corrente no Ocidente. Do terror da Revolu\u00e7\u00e3o Francesa ao terrorismo isl\u00e2mico. Michel Foucault, por sua vez, nos mostrou que a manipula\u00e7\u00e3o do medo, nas sociedades modernas, foi integrada nos dispositivos da biopol\u00edtica. Impor o medo sobre a popula\u00e7\u00e3o \u00e9 uma forma de fazer pol\u00edtica. E isso conhecemos muito bem no Brasil atual.<\/p>\n<p>Nesse momento, tenho medo do coronav\u00edrus. Ele \u00e9 invis\u00edvel. Circula por todos os lugares de forma \u00e1gil e sorrateira e, quando se instala nos pulm\u00f5es de uma pessoa, \u00e9 o terror! Mata por sufocamento. Tenho medo da Covid19. Muito medo!<\/p>\n<p>Mas tenho mais medo daqueles que n\u00e3o t\u00eam medo da Covid19. Ou que aparentam n\u00e3o ter medo. Sua falta de medo \u00e9 um perigo para a sociedade t\u00e3o grande ou maior que a pr\u00f3pria pandemia. Porque, quem n\u00e3o tem medo, al\u00e9m de expor-se \u00e0 pr\u00f3pria morte, \u00e9 capaz de provocar a morte dos outros.<\/p>\n<p>Diante de um perigo, precisamos nos proteger. N\u00e3o com armas e muito menos com mentiras! \u00c9 preciso encarar o perigo com tranquilidade e, no caso da Covid19, com os recursos da ci\u00eancia.<\/p>\n<p>Neste Domingo de Ramos, lembramos a entrada de Jesus em Jerusal\u00e9m. Ele entrou na cidade com medo. Sabia que nela estavam os chefes do povo judeu que tanto o odiavam. E a\u00ed estavam tamb\u00e9m os soldados romanos prontos para controlar, pelo medo, a popula\u00e7\u00e3o judaica.<\/p>\n<p>Jesus n\u00e3o se armou. Ele dispensou cavalos e soldados. Entrou montado num jumento. Um animal pac\u00edfico que n\u00e3o servia para a guerra. Entrou acompanhado por mulheres e crian\u00e7as que o aclamavam com ramos de paz. Diante do medo dos disc\u00edpulos que mandavam as pessoas calarem, Jesus seguiu seu caminho proclamando a verdade.<\/p>\n<p>\u00c9 tempo de pensarmos em nossos medos. E na forma como os enfrentamos. Fingindo que n\u00e3o temos medo e caminhando para a morte ou assumindo nossos medos e afrontando-os com a coragem da verdade.<\/p>\n","protected":false},"excerpt":{"rendered":"<p>\u00c9 tempo de pensarmos em nossos medos. E na forma como os enfrentamos. Fingindo que n\u00e3o temos medo e caminhando para a morte ou assumindo nossos medos e afrontando-os com a coragem da verdade.<\/p>\n","protected":false},"author":20,"template":"","class_list":["post-3014","artigos","type-artigos","status-publish","hentry"],"acf":[],"yoast_head":"<!-- This site is optimized with the Yoast SEO plugin v27.2 - https:\/\/yoast.com\/product\/yoast-seo-wordpress\/ -->\n<title>Artigo | Tenho medo! - Instituto Cultural Padre Josimo<\/title>\n<meta name=\"robots\" content=\"index, follow, max-snippet:-1, max-image-preview:large, max-video-preview:-1\" \/>\n<link rel=\"canonical\" href=\"https:\/\/padrejosimo.com.br\/site\/artigos\/artigo-tenho-medo\/\" \/>\n<meta property=\"og:locale\" content=\"pt_BR\" \/>\n<meta property=\"og:type\" content=\"article\" \/>\n<meta property=\"og:title\" content=\"Artigo | Tenho medo! - Instituto Cultural Padre Josimo\" \/>\n<meta property=\"og:description\" content=\"\u00c9 tempo de pensarmos em nossos medos. E na forma como os enfrentamos. Fingindo que n\u00e3o temos medo e caminhando para a morte ou assumindo nossos medos e afrontando-os com a coragem da verdade.\" \/>\n<meta property=\"og:url\" content=\"https:\/\/padrejosimo.com.br\/site\/artigos\/artigo-tenho-medo\/\" \/>\n<meta property=\"og:site_name\" content=\"Instituto Cultural Padre Josimo\" \/>\n<meta property=\"og:image\" content=\"https:\/\/padrejosimo.com.br\/site\/wp-content\/uploads\/2020\/04\/unnamed.jpg\" \/>\n<meta name=\"twitter:card\" content=\"summary_large_image\" \/>\n<meta name=\"twitter:label1\" content=\"Est. tempo de leitura\" \/>\n\t<meta name=\"twitter:data1\" content=\"3 minutos\" \/>\n<script type=\"application\/ld+json\" class=\"yoast-schema-graph\">{\"@context\":\"https:\/\/schema.org\",\"@graph\":[{\"@type\":\"WebPage\",\"@id\":\"https:\/\/padrejosimo.com.br\/site\/artigos\/artigo-tenho-medo\/\",\"url\":\"https:\/\/padrejosimo.com.br\/site\/artigos\/artigo-tenho-medo\/\",\"name\":\"Artigo | Tenho medo! - Instituto Cultural Padre Josimo\",\"isPartOf\":{\"@id\":\"https:\/\/padrejosimo.com.br\/site\/#website\"},\"primaryImageOfPage\":{\"@id\":\"https:\/\/padrejosimo.com.br\/site\/artigos\/artigo-tenho-medo\/#primaryimage\"},\"image\":{\"@id\":\"https:\/\/padrejosimo.com.br\/site\/artigos\/artigo-tenho-medo\/#primaryimage\"},\"thumbnailUrl\":\"https:\/\/padrejosimo.com.br\/site\/wp-content\/uploads\/2020\/04\/unnamed.jpg\",\"datePublished\":\"2020-04-05T21:59:25+00:00\",\"breadcrumb\":{\"@id\":\"https:\/\/padrejosimo.com.br\/site\/artigos\/artigo-tenho-medo\/#breadcrumb\"},\"inLanguage\":\"pt-BR\",\"potentialAction\":[{\"@type\":\"ReadAction\",\"target\":[\"https:\/\/padrejosimo.com.br\/site\/artigos\/artigo-tenho-medo\/\"]}]},{\"@type\":\"ImageObject\",\"inLanguage\":\"pt-BR\",\"@id\":\"https:\/\/padrejosimo.com.br\/site\/artigos\/artigo-tenho-medo\/#primaryimage\",\"url\":\"https:\/\/padrejosimo.com.br\/site\/wp-content\/uploads\/2020\/04\/unnamed.jpg\",\"contentUrl\":\"https:\/\/padrejosimo.com.br\/site\/wp-content\/uploads\/2020\/04\/unnamed.jpg\",\"width\":512,\"height\":354},{\"@type\":\"BreadcrumbList\",\"@id\":\"https:\/\/padrejosimo.com.br\/site\/artigos\/artigo-tenho-medo\/#breadcrumb\",\"itemListElement\":[{\"@type\":\"ListItem\",\"position\":1,\"name\":\"In\u00edcio\",\"item\":\"https:\/\/padrejosimo.com.br\/site\/\"},{\"@type\":\"ListItem\",\"position\":2,\"name\":\"Artigos\",\"item\":\"https:\/\/padrejosimo.com.br\/site\/artigos\/\"},{\"@type\":\"ListItem\",\"position\":3,\"name\":\"Artigo | Tenho medo!\"}]},{\"@type\":\"WebSite\",\"@id\":\"https:\/\/padrejosimo.com.br\/site\/#website\",\"url\":\"https:\/\/padrejosimo.com.br\/site\/\",\"name\":\"Instituto Cultural Padre Josimo\",\"description\":\"Comprometida com a promo\u00e7\u00e3o da justi\u00e7a social, agroecologia e educa\u00e7\u00e3o popular\",\"publisher\":{\"@id\":\"https:\/\/padrejosimo.com.br\/site\/#organization\"},\"alternateName\":\"ICPJ\",\"potentialAction\":[{\"@type\":\"SearchAction\",\"target\":{\"@type\":\"EntryPoint\",\"urlTemplate\":\"https:\/\/padrejosimo.com.br\/site\/?s={search_term_string}\"},\"query-input\":{\"@type\":\"PropertyValueSpecification\",\"valueRequired\":true,\"valueName\":\"search_term_string\"}}],\"inLanguage\":\"pt-BR\"},{\"@type\":\"Organization\",\"@id\":\"https:\/\/padrejosimo.com.br\/site\/#organization\",\"name\":\"Instituto Cultural Padre Josimo\",\"alternateName\":\"ICPJ\",\"url\":\"https:\/\/padrejosimo.com.br\/site\/\",\"logo\":{\"@type\":\"ImageObject\",\"inLanguage\":\"pt-BR\",\"@id\":\"https:\/\/padrejosimo.com.br\/site\/#\/schema\/logo\/image\/\",\"url\":\"https:\/\/padrejosimo.com.br\/site\/wp-content\/uploads\/2025\/09\/cropped-icon-icpj.png\",\"contentUrl\":\"https:\/\/padrejosimo.com.br\/site\/wp-content\/uploads\/2025\/09\/cropped-icon-icpj.png\",\"width\":512,\"height\":512,\"caption\":\"Instituto Cultural Padre Josimo\"},\"image\":{\"@id\":\"https:\/\/padrejosimo.com.br\/site\/#\/schema\/logo\/image\/\"}}]}<\/script>\n<!-- \/ Yoast SEO plugin. -->","yoast_head_json":{"title":"Artigo | Tenho medo! - Instituto Cultural Padre Josimo","robots":{"index":"index","follow":"follow","max-snippet":"max-snippet:-1","max-image-preview":"max-image-preview:large","max-video-preview":"max-video-preview:-1"},"canonical":"https:\/\/padrejosimo.com.br\/site\/artigos\/artigo-tenho-medo\/","og_locale":"pt_BR","og_type":"article","og_title":"Artigo | Tenho medo! - Instituto Cultural Padre Josimo","og_description":"\u00c9 tempo de pensarmos em nossos medos. E na forma como os enfrentamos. Fingindo que n\u00e3o temos medo e caminhando para a morte ou assumindo nossos medos e afrontando-os com a coragem da verdade.","og_url":"https:\/\/padrejosimo.com.br\/site\/artigos\/artigo-tenho-medo\/","og_site_name":"Instituto Cultural Padre Josimo","og_image":[{"url":"https:\/\/padrejosimo.com.br\/site\/wp-content\/uploads\/2020\/04\/unnamed.jpg","type":"","width":"","height":""}],"twitter_card":"summary_large_image","twitter_misc":{"Est. tempo de leitura":"3 minutos"},"schema":{"@context":"https:\/\/schema.org","@graph":[{"@type":"WebPage","@id":"https:\/\/padrejosimo.com.br\/site\/artigos\/artigo-tenho-medo\/","url":"https:\/\/padrejosimo.com.br\/site\/artigos\/artigo-tenho-medo\/","name":"Artigo | Tenho medo! - Instituto Cultural Padre Josimo","isPartOf":{"@id":"https:\/\/padrejosimo.com.br\/site\/#website"},"primaryImageOfPage":{"@id":"https:\/\/padrejosimo.com.br\/site\/artigos\/artigo-tenho-medo\/#primaryimage"},"image":{"@id":"https:\/\/padrejosimo.com.br\/site\/artigos\/artigo-tenho-medo\/#primaryimage"},"thumbnailUrl":"https:\/\/padrejosimo.com.br\/site\/wp-content\/uploads\/2020\/04\/unnamed.jpg","datePublished":"2020-04-05T21:59:25+00:00","breadcrumb":{"@id":"https:\/\/padrejosimo.com.br\/site\/artigos\/artigo-tenho-medo\/#breadcrumb"},"inLanguage":"pt-BR","potentialAction":[{"@type":"ReadAction","target":["https:\/\/padrejosimo.com.br\/site\/artigos\/artigo-tenho-medo\/"]}]},{"@type":"ImageObject","inLanguage":"pt-BR","@id":"https:\/\/padrejosimo.com.br\/site\/artigos\/artigo-tenho-medo\/#primaryimage","url":"https:\/\/padrejosimo.com.br\/site\/wp-content\/uploads\/2020\/04\/unnamed.jpg","contentUrl":"https:\/\/padrejosimo.com.br\/site\/wp-content\/uploads\/2020\/04\/unnamed.jpg","width":512,"height":354},{"@type":"BreadcrumbList","@id":"https:\/\/padrejosimo.com.br\/site\/artigos\/artigo-tenho-medo\/#breadcrumb","itemListElement":[{"@type":"ListItem","position":1,"name":"In\u00edcio","item":"https:\/\/padrejosimo.com.br\/site\/"},{"@type":"ListItem","position":2,"name":"Artigos","item":"https:\/\/padrejosimo.com.br\/site\/artigos\/"},{"@type":"ListItem","position":3,"name":"Artigo | Tenho medo!"}]},{"@type":"WebSite","@id":"https:\/\/padrejosimo.com.br\/site\/#website","url":"https:\/\/padrejosimo.com.br\/site\/","name":"Instituto Cultural Padre Josimo","description":"Comprometida com a promo\u00e7\u00e3o da justi\u00e7a social, agroecologia e educa\u00e7\u00e3o popular","publisher":{"@id":"https:\/\/padrejosimo.com.br\/site\/#organization"},"alternateName":"ICPJ","potentialAction":[{"@type":"SearchAction","target":{"@type":"EntryPoint","urlTemplate":"https:\/\/padrejosimo.com.br\/site\/?s={search_term_string}"},"query-input":{"@type":"PropertyValueSpecification","valueRequired":true,"valueName":"search_term_string"}}],"inLanguage":"pt-BR"},{"@type":"Organization","@id":"https:\/\/padrejosimo.com.br\/site\/#organization","name":"Instituto Cultural Padre Josimo","alternateName":"ICPJ","url":"https:\/\/padrejosimo.com.br\/site\/","logo":{"@type":"ImageObject","inLanguage":"pt-BR","@id":"https:\/\/padrejosimo.com.br\/site\/#\/schema\/logo\/image\/","url":"https:\/\/padrejosimo.com.br\/site\/wp-content\/uploads\/2025\/09\/cropped-icon-icpj.png","contentUrl":"https:\/\/padrejosimo.com.br\/site\/wp-content\/uploads\/2025\/09\/cropped-icon-icpj.png","width":512,"height":512,"caption":"Instituto Cultural Padre Josimo"},"image":{"@id":"https:\/\/padrejosimo.com.br\/site\/#\/schema\/logo\/image\/"}}]}},"_links":{"self":[{"href":"https:\/\/padrejosimo.com.br\/site\/wp-json\/wp\/v2\/artigos\/3014","targetHints":{"allow":["GET"]}}],"collection":[{"href":"https:\/\/padrejosimo.com.br\/site\/wp-json\/wp\/v2\/artigos"}],"about":[{"href":"https:\/\/padrejosimo.com.br\/site\/wp-json\/wp\/v2\/types\/artigos"}],"author":[{"embeddable":true,"href":"https:\/\/padrejosimo.com.br\/site\/wp-json\/wp\/v2\/users\/20"}],"wp:attachment":[{"href":"https:\/\/padrejosimo.com.br\/site\/wp-json\/wp\/v2\/media?parent=3014"}],"curies":[{"name":"wp","href":"https:\/\/api.w.org\/{rel}","templated":true}]}}

<blockquote>
<p><em>Frei Vanildo Luiz Zugno</em></p>
</blockquote>
<p><img fetchpriority="high" decoding="async" class="size-full wp-image-3015 alignnone" src="https://padrejosimo.com.br/site/wp-content/uploads/2020/04/unnamed.jpg" alt="" width="512" height="354" srcset="https://padrejosimo.com.br/site/wp-content/uploads/2020/04/unnamed.jpg 512w, https://padrejosimo.com.br/site/wp-content/uploads/2020/04/unnamed-300x207.jpg 300w" sizes="(max-width: 512px) 100vw, 512px" /></p>
<p>Tenho medo, sim! E não tenho medo de dizer que tenho medo&#8230; Dizê-lo com todas as palavras, é uma forma de afastá-lo e poder viver com os medos que me atormentam no dia a dia. São muitos medos: de morrer antes do tempo, medo de nunca mais ver a pessoa amiga que não vejo há tanto tempo, medo de sair de noite, de ser assaltado, medo de aranhas, de subir num lugar alto&#8230; Medos medíocres e grandes medos!</p>
<p>Ter medo é natural no ser humano. Faz parte da dinâmica de preservação. É uma proteção que nos impede de ir em direção ao perigo. O sujeito mais perigoso é o que não tem medo. Ele é capaz de arriscar a própria vida por qualquer coisa. Traficantes e milicianos utilizam jovens e crianças em suas ações assassinas. Elas não têm medo de morrer, pois ainda não sabem o valor da vida.</p>
<p>O medo coletivo pode ser utilizado como estratégia de controle social. Jean Delumeau mostra isso no livro clássico “A História do Medo no Ocidente”. Tanto as religiões como o poder político utilizaram o medo para controlar fieis e súditos. Medo do inferno e medo da cadeia. A política do terror é corrente no Ocidente. Do terror da Revolução Francesa ao terrorismo islâmico. Michel Foucault, por sua vez, nos mostrou que a manipulação do medo, nas sociedades modernas, foi integrada nos dispositivos da biopolítica. Impor o medo sobre a população é uma forma de fazer política. E isso conhecemos muito bem no Brasil atual.</p>
<p>Nesse momento, tenho medo do coronavírus. Ele é invisível. Circula por todos os lugares de forma ágil e sorrateira e, quando se instala nos pulmões de uma pessoa, é o terror! Mata por sufocamento. Tenho medo da Covid19. Muito medo!</p>
<p>Mas tenho mais medo daqueles que não têm medo da Covid19. Ou que aparentam não ter medo. Sua falta de medo é um perigo para a sociedade tão grande ou maior que a própria pandemia. Porque, quem não tem medo, além de expor-se à própria morte, é capaz de provocar a morte dos outros.</p>
<p>Diante de um perigo, precisamos nos proteger. Não com armas e muito menos com mentiras! É preciso encarar o perigo com tranquilidade e, no caso da Covid19, com os recursos da ciência.</p>
<p>Neste Domingo de Ramos, lembramos a entrada de Jesus em Jerusalém. Ele entrou na cidade com medo. Sabia que nela estavam os chefes do povo judeu que tanto o odiavam. E aí estavam também os soldados romanos prontos para controlar, pelo medo, a população judaica.</p>
<p>Jesus não se armou. Ele dispensou cavalos e soldados. Entrou montado num jumento. Um animal pacífico que não servia para a guerra. Entrou acompanhado por mulheres e crianças que o aclamavam com ramos de paz. Diante do medo dos discípulos que mandavam as pessoas calarem, Jesus seguiu seu caminho proclamando a verdade.</p>
<p>É tempo de pensarmos em nossos medos. E na forma como os enfrentamos. Fingindo que não temos medo e caminhando para a morte ou assumindo nossos medos e afrontando-os com a coragem da verdade.</p>

<p>É tempo de pensarmos em nossos medos. E na forma como os enfrentamos. Fingindo que não temos medo e caminhando para a morte ou assumindo nossos medos e afrontando-os com a coragem da verdade.</p>

<!-- This site is optimized with the Yoast SEO plugin v27.2 - https://yoast.com/product/yoast-seo-wordpress/ -->
<title>Artigo | Tenho medo! - Instituto Cultural Padre Josimo</title>
<meta name="robots" content="index, follow, max-snippet:-1, max-image-preview:large, max-video-preview:-1" />
<link rel="canonical" href="https://padrejosimo.com.br/site/artigos/artigo-tenho-medo/" />
<meta property="og:locale" content="pt_BR" />
<meta property="og:type" content="article" />
<meta property="og:title" content="Artigo | Tenho medo! - Instituto Cultural Padre Josimo" />
<meta property="og:description" content="É tempo de pensarmos em nossos medos. E na forma como os enfrentamos. Fingindo que não temos medo e caminhando para a morte ou assumindo nossos medos e afrontando-os com a coragem da verdade." />
<meta property="og:url" content="https://padrejosimo.com.br/site/artigos/artigo-tenho-medo/" />
<meta property="og:site_name" content="Instituto Cultural Padre Josimo" />
<meta property="og:image" content="https://padrejosimo.com.br/site/wp-content/uploads/2020/04/unnamed.jpg" />
<meta name="twitter:card" content="summary_large_image" />
<meta name="twitter:label1" content="Est. tempo de leitura" />
	<meta name="twitter:data1" content="3 minutos" />
<script type="application/ld+json" class="yoast-schema-graph">{"@context":"https://schema.org","@graph":[{"@type":"WebPage","@id":"https://padrejosimo.com.br/site/artigos/artigo-tenho-medo/","url":"https://padrejosimo.com.br/site/artigos/artigo-tenho-medo/","name":"Artigo | Tenho medo! - Instituto Cultural Padre Josimo","isPartOf":{"@id":"https://padrejosimo.com.br/site/#website"},"primaryImageOfPage":{"@id":"https://padrejosimo.com.br/site/artigos/artigo-tenho-medo/#primaryimage"},"image":{"@id":"https://padrejosimo.com.br/site/artigos/artigo-tenho-medo/#primaryimage"},"thumbnailUrl":"https://padrejosimo.com.br/site/wp-content/uploads/2020/04/unnamed.jpg","datePublished":"2020-04-05T21:59:25+00:00","breadcrumb":{"@id":"https://padrejosimo.com.br/site/artigos/artigo-tenho-medo/#breadcrumb"},"inLanguage":"pt-BR","potentialAction":[{"@type":"ReadAction","target":["https://padrejosimo.com.br/site/artigos/artigo-tenho-medo/"]}]},{"@type":"ImageObject","inLanguage":"pt-BR","@id":"https://padrejosimo.com.br/site/artigos/artigo-tenho-medo/#primaryimage","url":"https://padrejosimo.com.br/site/wp-content/uploads/2020/04/unnamed.jpg","contentUrl":"https://padrejosimo.com.br/site/wp-content/uploads/2020/04/unnamed.jpg","width":512,"height":354},{"@type":"BreadcrumbList","@id":"https://padrejosimo.com.br/site/artigos/artigo-tenho-medo/#breadcrumb","itemListElement":[{"@type":"ListItem","position":1,"name":"Início","item":"https://padrejosimo.com.br/site/"},{"@type":"ListItem","position":2,"name":"Artigos","item":"https://padrejosimo.com.br/site/artigos/"},{"@type":"ListItem","position":3,"name":"Artigo | Tenho medo!"}]},{"@type":"WebSite","@id":"https://padrejosimo.com.br/site/#website","url":"https://padrejosimo.com.br/site/","name":"Instituto Cultural Padre Josimo","description":"Comprometida com a promoção da justiça social, agroecologia e educação popular","publisher":{"@id":"https://padrejosimo.com.br/site/#organization"},"alternateName":"ICPJ","potentialAction":[{"@type":"SearchAction","target":{"@type":"EntryPoint","urlTemplate":"https://padrejosimo.com.br/site/?s={search_term_string}"},"query-input":{"@type":"PropertyValueSpecification","valueRequired":true,"valueName":"search_term_string"}}],"inLanguage":"pt-BR"},{"@type":"Organization","@id":"https://padrejosimo.com.br/site/#organization","name":"Instituto Cultural Padre Josimo","alternateName":"ICPJ","url":"https://padrejosimo.com.br/site/","logo":{"@type":"ImageObject","inLanguage":"pt-BR","@id":"https://padrejosimo.com.br/site/#/schema/logo/image/","url":"https://padrejosimo.com.br/site/wp-content/uploads/2025/09/cropped-icon-icpj.png","contentUrl":"https://padrejosimo.com.br/site/wp-content/uploads/2025/09/cropped-icon-icpj.png","width":512,"height":512,"caption":"Instituto Cultural Padre Josimo"},"image":{"@id":"https://padrejosimo.com.br/site/#/schema/logo/image/"}}]}</script>
<!-- / Yoast SEO plugin. -->

É tempo de pensarmos em nossos medos. E na forma como os enfrentamos. Fingindo que não temos medo e caminhando para a morte ou assumindo nossos medos e afrontando-os com a coragem da verdade.

Início

Comprometida com a promoção da justiça social, agroecologia e educação popular
