{"id":1016,"date":"2018-06-13T00:01:27","date_gmt":"2018-06-13T03:01:27","guid":{"rendered":"https:\/\/padrejosimo.com.br\/site\/?post_type=artigos&#038;p=1016"},"modified":"2018-06-11T09:41:21","modified_gmt":"2018-06-11T12:41:21","slug":"santo-antonio-de-padua","status":"publish","type":"artigos","link":"https:\/\/padrejosimo.com.br\/site\/artigos\/santo-antonio-de-padua\/","title":{"rendered":"SANTO ANT\u00d4NIO DE P\u00c1DUA"},"content":{"rendered":"<p>&nbsp;<\/p>\n<p>*Frei Wilson Zanatta<\/p>\n<p>&nbsp;<\/p>\n<p>Nasceu em Lisboa, Portugal, em 1195 e morreu em 1231, pr\u00f3ximo a P\u00e1dua, It\u00e1lia, com 36 anos de idade. Ant\u00f4nio, que levava de batismo o nome de \u00a0Fernando de Bulh\u00f5es y Taveira de Azevedo. Com 16 anos, entrou para a Ordem dos Padres Agostinianos em Lisboa. Foi transferido para Coimbra. L\u00e1 ficou 10 anos estudando, rezando e trabalhando,\u00a0 longe de sua fam\u00edlia. Neste convento frequentavam sempre uns Frades Menores de S\u00e3o Francisco que pediam esmolas. Ant\u00f4nio se afei\u00e7oou a eles e gostava de sua maneira simples de viver.<\/p>\n<p>Certo dia ele viu passar pela rua cinco ata\u00fades trazidos de Marrocos. Eram os cinco frades mission\u00e1rios franciscanos, martirizados, o que lhe causou um forte abalo e o desejo de ser tamb\u00e9m mission\u00e1rio. Para isso pediu para entrar na Ordem dos Franciscanos. Vestiu o h\u00e1bito franciscano e foi mandado, junto com frei Felipe para o Marrocos. A\u00ed ficou doente e voltou de navio, e perto da It\u00e1lia naufragou. Por\u00e9m salvou-se e foi parar em Messina. Mais tarde iniciou o seu grande apostolado na It\u00e1lia e sul da Fran\u00e7a.<\/p>\n<p>Santo Ant\u00f4nio era profundo conhecedor das Sagradas Escrituras e dedicava-se tamb\u00e9m a ensinar teologia aos frades. Antes de ser um ex\u00edmio pregador, foi \u00f3timo cozinheiro dos frades. Tinha uma vida pobre, desapegada e simples. Sua fama de santidade prevalecia ainda em vida. Ap\u00f3s sua morte, em 10 meses j\u00e1 foi levado aos altares, reconhecido pela Igreja como Santo.<\/p>\n<p>Santo Ant\u00f4nio casamenteiro, das causas perdidas, dos objetos perdidos e do amor aos mais pobres, simbolizado no \u201cP\u00e3o dos Pobres\u201d, aben\u00e7oado por Santo Ant\u00f4nio. Tudo ainda muito presente nos dias de hoje.<\/p>\n<p>Venerado e admirado por tanta gente, que buscam em Santo Ant\u00f4nio um modelo de f\u00e9, amor aos pobres e seguimento a Jesus Cristo.<\/p>\n<p>&nbsp;<\/p>\n<p>*Frei Wilson Zanatta \u00e9 frade franciscano capuchinho e autor de diversos livros entre os quais est\u00e1 &#8220;<span style=\"font-size: 12pt;\"><a href=\"https:\/\/padrejosimo.com.br\/loja\/produto\/padroeiros-e-padroeiras-das-comunidades-de-hulha-negra-candiota-acegua-no-rs\/\">Padroeiros e Padroeiras das Comunidades de Hulha Negra, Candiota, Acegu\u00e1 no RS<\/a>&#8220;.<\/span><\/p>\n","protected":false},"excerpt":{"rendered":"<p>Nasceu em Lisboa, Portugal, em 1195 e morreu em 1231, pr\u00f3ximo a P\u00e1dua, It\u00e1lia, com 36 anos de idade. Ant\u00f4nio, que levava de batismo o nome de  Fernando de Bulh\u00f5es y Taveira de Azevedo. Com 16 anos, entrou para a Ordem dos Padres Agostinianos em Lisboa. Foi transferido para Coimbra. L\u00e1 ficou 10 anos estudando, rezando e trabalhando,  longe de sua fam\u00edlia. Neste convento frequentavam sempre uns Frades Menores de S\u00e3o Francisco que pediam esmolas. Ant\u00f4nio se afei\u00e7oou a eles e gostava de sua maneira simples de viver.<\/p>\n","protected":false},"author":6,"template":"","class_list":["post-1016","artigos","type-artigos","status-publish","hentry"],"acf":[],"yoast_head":"<!-- This site is optimized with the Yoast SEO plugin v27.2 - https:\/\/yoast.com\/product\/yoast-seo-wordpress\/ -->\n<title>SANTO ANT\u00d4NIO DE P\u00c1DUA - Instituto Cultural Padre Josimo<\/title>\n<meta name=\"robots\" content=\"index, follow, max-snippet:-1, max-image-preview:large, max-video-preview:-1\" \/>\n<link rel=\"canonical\" href=\"https:\/\/padrejosimo.com.br\/site\/artigos\/santo-antonio-de-padua\/\" \/>\n<meta property=\"og:locale\" content=\"pt_BR\" \/>\n<meta property=\"og:type\" content=\"article\" \/>\n<meta property=\"og:title\" content=\"SANTO ANT\u00d4NIO DE P\u00c1DUA - Instituto Cultural Padre Josimo\" \/>\n<meta property=\"og:description\" content=\"Nasceu em Lisboa, Portugal, em 1195 e morreu em 1231, pr\u00f3ximo a P\u00e1dua, It\u00e1lia, com 36 anos de idade. Ant\u00f4nio, que levava de batismo o nome de Fernando de Bulh\u00f5es y Taveira de Azevedo. Com 16 anos, entrou para a Ordem dos Padres Agostinianos em Lisboa. Foi transferido para Coimbra. L\u00e1 ficou 10 anos estudando, rezando e trabalhando, longe de sua fam\u00edlia. Neste convento frequentavam sempre uns Frades Menores de S\u00e3o Francisco que pediam esmolas. Ant\u00f4nio se afei\u00e7oou a eles e gostava de sua maneira simples de viver.\" \/>\n<meta property=\"og:url\" content=\"https:\/\/padrejosimo.com.br\/site\/artigos\/santo-antonio-de-padua\/\" \/>\n<meta property=\"og:site_name\" content=\"Instituto Cultural Padre Josimo\" \/>\n<meta property=\"og:image\" content=\"https:\/\/padrejosimo.com.br\/site\/wp-content\/uploads\/2025\/09\/cropped-icon-icpj.png\" \/>\n\t<meta property=\"og:image:width\" content=\"512\" \/>\n\t<meta property=\"og:image:height\" content=\"512\" \/>\n\t<meta property=\"og:image:type\" content=\"image\/png\" \/>\n<meta name=\"twitter:card\" content=\"summary_large_image\" \/>\n<meta name=\"twitter:label1\" content=\"Est. tempo de leitura\" \/>\n\t<meta name=\"twitter:data1\" content=\"2 minutos\" \/>\n<script type=\"application\/ld+json\" class=\"yoast-schema-graph\">{\"@context\":\"https:\/\/schema.org\",\"@graph\":[{\"@type\":\"WebPage\",\"@id\":\"https:\/\/padrejosimo.com.br\/site\/artigos\/santo-antonio-de-padua\/\",\"url\":\"https:\/\/padrejosimo.com.br\/site\/artigos\/santo-antonio-de-padua\/\",\"name\":\"SANTO ANT\u00d4NIO DE P\u00c1DUA - Instituto Cultural Padre Josimo\",\"isPartOf\":{\"@id\":\"https:\/\/padrejosimo.com.br\/site\/#website\"},\"datePublished\":\"2018-06-13T03:01:27+00:00\",\"breadcrumb\":{\"@id\":\"https:\/\/padrejosimo.com.br\/site\/artigos\/santo-antonio-de-padua\/#breadcrumb\"},\"inLanguage\":\"pt-BR\",\"potentialAction\":[{\"@type\":\"ReadAction\",\"target\":[\"https:\/\/padrejosimo.com.br\/site\/artigos\/santo-antonio-de-padua\/\"]}]},{\"@type\":\"BreadcrumbList\",\"@id\":\"https:\/\/padrejosimo.com.br\/site\/artigos\/santo-antonio-de-padua\/#breadcrumb\",\"itemListElement\":[{\"@type\":\"ListItem\",\"position\":1,\"name\":\"In\u00edcio\",\"item\":\"https:\/\/padrejosimo.com.br\/site\/\"},{\"@type\":\"ListItem\",\"position\":2,\"name\":\"Artigos\",\"item\":\"https:\/\/padrejosimo.com.br\/site\/artigos\/\"},{\"@type\":\"ListItem\",\"position\":3,\"name\":\"SANTO ANT\u00d4NIO DE P\u00c1DUA\"}]},{\"@type\":\"WebSite\",\"@id\":\"https:\/\/padrejosimo.com.br\/site\/#website\",\"url\":\"https:\/\/padrejosimo.com.br\/site\/\",\"name\":\"Instituto Cultural Padre Josimo\",\"description\":\"Comprometida com a promo\u00e7\u00e3o da justi\u00e7a social, agroecologia e educa\u00e7\u00e3o popular\",\"publisher\":{\"@id\":\"https:\/\/padrejosimo.com.br\/site\/#organization\"},\"alternateName\":\"ICPJ\",\"potentialAction\":[{\"@type\":\"SearchAction\",\"target\":{\"@type\":\"EntryPoint\",\"urlTemplate\":\"https:\/\/padrejosimo.com.br\/site\/?s={search_term_string}\"},\"query-input\":{\"@type\":\"PropertyValueSpecification\",\"valueRequired\":true,\"valueName\":\"search_term_string\"}}],\"inLanguage\":\"pt-BR\"},{\"@type\":\"Organization\",\"@id\":\"https:\/\/padrejosimo.com.br\/site\/#organization\",\"name\":\"Instituto Cultural Padre Josimo\",\"alternateName\":\"ICPJ\",\"url\":\"https:\/\/padrejosimo.com.br\/site\/\",\"logo\":{\"@type\":\"ImageObject\",\"inLanguage\":\"pt-BR\",\"@id\":\"https:\/\/padrejosimo.com.br\/site\/#\/schema\/logo\/image\/\",\"url\":\"https:\/\/padrejosimo.com.br\/site\/wp-content\/uploads\/2025\/09\/cropped-icon-icpj.png\",\"contentUrl\":\"https:\/\/padrejosimo.com.br\/site\/wp-content\/uploads\/2025\/09\/cropped-icon-icpj.png\",\"width\":512,\"height\":512,\"caption\":\"Instituto Cultural Padre Josimo\"},\"image\":{\"@id\":\"https:\/\/padrejosimo.com.br\/site\/#\/schema\/logo\/image\/\"}}]}<\/script>\n<!-- \/ Yoast SEO plugin. -->","yoast_head_json":{"title":"SANTO ANT\u00d4NIO DE P\u00c1DUA - Instituto Cultural Padre Josimo","robots":{"index":"index","follow":"follow","max-snippet":"max-snippet:-1","max-image-preview":"max-image-preview:large","max-video-preview":"max-video-preview:-1"},"canonical":"https:\/\/padrejosimo.com.br\/site\/artigos\/santo-antonio-de-padua\/","og_locale":"pt_BR","og_type":"article","og_title":"SANTO ANT\u00d4NIO DE P\u00c1DUA - Instituto Cultural Padre Josimo","og_description":"Nasceu em Lisboa, Portugal, em 1195 e morreu em 1231, pr\u00f3ximo a P\u00e1dua, It\u00e1lia, com 36 anos de idade. Ant\u00f4nio, que levava de batismo o nome de Fernando de Bulh\u00f5es y Taveira de Azevedo. Com 16 anos, entrou para a Ordem dos Padres Agostinianos em Lisboa. Foi transferido para Coimbra. L\u00e1 ficou 10 anos estudando, rezando e trabalhando, longe de sua fam\u00edlia. Neste convento frequentavam sempre uns Frades Menores de S\u00e3o Francisco que pediam esmolas. Ant\u00f4nio se afei\u00e7oou a eles e gostava de sua maneira simples de viver.","og_url":"https:\/\/padrejosimo.com.br\/site\/artigos\/santo-antonio-de-padua\/","og_site_name":"Instituto Cultural Padre Josimo","og_image":[{"width":512,"height":512,"url":"https:\/\/padrejosimo.com.br\/site\/wp-content\/uploads\/2025\/09\/cropped-icon-icpj.png","type":"image\/png"}],"twitter_card":"summary_large_image","twitter_misc":{"Est. tempo de leitura":"2 minutos"},"schema":{"@context":"https:\/\/schema.org","@graph":[{"@type":"WebPage","@id":"https:\/\/padrejosimo.com.br\/site\/artigos\/santo-antonio-de-padua\/","url":"https:\/\/padrejosimo.com.br\/site\/artigos\/santo-antonio-de-padua\/","name":"SANTO ANT\u00d4NIO DE P\u00c1DUA - Instituto Cultural Padre Josimo","isPartOf":{"@id":"https:\/\/padrejosimo.com.br\/site\/#website"},"datePublished":"2018-06-13T03:01:27+00:00","breadcrumb":{"@id":"https:\/\/padrejosimo.com.br\/site\/artigos\/santo-antonio-de-padua\/#breadcrumb"},"inLanguage":"pt-BR","potentialAction":[{"@type":"ReadAction","target":["https:\/\/padrejosimo.com.br\/site\/artigos\/santo-antonio-de-padua\/"]}]},{"@type":"BreadcrumbList","@id":"https:\/\/padrejosimo.com.br\/site\/artigos\/santo-antonio-de-padua\/#breadcrumb","itemListElement":[{"@type":"ListItem","position":1,"name":"In\u00edcio","item":"https:\/\/padrejosimo.com.br\/site\/"},{"@type":"ListItem","position":2,"name":"Artigos","item":"https:\/\/padrejosimo.com.br\/site\/artigos\/"},{"@type":"ListItem","position":3,"name":"SANTO ANT\u00d4NIO DE P\u00c1DUA"}]},{"@type":"WebSite","@id":"https:\/\/padrejosimo.com.br\/site\/#website","url":"https:\/\/padrejosimo.com.br\/site\/","name":"Instituto Cultural Padre Josimo","description":"Comprometida com a promo\u00e7\u00e3o da justi\u00e7a social, agroecologia e educa\u00e7\u00e3o popular","publisher":{"@id":"https:\/\/padrejosimo.com.br\/site\/#organization"},"alternateName":"ICPJ","potentialAction":[{"@type":"SearchAction","target":{"@type":"EntryPoint","urlTemplate":"https:\/\/padrejosimo.com.br\/site\/?s={search_term_string}"},"query-input":{"@type":"PropertyValueSpecification","valueRequired":true,"valueName":"search_term_string"}}],"inLanguage":"pt-BR"},{"@type":"Organization","@id":"https:\/\/padrejosimo.com.br\/site\/#organization","name":"Instituto Cultural Padre Josimo","alternateName":"ICPJ","url":"https:\/\/padrejosimo.com.br\/site\/","logo":{"@type":"ImageObject","inLanguage":"pt-BR","@id":"https:\/\/padrejosimo.com.br\/site\/#\/schema\/logo\/image\/","url":"https:\/\/padrejosimo.com.br\/site\/wp-content\/uploads\/2025\/09\/cropped-icon-icpj.png","contentUrl":"https:\/\/padrejosimo.com.br\/site\/wp-content\/uploads\/2025\/09\/cropped-icon-icpj.png","width":512,"height":512,"caption":"Instituto Cultural Padre Josimo"},"image":{"@id":"https:\/\/padrejosimo.com.br\/site\/#\/schema\/logo\/image\/"}}]}},"_links":{"self":[{"href":"https:\/\/padrejosimo.com.br\/site\/wp-json\/wp\/v2\/artigos\/1016","targetHints":{"allow":["GET"]}}],"collection":[{"href":"https:\/\/padrejosimo.com.br\/site\/wp-json\/wp\/v2\/artigos"}],"about":[{"href":"https:\/\/padrejosimo.com.br\/site\/wp-json\/wp\/v2\/types\/artigos"}],"author":[{"embeddable":true,"href":"https:\/\/padrejosimo.com.br\/site\/wp-json\/wp\/v2\/users\/6"}],"wp:attachment":[{"href":"https:\/\/padrejosimo.com.br\/site\/wp-json\/wp\/v2\/media?parent=1016"}],"curies":[{"name":"wp","href":"https:\/\/api.w.org\/{rel}","templated":true}]}}

SANTO ANTÔNIO DE PÁDUA

<p>&nbsp;</p>
<p>*Frei Wilson Zanatta</p>
<p>&nbsp;</p>
<p>Nasceu em Lisboa, Portugal, em 1195 e morreu em 1231, próximo a Pádua, Itália, com 36 anos de idade. Antônio, que levava de batismo o nome de  Fernando de Bulhões y Taveira de Azevedo. Com 16 anos, entrou para a Ordem dos Padres Agostinianos em Lisboa. Foi transferido para Coimbra. Lá ficou 10 anos estudando, rezando e trabalhando,  longe de sua família. Neste convento frequentavam sempre uns Frades Menores de São Francisco que pediam esmolas. Antônio se afeiçoou a eles e gostava de sua maneira simples de viver.</p>
<p>Certo dia ele viu passar pela rua cinco ataúdes trazidos de Marrocos. Eram os cinco frades missionários franciscanos, martirizados, o que lhe causou um forte abalo e o desejo de ser também missionário. Para isso pediu para entrar na Ordem dos Franciscanos. Vestiu o hábito franciscano e foi mandado, junto com frei Felipe para o Marrocos. Aí ficou doente e voltou de navio, e perto da Itália naufragou. Porém salvou-se e foi parar em Messina. Mais tarde iniciou o seu grande apostolado na Itália e sul da França.</p>
<p>Santo Antônio era profundo conhecedor das Sagradas Escrituras e dedicava-se também a ensinar teologia aos frades. Antes de ser um exímio pregador, foi ótimo cozinheiro dos frades. Tinha uma vida pobre, desapegada e simples. Sua fama de santidade prevalecia ainda em vida. Após sua morte, em 10 meses já foi levado aos altares, reconhecido pela Igreja como Santo.</p>
<p>Santo Antônio casamenteiro, das causas perdidas, dos objetos perdidos e do amor aos mais pobres, simbolizado no “Pão dos Pobres”, abençoado por Santo Antônio. Tudo ainda muito presente nos dias de hoje.</p>
<p>Venerado e admirado por tanta gente, que buscam em Santo Antônio um modelo de fé, amor aos pobres e seguimento a Jesus Cristo.</p>
<p>&nbsp;</p>
<p>*Frei Wilson Zanatta é frade franciscano capuchinho e autor de diversos livros entre os quais está &#8220;<span style="font-size: 12pt;"><a href="https://padrejosimo.com.br/loja/produto/padroeiros-e-padroeiras-das-comunidades-de-hulha-negra-candiota-acegua-no-rs/">Padroeiros e Padroeiras das Comunidades de Hulha Negra, Candiota, Aceguá no RS</a>&#8220;.</span></p>

<p>Nasceu em Lisboa, Portugal, em 1195 e morreu em 1231, próximo a Pádua, Itália, com 36 anos de idade. Antônio, que levava de batismo o nome de  Fernando de Bulhões y Taveira de Azevedo. Com 16 anos, entrou para a Ordem dos Padres Agostinianos em Lisboa. Foi transferido para Coimbra. Lá ficou 10 anos estudando, rezando e trabalhando,  longe de sua família. Neste convento frequentavam sempre uns Frades Menores de São Francisco que pediam esmolas. Antônio se afeiçoou a eles e gostava de sua maneira simples de viver.</p>

<!-- This site is optimized with the Yoast SEO plugin v27.2 - https://yoast.com/product/yoast-seo-wordpress/ -->
<title>SANTO ANTÔNIO DE PÁDUA - Instituto Cultural Padre Josimo</title>
<meta name="robots" content="index, follow, max-snippet:-1, max-image-preview:large, max-video-preview:-1" />
<link rel="canonical" href="https://padrejosimo.com.br/site/artigos/santo-antonio-de-padua/" />
<meta property="og:locale" content="pt_BR" />
<meta property="og:type" content="article" />
<meta property="og:title" content="SANTO ANTÔNIO DE PÁDUA - Instituto Cultural Padre Josimo" />
<meta property="og:description" content="Nasceu em Lisboa, Portugal, em 1195 e morreu em 1231, próximo a Pádua, Itália, com 36 anos de idade. Antônio, que levava de batismo o nome de Fernando de Bulhões y Taveira de Azevedo. Com 16 anos, entrou para a Ordem dos Padres Agostinianos em Lisboa. Foi transferido para Coimbra. Lá ficou 10 anos estudando, rezando e trabalhando, longe de sua família. Neste convento frequentavam sempre uns Frades Menores de São Francisco que pediam esmolas. Antônio se afeiçoou a eles e gostava de sua maneira simples de viver." />
<meta property="og:url" content="https://padrejosimo.com.br/site/artigos/santo-antonio-de-padua/" />
<meta property="og:site_name" content="Instituto Cultural Padre Josimo" />
<meta property="og:image" content="https://padrejosimo.com.br/site/wp-content/uploads/2025/09/cropped-icon-icpj.png" />
	<meta property="og:image:width" content="512" />
	<meta property="og:image:height" content="512" />
	<meta property="og:image:type" content="image/png" />
<meta name="twitter:card" content="summary_large_image" />
<meta name="twitter:label1" content="Est. tempo de leitura" />
	<meta name="twitter:data1" content="2 minutos" />
<script type="application/ld+json" class="yoast-schema-graph">{"@context":"https://schema.org","@graph":[{"@type":"WebPage","@id":"https://padrejosimo.com.br/site/artigos/santo-antonio-de-padua/","url":"https://padrejosimo.com.br/site/artigos/santo-antonio-de-padua/","name":"SANTO ANTÔNIO DE PÁDUA - Instituto Cultural Padre Josimo","isPartOf":{"@id":"https://padrejosimo.com.br/site/#website"},"datePublished":"2018-06-13T03:01:27+00:00","breadcrumb":{"@id":"https://padrejosimo.com.br/site/artigos/santo-antonio-de-padua/#breadcrumb"},"inLanguage":"pt-BR","potentialAction":[{"@type":"ReadAction","target":["https://padrejosimo.com.br/site/artigos/santo-antonio-de-padua/"]}]},{"@type":"BreadcrumbList","@id":"https://padrejosimo.com.br/site/artigos/santo-antonio-de-padua/#breadcrumb","itemListElement":[{"@type":"ListItem","position":1,"name":"Início","item":"https://padrejosimo.com.br/site/"},{"@type":"ListItem","position":2,"name":"Artigos","item":"https://padrejosimo.com.br/site/artigos/"},{"@type":"ListItem","position":3,"name":"SANTO ANTÔNIO DE PÁDUA"}]},{"@type":"WebSite","@id":"https://padrejosimo.com.br/site/#website","url":"https://padrejosimo.com.br/site/","name":"Instituto Cultural Padre Josimo","description":"Comprometida com a promoção da justiça social, agroecologia e educação popular","publisher":{"@id":"https://padrejosimo.com.br/site/#organization"},"alternateName":"ICPJ","potentialAction":[{"@type":"SearchAction","target":{"@type":"EntryPoint","urlTemplate":"https://padrejosimo.com.br/site/?s={search_term_string}"},"query-input":{"@type":"PropertyValueSpecification","valueRequired":true,"valueName":"search_term_string"}}],"inLanguage":"pt-BR"},{"@type":"Organization","@id":"https://padrejosimo.com.br/site/#organization","name":"Instituto Cultural Padre Josimo","alternateName":"ICPJ","url":"https://padrejosimo.com.br/site/","logo":{"@type":"ImageObject","inLanguage":"pt-BR","@id":"https://padrejosimo.com.br/site/#/schema/logo/image/","url":"https://padrejosimo.com.br/site/wp-content/uploads/2025/09/cropped-icon-icpj.png","contentUrl":"https://padrejosimo.com.br/site/wp-content/uploads/2025/09/cropped-icon-icpj.png","width":512,"height":512,"caption":"Instituto Cultural Padre Josimo"},"image":{"@id":"https://padrejosimo.com.br/site/#/schema/logo/image/"}}]}</script>
<!-- / Yoast SEO plugin. -->

SANTO ANTÔNIO DE PÁDUA - Instituto Cultural Padre Josimo

Nasceu em Lisboa, Portugal, em 1195 e morreu em 1231, próximo a Pádua, Itália, com 36 anos de idade. Antônio, que levava de batismo o nome de Fernando de Bulhões y Taveira de Azevedo. Com 16 anos, entrou para a Ordem dos Padres Agostinianos em Lisboa. Foi transferido para Coimbra. Lá ficou 10 anos estudando, rezando e trabalhando, longe de sua família. Neste convento frequentavam sempre uns Frades Menores de São Francisco que pediam esmolas. Antônio se afeiçoou a eles e gostava de sua maneira simples de viver.

Início

Comprometida com a promoção da justiça social, agroecologia e educação popular
